{"id":46,"date":"2014-09-17T16:53:45","date_gmt":"2014-09-17T16:53:45","guid":{"rendered":"http:\/\/agora.xtec.cat\/ies-eugeni-dors\/?page_id=46"},"modified":"2026-01-21T11:06:29","modified_gmt":"2026-01-21T10:06:29","slug":"organigrama","status":"publish","type":"page","link":"https:\/\/agora.xtec.cat\/ies-eugeni-dors\/linstitut\/organigrama\/","title":{"rendered":"Organigrama"},"content":{"rendered":"<p>C\u00c0RRECS:<\/p>\n<table style=\"height: 3284px; width: 104.479%;\">\n<tbody>\n<tr style=\"height: 33px;\">\n<td style=\"height: 33px; width: 49.8127%;\"><strong>C\u00c0RREC<\/strong><\/td>\n<td style=\"height: 33px; width: 48.6891%;\"><strong>PROFESSOR\/A<\/strong><\/td>\n<\/tr>\n<tr style=\"height: 33px;\">\n<td style=\"height: 33px; width: 49.8127%;\">Directora<\/td>\n<td style=\"height: 33px; width: 48.6891%;\">Cristina Steegmann<\/td>\n<\/tr>\n<tr style=\"height: 33px;\">\n<td style=\"height: 33px; width: 49.8127%;\">Cap d\u00b4Estudis<\/td>\n<td style=\"height: 33px; width: 48.6891%;\">Miquel Contreras<\/td>\n<\/tr>\n<tr style=\"height: 33px;\">\n<td style=\"height: 33px; width: 49.8127%;\">Coordinadora Pedag\u00f2gica<\/td>\n<td style=\"height: 33px; width: 48.6891%;\">Bego\u00f1a Hern\u00e1ndez<\/td>\n<\/tr>\n<tr style=\"height: 33px;\">\n<td style=\"height: 33px; width: 49.8127%;\">Secretaria<\/td>\n<td style=\"height: 33px; width: 48.6891%;\">Esperanza Mart\u00edn<\/td>\n<\/tr>\n<tr style=\"height: 33px;\">\n<td style=\"width: 49.8127%; height: 33px;\">Cap Estudis FP<\/td>\n<td style=\"width: 48.6891%; height: 33px;\">Manu Peinado<\/td>\n<\/tr>\n<tr style=\"height: 33px;\">\n<td style=\"height: 33px; width: 49.8127%;\">Cap Estudis Adjunt<\/td>\n<td style=\"height: 33px; width: 48.6891%;\">Isabel Celaya<\/td>\n<\/tr>\n<tr style=\"height: 33px;\">\n<td style=\"height: 33px; width: 49.8127%;\">Cap Dept Catal\u00e0<\/td>\n<td style=\"height: 33px; width: 48.6891%;\">Ferran Avi\u00e0<\/td>\n<\/tr>\n<tr style=\"height: 33px;\">\n<td style=\"height: 33px; width: 49.8127%;\">Cap Dept Castell\u00e0<\/td>\n<td style=\"height: 33px; width: 48.6891%;\">Noem\u00ed Mart\u00ednez<\/td>\n<\/tr>\n<tr style=\"height: 33px;\">\n<td style=\"height: 33px; width: 49.8127%;\">Cap Dept Angl\u00e8s<\/td>\n<td style=\"height: 33px; width: 48.6891%;\">Pilar Jim\u00e9nez<\/td>\n<\/tr>\n<tr style=\"height: 33px;\">\n<td style=\"height: 33px; width: 49.8127%;\">Cap Dept FiQ Natus<\/td>\n<td style=\"height: 33px; width: 48.6891%;\">Anna Arn\u00f3<\/td>\n<\/tr>\n<tr style=\"height: 33px;\">\n<td style=\"height: 33px; width: 49.8127%;\">Cap Dept Socials<\/td>\n<td style=\"height: 33px; width: 48.6891%;\">Andreu Coll<\/td>\n<\/tr>\n<tr style=\"height: 33px;\">\n<td style=\"height: 33px; width: 49.8127%;\">Cap Dept Mat<\/td>\n<td style=\"height: 33px; width: 48.6891%;\">Jezabel Goudinoff<\/td>\n<\/tr>\n<tr style=\"height: 33px;\">\n<td style=\"width: 49.8127%; height: 33px;\">Cap Dept VIP<\/td>\n<td style=\"width: 48.6891%; height: 33px;\">Josep Grimalt<\/td>\n<\/tr>\n<tr style=\"height: 33px;\">\n<td style=\"height: 33px; width: 49.8127%;\">Cap Dept M\u00fasica<\/td>\n<td style=\"height: 33px; width: 48.6891%;\">V\u00edctor Dom\u00ednguez<\/td>\n<\/tr>\n<tr style=\"height: 33px;\">\n<td style=\"height: 33px; width: 49.8127%;\">Cap Dept EF<\/td>\n<td style=\"height: 33px; width: 48.6891%;\">Miguel \u00c1ngel Fontecha<\/td>\n<\/tr>\n<tr style=\"height: 33px;\">\n<td style=\"height: 33px; width: 49.8127%;\">Cap Dept Psico<\/td>\n<td style=\"height: 33px; width: 48.6891%;\">Tom\u00e1s Rodr\u00edguez<\/td>\n<\/tr>\n<tr style=\"height: 33px;\">\n<td style=\"height: 33px; width: 49.8127%;\">Cap Dept. Tecno<\/td>\n<td style=\"height: 33px; width: 48.6891%;\">Anna Sampedro<\/td>\n<\/tr>\n<tr style=\"height: 33px;\">\n<td style=\"width: 49.8127%; height: 33px;\">Coord. ESO<\/td>\n<td style=\"width: 48.6891%; height: 33px;\">Inma Bueno<\/td>\n<\/tr>\n<tr style=\"height: 33px;\">\n<td style=\"width: 49.8127%; height: 33px;\">Coord. Digital<\/td>\n<td style=\"width: 48.6891%; height: 33px;\">David Mej\u00edas \/ \u00c8ric Fombuena<\/td>\n<\/tr>\n<tr style=\"height: 33px;\">\n<td style=\"width: 49.8127%; height: 33px;\">Coord. Conviv\u00e8ncia<\/td>\n<td style=\"width: 48.6891%; height: 33px;\">David Mej\u00edas<\/td>\n<\/tr>\n<tr style=\"height: 33px;\">\n<td style=\"width: 49.8127%; height: 33px;\">Coord. MUFPS<\/td>\n<td style=\"width: 48.6891%; height: 33px;\">Mart\u00ed Cort\u00e9s<\/td>\n<\/tr>\n<tr style=\"height: 33px;\">\n<td style=\"width: 49.8127%; height: 33px;\">Coord. ling\u00fc\u00edstic<\/td>\n<td style=\"width: 48.6891%; height: 33px;\">J\u00falia Yufera<\/td>\n<\/tr>\n<tr style=\"height: 33px;\">\n<td style=\"width: 49.8127%; height: 33px;\">Coord. riscos laborals<\/td>\n<td style=\"width: 48.6891%; height: 33px;\">Jos\u00e9 Lu\u00eds Castillo<\/td>\n<\/tr>\n<tr style=\"height: 33px;\">\n<td style=\"width: 49.8127%; height: 33px;\">Coord. Batxillerat<\/td>\n<td style=\"width: 48.6891%; height: 33px;\">Mart\u00ed Cort\u00e9s<\/td>\n<\/tr>\n<tr style=\"height: 33px;\">\n<td style=\"width: 49.8127%; height: 33px;\">Coord. Arts Esc\u00e8niques<\/td>\n<td style=\"width: 48.6891%; height: 33px;\">Berta Errando<\/td>\n<\/tr>\n<tr style=\"height: 33px;\">\n<td style=\"width: 49.8127%; height: 33px;\">Cap Dep. FOL<\/td>\n<td style=\"width: 48.6891%; height: 33px;\">Esperanza Mart\u00edn<\/td>\n<\/tr>\n<tr style=\"height: 33px;\">\n<td style=\"height: 33px; width: 49.8127%;\">Cap Dept Sanitat<\/td>\n<td style=\"height: 33px; width: 48.6891%;\">Thira S\u00e1nchez<\/td>\n<\/tr>\n<tr style=\"height: 33px;\">\n<td style=\"height: 33px; width: 49.8127%;\">Cap Seminari Sanitat<\/td>\n<td style=\"height: 33px; width: 48.6891%;\">Sandra Tall\u00f3n<\/td>\n<\/tr>\n<tr style=\"height: 33px;\">\n<td style=\"height: 33px; width: 49.8127%;\">Cap Dept Serveis<\/td>\n<td style=\"height: 33px; width: 48.6891%;\">Oscar Bou<\/td>\n<\/tr>\n<tr style=\"height: 33px;\">\n<td style=\"width: 49.8127%; height: 33px;\">Cap Dept. Arts<\/td>\n<td style=\"width: 48.6891%; height: 33px;\">Esther Luengo<\/td>\n<\/tr>\n<tr style=\"height: 33px;\">\n<td style=\"width: 49.8127%; height: 33px;\">Cap Seminari Serveis<\/td>\n<td style=\"width: 48.6891%; height: 33px;\">Laura Jordan<\/td>\n<\/tr>\n<tr style=\"height: 33px;\">\n<td style=\"height: 33px; width: 49.8127%;\"><strong>ESO I BATXILLERAT<\/strong><\/td>\n<td style=\"height: 33px; width: 48.6891%;\"><strong>PROFESSOR\/A<\/strong><\/td>\n<\/tr>\n<tr style=\"height: 33px;\">\n<td style=\"height: 33px; width: 49.8127%;\">Tutora 1r ESO A<\/td>\n<td style=\"height: 33px; width: 48.6891%;\">Ana Mart\u00ednez<\/td>\n<\/tr>\n<tr style=\"height: 33px;\">\n<td style=\"height: 33px; width: 49.8127%;\">Tutora 1r ESO B<\/td>\n<td style=\"height: 33px; width: 48.6891%;\">Lourdes Cardona<\/td>\n<\/tr>\n<tr style=\"height: 33px;\">\n<td style=\"height: 33px; width: 49.8127%;\">Tutora 1r ESOC<\/td>\n<td style=\"height: 33px; width: 48.6891%;\">Samanta Teruel<\/td>\n<\/tr>\n<tr style=\"height: 33px;\">\n<td style=\"height: 33px; width: 49.8127%;\">Tutora 2n ESO A<\/td>\n<td style=\"height: 33px; width: 48.6891%;\">Maria Carmen Lamua<\/td>\n<\/tr>\n<tr style=\"height: 33px;\">\n<td style=\"height: 33px; width: 49.8127%;\">Tutora 2n ESO B<\/td>\n<td style=\"height: 33px; width: 48.6891%;\">Ester Llaudet<\/td>\n<\/tr>\n<tr style=\"height: 32px;\">\n<td style=\"width: 49.8127%; height: 32px;\">Tutora 2n ESO C<\/td>\n<td style=\"height: 32px; width: 48.6891%;\">Laura Bol\u00edvar<\/td>\n<\/tr>\n<tr style=\"height: 33px;\">\n<td style=\"height: 33px; width: 49.8127%;\">Tutor 3r ESO A<\/td>\n<td style=\"height: 33px; width: 48.6891%;\">\u00c0lex Luque<\/td>\n<\/tr>\n<tr style=\"height: 33px;\">\n<td style=\"height: 33px; width: 49.8127%;\">Tutor 3r ESO B<\/td>\n<td style=\"height: 33px; width: 48.6891%;\">Carlos Garc\u00eda<\/td>\n<\/tr>\n<tr style=\"height: 33px;\">\n<td style=\"height: 33px; width: 49.8127%;\">Tutor 3r ESO C<\/td>\n<td style=\"height: 33px; width: 48.6891%;\">Tom\u00e1s Rodr\u00edguez<\/td>\n<\/tr>\n<tr style=\"height: 33px;\">\n<td style=\"height: 33px; width: 49.8127%;\">Tutor 4t ESO A<\/td>\n<td style=\"height: 33px; width: 48.6891%;\">Antonio Alcal\u00e0<\/td>\n<\/tr>\n<tr style=\"height: 33px;\">\n<td style=\"height: 33px; width: 49.8127%;\">Tutora 4t ESO B<\/td>\n<td style=\"height: 33px; width: 48.6891%;\">Maril\u00eds Rodr\u00edguez<\/td>\n<\/tr>\n<tr style=\"height: 33px;\">\n<td style=\"height: 33px; width: 49.8127%;\">Tutora 4t ESO C<\/td>\n<td style=\"width: 48.6891%; height: 33px;\">Elisenda Freixes<\/td>\n<\/tr>\n<tr style=\"height: 33px;\">\n<td style=\"width: 49.8127%; height: 33px;\">Tutora 4t ESO D<\/td>\n<td style=\"width: 48.6891%; height: 33px;\">Alba Ferrer<\/td>\n<\/tr>\n<tr style=\"height: 33px;\">\n<td style=\"height: 33px; width: 49.8127%;\">Tutora 1 Batx A &#8211; Ci\u00e8ncies i Tecnologia<\/td>\n<td style=\"height: 33px; width: 48.6891%;\">Stephanie Mascar\u00f3s<\/td>\n<\/tr>\n<tr style=\"height: 33px;\">\n<td style=\"height: 33px; width: 49.8127%;\">Tutora 1 Batx B &#8211; Humanitats i Ci\u00e8ncies Socials<\/td>\n<td style=\"height: 33px; width: 48.6891%;\">Ver\u00f3nica Antol\u00edn<\/td>\n<\/tr>\n<tr style=\"height: 33px;\">\n<td style=\"height: 33px; width: 49.8127%;\">Tutora 1 Batx C &#8211; Arts pl\u00e0stiques, Imatge i Disseny \/ Arts, m\u00fasica i arts esc\u00e8niques<\/td>\n<td style=\"height: 33px; width: 48.6891%;\">Vanessa Villanueva<\/td>\n<\/tr>\n<tr style=\"height: 32px;\">\n<td style=\"width: 49.8127%; height: 32px;\">Tutora 2n Batx A &#8211; Ci\u00e8ncies i Tecnologia i Arts, m\u00fasica i arts esc\u00e8niques<\/td>\n<td style=\"height: 32px; width: 48.6891%;\">Laura Flores<\/td>\n<\/tr>\n<tr style=\"height: 32px;\">\n<td style=\"width: 49.8127%; height: 32px;\">Tutora 2n Batx B &#8211; Humanitats i Ci\u00e8ncies Socials i Arts pl\u00e0stiques, Imatge i Disseny<\/td>\n<td style=\"height: 32px; width: 48.6891%;\">Mar Teixid\u00f3<\/td>\n<\/tr>\n<tr style=\"height: 33px;\">\n<td style=\"height: 33px; width: 49.8127%;\">Tutora ACO 1<\/td>\n<td style=\"height: 33px; width: 48.6891%;\">J\u00falia Y\u00fafera<\/td>\n<\/tr>\n<tr style=\"height: 33px;\">\n<td style=\"height: 33px; width: 49.8127%;\">Tutora ACO 2<\/td>\n<td style=\"height: 33px; width: 48.6891%;\">Susana Montoliu<\/td>\n<\/tr>\n<tr style=\"height: 33px;\">\n<td style=\"height: 33px; width: 49.8127%;\">Tutora ACO 3<\/td>\n<td style=\"height: 33px; width: 48.6891%;\">Clara Mir<\/td>\n<\/tr>\n<tr style=\"height: 32px;\">\n<td style=\"width: 49.8127%; height: 32px;\">Educadora<\/td>\n<td style=\"width: 48.6891%; height: 32px;\">Laura Ramos<\/td>\n<\/tr>\n<tr style=\"height: 33px;\">\n<td style=\"height: 33px; width: 49.8127%;\"><strong>CICLES FORMATIUS<\/strong><\/td>\n<td style=\"height: 33px; width: 48.6891%;\"><strong>PROFESSOR \/A<\/strong><\/td>\n<\/tr>\n<tr style=\"height: 48px;\">\n<td style=\"height: 48px; width: 49.8127%;\">TUTOR 1r FARM\u00c0CIA I PARAFARM\u00c0CIA<\/td>\n<td style=\"height: 48px; width: 48.6891%;\">ARTURO PLA<\/td>\n<\/tr>\n<tr style=\"height: 48px;\">\n<td style=\"height: 48px; width: 49.8127%;\">TUTOR 2n FARM\u00c0CIA I PARAFARM\u00c0CIA<\/td>\n<td style=\"height: 48px; width: 48.6891%;\">\u00d2SCAR RUIZ<\/td>\n<\/tr>\n<tr style=\"height: 48px;\">\n<td style=\"height: 48px; width: 49.8127%;\">TUTORA ESTADA EMPRESA FARM\u00c0CIA I PARAFARM\u00c0CIA<\/td>\n<td style=\"height: 48px; width: 48.6891%;\">THIRA S\u00c1NCHEZ<\/td>\n<\/tr>\n<tr style=\"height: 48px;\">\n<td style=\"height: 48px; width: 49.8127%;\">TUTORA 1r ATENCI\u00d3 PERSONES EN SITUACI\u00d3 DE DEPEND\u00c8NCIA (M)<\/td>\n<td style=\"height: 48px; width: 48.6891%;\">LAIA GUARDIOLA<\/td>\n<\/tr>\n<tr style=\"height: 48px;\">\n<td style=\"height: 48px; width: 49.8127%;\">TUTORA 2n ATENCI\u00d3 PERSONES EN SITUACI\u00d3 DE DEPEND\u00c8NCIA (M)<\/td>\n<td style=\"height: 48px; width: 48.6891%;\">PILAR DOMINGO<\/td>\n<\/tr>\n<tr style=\"height: 49px;\">\n<td style=\"width: 49.8127%; height: 49px;\">TUTORA ESTADA EMPRESA ATENCI\u00d3 PERSONES EN SITUACI\u00d3 DE DEPEND\u00c8NCIA<\/td>\n<td style=\"width: 48.6891%; height: 49px;\">PILAR DOMINGO<\/td>\n<\/tr>\n<tr style=\"height: 48px;\">\n<td style=\"height: 48px; width: 49.8127%;\">TUTORA 1r ATENCI\u00d3 PERSONES EN SITUACI\u00d3 DE DEPEND\u00c8NCIA (T)<\/td>\n<td style=\"height: 48px; width: 48.6891%;\">LAURA JORDAN<\/td>\n<\/tr>\n<tr style=\"height: 33px;\">\n<td style=\"width: 49.8127%; height: 33px;\">TUTORA 2n ATENCI\u00d3 PERSONES EN SITUACI\u00d3 DE DEPEND\u00c8NCIA (T)<\/td>\n<td style=\"width: 48.6891%; height: 33px;\">LOLA MORAL<\/td>\n<\/tr>\n<tr style=\"height: 33px;\">\n<td style=\"width: 49.8127%; height: 33px;\">TUTORA ESTADA EN EMPRESA ATENCI\u00d3 PERSONES EN SITUACI\u00d3 DE DEPEND\u00c8NCIA (T)<\/td>\n<td style=\"width: 48.6891%; height: 33px;\">LOLA MORAL<\/td>\n<\/tr>\n<tr style=\"height: 48px;\">\n<td style=\"height: 48px; width: 49.8127%;\">TUTORA 1r LABORATORI CL\u00cdNIC I BIOM\u00c8DIC<\/td>\n<td style=\"height: 48px; width: 48.6891%;\">GISELA ESQUERDA<\/td>\n<\/tr>\n<tr style=\"height: 48px;\">\n<td style=\"height: 48px; width: 49.8127%;\">TUTORA 2n LABORATORI CL\u00cdNIC I BIOM\u00c8DIC<\/td>\n<td style=\"height: 48px; width: 48.6891%;\">LORENA CASTRO<\/td>\n<\/tr>\n<tr style=\"height: 48px;\">\n<td style=\"height: 48px; width: 49.8127%;\">TUTORA ESTADA EN EMPRESA LABORATORI CL\u00cdNIC I BIOM\u00c8DIC<\/td>\n<td style=\"height: 48px; width: 48.6891%;\">LORENA CASTRO<\/td>\n<\/tr>\n<tr style=\"height: 48px;\">\n<td style=\"height: 48px; width: 49.8127%;\">TUTORA 1r DOCUMENTACI\u00d3 I ADMINISTRACI\u00d3 SANIT\u00c0RIES (T1)<\/td>\n<td style=\"height: 48px; width: 48.6891%;\">OLGA RODRIGO<\/td>\n<\/tr>\n<tr style=\"height: 48px;\">\n<td style=\"height: 48px; width: 49.8127%;\">TUTORA 2n DOCUMENTACI\u00d3 I ADMINISTRACI\u00d3 SANIT\u00c0RIES (T1)<\/td>\n<td style=\"height: 48px; width: 48.6891%;\">MAR\u00cdA GARC\u00cdA<\/td>\n<\/tr>\n<tr style=\"height: 48px;\">\n<td style=\"height: 48px; width: 49.8127%;\">TUTORA ESTADA EMPRESA DOCUMENTACI\u00d3 I ADMINISTRACI\u00d3 SANIT\u00c0RIES (T1)<\/td>\n<td style=\"height: 48px; width: 48.6891%;\">MAR\u00cdA GARC\u00cdA<\/td>\n<\/tr>\n<tr style=\"height: 48px;\">\n<td style=\"height: 48px; width: 49.8127%;\">TUTOR 1r DOCUMENTACI\u00d3 I ADMINISTRACI\u00d3 SANIT\u00c0RIES (T2)<\/td>\n<td style=\"height: 48px; width: 48.6891%;\">JOAN GARC\u00cdA<\/td>\n<\/tr>\n<tr style=\"height: 33px;\">\n<td style=\"width: 49.8127%; height: 33px;\">TUTOR 2n DOCUMENTACI\u00d3 I ADMINISTRACI\u00d3 SANIT\u00c0RIES\u00a0 (T2)<\/td>\n<td style=\"width: 48.6891%; height: 33px;\">CARLES BELENES<\/td>\n<\/tr>\n<tr style=\"height: 33px;\">\n<td style=\"width: 49.8127%; height: 33px;\">TUTOR ESTADA EMPRESA DOCUMENTACI\u00d3 I ADMINISTRACI\u00d3 SANIT\u00c0RIES (T2)<\/td>\n<td style=\"width: 48.6891%; height: 33px;\">CARLES BELENES<\/td>\n<\/tr>\n<tr style=\"height: 48px;\">\n<td style=\"height: 48px; width: 49.8127%;\">TUTORA CURES AUXILIAR D\u2019INFERMERIA (MAT\u00cd)<\/td>\n<td style=\"height: 48px; width: 48.6891%;\">OLGA PRADAS<\/td>\n<\/tr>\n<tr style=\"height: 48px;\">\n<td style=\"height: 48px; width: 49.8127%;\">TUTORA ESTADA EMPRESA CURES AUXILIAR D\u2019INFERMERIA (MAT\u00cd)<\/td>\n<td style=\"height: 48px; width: 48.6891%;\">OLGA PRADAS<\/td>\n<\/tr>\n<tr style=\"height: 48px;\">\n<td style=\"height: 48px; width: 49.8127%;\">TUTORA CURES AUXILIAR D\u2019INFERMERIA (T1)<\/td>\n<td style=\"height: 48px; width: 48.6891%;\">NANI IB\u00c1\u00d1EZ<\/td>\n<\/tr>\n<tr style=\"height: 48px;\">\n<td style=\"height: 48px; width: 49.8127%;\">TUTORA ESTADA EMPRESA CURES AUXILIAR D\u2019INFERMERIA (T1)<\/td>\n<td style=\"height: 48px; width: 48.6891%;\">NANI IB\u00c1\u00d1EZ<\/td>\n<\/tr>\n<tr style=\"height: 48px;\">\n<td style=\"height: 48px; width: 49.8127%;\">TUTORA CURES AUXILIAR D\u2019INFERMERIA (T2)<\/td>\n<td style=\"height: 48px; width: 48.6891%;\">ROSA MAS\u00d3<\/td>\n<\/tr>\n<tr style=\"height: 33px;\">\n<td style=\"width: 49.8127%; height: 33px;\">TUTORA ESTADA EMPRESA CURES AUXILIAR D\u2019INFERMERIA (T2)<\/td>\n<td style=\"width: 48.6891%; height: 33px;\">ROSA MAS\u00d3<\/td>\n<\/tr>\n<tr style=\"height: 33px;\">\n<td style=\"height: 33px; width: 49.8127%;\">TUTORA 1r INTEGRACI\u00d3 SOCIAL<\/td>\n<td style=\"height: 33px; width: 48.6891%;\">ANNA GINER<\/td>\n<\/tr>\n<tr style=\"height: 33px;\">\n<td style=\"height: 33px; width: 49.8127%;\">TUTORA 2n INTEGRACI\u00d3 SOCIAL<\/td>\n<td style=\"height: 33px; width: 48.6891%;\">MARGA MARCO<\/td>\n<\/tr>\n<tr style=\"height: 33px;\">\n<td style=\"height: 33px; width: 49.8127%;\">TUTORA ESTADA EMPRESA INTEGRACI\u00d3 SOCIAL<\/td>\n<td style=\"height: 33px; width: 48.6891%;\">MARGA MARCO<\/td>\n<\/tr>\n<tr style=\"height: 33px;\">\n<td style=\"width: 49.8127%; height: 33px;\">TUTORA 1r EDUCACI\u00d3 INFANTIL<\/td>\n<td style=\"width: 48.6891%; height: 33px;\">ANNA \u00c1LVAREZ<\/td>\n<\/tr>\n<tr style=\"height: 33px;\">\n<td style=\"width: 49.8127%; height: 33px;\">TUTORA 2n EDUCACI\u00d3 INFANTIL<\/td>\n<td style=\"width: 48.6891%; height: 33px;\">IRIS TABERNERO<\/td>\n<\/tr>\n<tr style=\"height: 33px;\">\n<td style=\"width: 49.8127%; height: 33px;\">TUTORA ESTADA EN EMPRESA EDUCACI\u00d3 INFANTIL<\/td>\n<td style=\"width: 48.6891%; height: 33px;\">IRIS TABERNERO<\/td>\n<\/tr>\n<tr style=\"height: 33px;\">\n<td style=\"width: 49.8127%; height: 33px;\">TUTORA 1r T\u00c8CNIQUES ACTUACI\u00d3 TEATRAL<\/td>\n<td style=\"width: 48.6891%; height: 33px;\">X\u00c8NIA REGUANT<\/td>\n<\/tr>\n<tr style=\"height: 33px;\">\n<td style=\"width: 49.8127%; height: 33px;\">TUTORA 2n T\u00c8CNIQUES ACTUACI\u00d3 TEATRAL<\/td>\n<td style=\"width: 48.6891%; height: 33px;\">ESTHER LUENGO<\/td>\n<\/tr>\n<tr style=\"height: 33px;\">\n<td style=\"width: 49.8127%; height: 33px;\">TUTORA ESTADA EMPRESA T\u00c8CNIQUES ACTUACI\u00d3 TEATRAL<\/td>\n<td style=\"width: 48.6891%; height: 33px;\">ESTHER LUENGO<\/td>\n<\/tr>\n<tr>\n<td style=\"width: 49.8127%;\">TUTORA 1R SERVEIS EN RESTAURACI\u00d3<\/td>\n<td style=\"width: 48.6891%;\">MARTA CULEBRAS<\/td>\n<\/tr>\n<\/tbody>\n<\/table>\n<p>&nbsp;<\/p>\n","protected":false},"excerpt":{"rendered":"<p>C\u00c0RRECS:<\/p>\n<p>C\u00c0RREC<br \/>\nPROFESSOR\/A<\/p>\n<p>Directora<br \/>\nCristina Steegmann<\/p>\n<p>Cap d\u00b4Estudis<br \/>\nMiquel Contreras<\/p>\n<p>Coordinadora Pedag\u00f2gica<br \/>\nBego\u00f1a Hern\u00e1ndez<\/p>\n<p>Secretaria<br \/>\nEsperanza Mart\u00edn<\/p>\n<p>Cap Estudis FP<br \/>\nManu Peinado<\/p>\n<p>Cap Estudis Adjunt<br \/>\nIsabel Celaya<\/p>\n<p>Cap Dept Catal\u00e0<br \/>\nFerran Avi\u00e0<\/p>\n<p>Cap Dept Castell\u00e0<br \/>\nNoem\u00ed Mart\u00ednez<\/p>\n<p>Cap Dept Angl\u00e8s<br \/>\nPilar Jim\u00e9nez<\/p>\n<p>Cap Dept FiQ Natus<br \/>\nAnna Arn\u00f3<\/p>\n<p>Cap Dept Socials<br \/>\nAndreu Coll<\/p>\n<p>Cap Dept Mat<br \/>\nJezabel Goudinoff<\/p>\n<p>Cap Dept VIP<br \/>\nJosep Grimalt<\/p>\n<p>Cap Dept M\u00fasica<br \/>\nV\u00edctor Dom\u00ednguez<\/p>\n<p>Cap Dept EF<br \/>\nMiguel \u00c1ngel Fontecha<\/p>\n<p>Cap Dept Psico<br \/>\nTom\u00e1s Rodr\u00edguez<\/p>\n<p>Cap&hellip;  <a href=\"https:\/\/agora.xtec.cat\/ies-eugeni-dors\/linstitut\/organigrama\/\" title=\"Read Organigrama\">Llegeix m\u00e9s\u00bb<\/a><\/p>\n","protected":false},"author":1,"featured_media":0,"parent":19,"menu_order":50,"comment_status":"closed","ping_status":"closed","template":"page-templates\/side-menu.php","meta":{"_bbp_topic_count":0,"_bbp_reply_count":0,"_bbp_total_topic_count":0,"_bbp_total_reply_count":0,"_bbp_voice_count":0,"_bbp_anonymous_reply_count":0,"_bbp_topic_count_hidden":0,"_bbp_reply_count_hidden":0,"_bbp_forum_subforum_count":0,"footnotes":""},"class_list":["post-46","page","type-page","status-publish","hentry"],"post_mailing_queue_ids":[],"_links":{"self":[{"href":"https:\/\/agora.xtec.cat\/ies-eugeni-dors\/wp-json\/wp\/v2\/pages\/46","targetHints":{"allow":["GET"]}}],"collection":[{"href":"https:\/\/agora.xtec.cat\/ies-eugeni-dors\/wp-json\/wp\/v2\/pages"}],"about":[{"href":"https:\/\/agora.xtec.cat\/ies-eugeni-dors\/wp-json\/wp\/v2\/types\/page"}],"author":[{"embeddable":true,"href":"https:\/\/agora.xtec.cat\/ies-eugeni-dors\/wp-json\/wp\/v2\/users\/1"}],"replies":[{"embeddable":true,"href":"https:\/\/agora.xtec.cat\/ies-eugeni-dors\/wp-json\/wp\/v2\/comments?post=46"}],"version-history":[{"count":6,"href":"https:\/\/agora.xtec.cat\/ies-eugeni-dors\/wp-json\/wp\/v2\/pages\/46\/revisions"}],"predecessor-version":[{"id":2773,"href":"https:\/\/agora.xtec.cat\/ies-eugeni-dors\/wp-json\/wp\/v2\/pages\/46\/revisions\/2773"}],"up":[{"embeddable":true,"href":"https:\/\/agora.xtec.cat\/ies-eugeni-dors\/wp-json\/wp\/v2\/pages\/19"}],"wp:attachment":[{"href":"https:\/\/agora.xtec.cat\/ies-eugeni-dors\/wp-json\/wp\/v2\/media?parent=46"}],"curies":[{"name":"wp","href":"https:\/\/api.w.org\/{rel}","templated":true}]}}