{"id":2054,"date":"2022-03-17T12:58:50","date_gmt":"2022-03-17T11:58:50","guid":{"rendered":"https:\/\/agora.xtec.cat\/ies-eugeni-dors\/?page_id=2054"},"modified":"2023-02-14T10:57:10","modified_gmt":"2023-02-14T09:57:10","slug":"programes-de-formacio-i-insercio-pfi-auxiliar-dhoteleria-cuina-i-serveis-de-restauracio","status":"publish","type":"page","link":"https:\/\/agora.xtec.cat\/ies-eugeni-dors\/programes-de-formacio-i-insercio-pfi-auxiliar-dhoteleria-cuina-i-serveis-de-restauracio\/","title":{"rendered":"PROGRAMES DE FORMACI\u00d3 I INSERCI\u00d3 (PFI)"},"content":{"rendered":"<p>Els programes de formaci\u00f3 i inserci\u00f3 (PFI) s\u00f3n el primer nivell de qualificaci\u00f3 dins dels estudis de formaci\u00f3 professional i s&#8217;adscriuen a diferents fam\u00edlies professionals.<\/p>\n<p>Els PFI s&#8217;adrecen a joves d&#8217;entre 16 i 21 anys que no han finalitzat l&#8217;educaci\u00f3 secund\u00e0ria obligat\u00f2ria. S\u00f3n estudis voluntaris i la seva durada \u00e9s d&#8217;un curs acad\u00e8mic (1.000 hores).<\/p>\n<p>Els i les alumnes de PFI reben un acompanyament i una tutoritzaci\u00f3 essencial per a l&#8217;assoliment dels objectius del programa. Els aprenentatges s\u00f3n vivencials i vinculats amb l&#8217;entorn proper, i inclouen pr\u00e0ctiques en empresa; s&#8217;apr\u00e8n fent, utilitzant metodologies actives i globals.<\/p>\n<p>Amb els PFI, d&#8217;una banda, es facilita la continu\u00eftat formativa dins de la formaci\u00f3 professional i, de l&#8217;altra, l&#8217;aprenentatge de les compet\u00e8ncies transversals i professionals necess\u00e0ries per al m\u00f3n del treball.<\/p>\n<p><strong>Qu\u00e8 s&#8217;estudia?<\/strong><\/p>\n<p>Aquests estudis capaciten per dur a terme operacions b\u00e0siques de preparaci\u00f3 i conservaci\u00f3 d&#8217;elaboracions culin\u00e0ries senzilles, aix\u00ed com les operacions de preparaci\u00f3 i presentaci\u00f3 d&#8217;aliments i begudes en establiments de restauraci\u00f3, assistint en els processos de servei i atenci\u00f3 al client. Tenen una durada total de 1.000 hores, un curs acad\u00e8mic.<\/p>\n<p><strong>De qu\u00e8 pots treballar?<\/strong><\/p>\n<p>La superaci\u00f3 d&#8217;aquest programa de formaci\u00f3 i inserci\u00f3 (PFI) comporta:<\/p>\n<ul>\n<li>Certificaci\u00f3 acad\u00e8mica i professional que cont\u00e9 la qualificaci\u00f3 final obtinguda en el programa de formaci\u00f3 i inserci\u00f3 (PFI)\u00a0i acredita les compet\u00e8ncies professionals assolides.<\/li>\n<li>Reconeixement dels m\u00f2duls professionals superats en el programa de formaci\u00f3 i inserci\u00f3 (PFI) per a l&#8217;obtenci\u00f3 del t\u00edtol professional b\u00e0sic associat al perfil.<\/li>\n<li>Obtenci\u00f3 del certificat de professionalitat HOTR0208 Operacions b\u00e0siques de restaurant i bar, que emet l&#8217;Administraci\u00f3 laboral (S&#8217;ha de demanar al SOC)<\/li>\n<li>Acc\u00e9s als centres de formaci\u00f3 d&#8217;adults per obtenir el GESO, sense complir el requisit de tenir 18 anys.<\/li>\n<li>Acc\u00e9s a cicles formatius de grau mig<\/li>\n<\/ul>\n","protected":false},"excerpt":{"rendered":"<p>Els programes de formaci\u00f3 i inserci\u00f3 (PFI) s\u00f3n el primer nivell de qualificaci\u00f3 dins dels estudis de formaci\u00f3 professional i s&#8217;adscriuen a diferents fam\u00edlies professionals.<br \/>\nEls PFI s&#8217;adrecen a joves d&#8217;entre 16 i 21 anys que no han finalitzat l&#8217;educaci\u00f3 secund\u00e0ria obligat\u00f2ria. S\u00f3n estudis voluntaris i&hellip;  <a href=\"https:\/\/agora.xtec.cat\/ies-eugeni-dors\/programes-de-formacio-i-insercio-pfi-auxiliar-dhoteleria-cuina-i-serveis-de-restauracio\/\" title=\"Read PROGRAMES DE FORMACI\u00d3 I INSERCI\u00d3 (PFI)\">Llegeix m\u00e9s\u00bb<\/a><\/p>\n","protected":false},"author":3,"featured_media":0,"parent":0,"menu_order":0,"comment_status":"closed","ping_status":"closed","template":"","meta":{"_bbp_topic_count":0,"_bbp_reply_count":0,"_bbp_total_topic_count":0,"_bbp_total_reply_count":0,"_bbp_voice_count":0,"_bbp_anonymous_reply_count":0,"_bbp_topic_count_hidden":0,"_bbp_reply_count_hidden":0,"_bbp_forum_subforum_count":0,"footnotes":""},"class_list":["post-2054","page","type-page","status-publish","hentry"],"post_mailing_queue_ids":[],"_links":{"self":[{"href":"https:\/\/agora.xtec.cat\/ies-eugeni-dors\/wp-json\/wp\/v2\/pages\/2054","targetHints":{"allow":["GET"]}}],"collection":[{"href":"https:\/\/agora.xtec.cat\/ies-eugeni-dors\/wp-json\/wp\/v2\/pages"}],"about":[{"href":"https:\/\/agora.xtec.cat\/ies-eugeni-dors\/wp-json\/wp\/v2\/types\/page"}],"author":[{"embeddable":true,"href":"https:\/\/agora.xtec.cat\/ies-eugeni-dors\/wp-json\/wp\/v2\/users\/3"}],"replies":[{"embeddable":true,"href":"https:\/\/agora.xtec.cat\/ies-eugeni-dors\/wp-json\/wp\/v2\/comments?post=2054"}],"version-history":[{"count":3,"href":"https:\/\/agora.xtec.cat\/ies-eugeni-dors\/wp-json\/wp\/v2\/pages\/2054\/revisions"}],"predecessor-version":[{"id":2273,"href":"https:\/\/agora.xtec.cat\/ies-eugeni-dors\/wp-json\/wp\/v2\/pages\/2054\/revisions\/2273"}],"wp:attachment":[{"href":"https:\/\/agora.xtec.cat\/ies-eugeni-dors\/wp-json\/wp\/v2\/media?parent=2054"}],"curies":[{"name":"wp","href":"https:\/\/api.w.org\/{rel}","templated":true}]}}

PROGRAMES DE FORMACIÓ I INSERCIÓ (PFI)

<p>Els programes de formació i inserció (PFI) són el primer nivell de qualificació dins dels estudis de formació professional i s&#8217;adscriuen a diferents famílies professionals.</p>
<p>Els PFI s&#8217;adrecen a joves d&#8217;entre 16 i 21 anys que no han finalitzat l&#8217;educació secundària obligatòria. Són estudis voluntaris i la seva durada és d&#8217;un curs acadèmic (1.000 hores).</p>
<p>Els i les alumnes de PFI reben un acompanyament i una tutorització essencial per a l&#8217;assoliment dels objectius del programa. Els aprenentatges són vivencials i vinculats amb l&#8217;entorn proper, i inclouen pràctiques en empresa; s&#8217;aprèn fent, utilitzant metodologies actives i globals.</p>
<p>Amb els PFI, d&#8217;una banda, es facilita la continuïtat formativa dins de la formació professional i, de l&#8217;altra, l&#8217;aprenentatge de les competències transversals i professionals necessàries per al món del treball.</p>
<p><strong>Què s&#8217;estudia?</strong></p>
<p>Aquests estudis capaciten per dur a terme operacions bàsiques de preparació i conservació d&#8217;elaboracions culinàries senzilles, així com les operacions de preparació i presentació d&#8217;aliments i begudes en establiments de restauració, assistint en els processos de servei i atenció al client. Tenen una durada total de 1.000 hores, un curs acadèmic.</p>
<p><strong>De què pots treballar?</strong></p>
<p>La superació d&#8217;aquest programa de formació i inserció (PFI) comporta:</p>
<ul>
<li>Certificació acadèmica i professional que conté la qualificació final obtinguda en el programa de formació i inserció (PFI) i acredita les competències professionals assolides.</li>
<li>Reconeixement dels mòduls professionals superats en el programa de formació i inserció (PFI) per a l&#8217;obtenció del títol professional bàsic associat al perfil.</li>
<li>Obtenció del certificat de professionalitat HOTR0208 Operacions bàsiques de restaurant i bar, que emet l&#8217;Administració laboral (S&#8217;ha de demanar al SOC)</li>
<li>Accés als centres de formació d&#8217;adults per obtenir el GESO, sense complir el requisit de tenir 18 anys.</li>
<li>Accés a cicles formatius de grau mig</li>
</ul>

<p>Els programes de formació i inserció (PFI) són el primer nivell de qualificació dins dels estudis de formació professional i s&#8217;adscriuen a diferents famílies professionals.<br />
Els PFI s&#8217;adrecen a joves d&#8217;entre 16 i 21 anys que no han finalitzat l&#8217;educació secundària obligatòria. Són estudis voluntaris i&hellip;  <a href="https://agora.xtec.cat/ies-eugeni-dors/programes-de-formacio-i-insercio-pfi-auxiliar-dhoteleria-cuina-i-serveis-de-restauracio/" title="Read PROGRAMES DE FORMACIÓ I INSERCIÓ (PFI)">Llegeix més»</a></p>
