{"id":65,"date":"2014-09-18T10:12:22","date_gmt":"2014-09-18T10:12:22","guid":{"rendered":"http:\/\/agora.xtec.cat\/ies-euclides\/?page_id=65"},"modified":"2018-12-10T19:09:06","modified_gmt":"2018-12-10T18:09:06","slug":"serveis-digitals","status":"publish","type":"page","link":"https:\/\/agora.xtec.cat\/ies-euclides\/serveis-digitals\/","title":{"rendered":"Serveis digitals"},"content":{"rendered":"<p style=\"color: #444444;\">L\u2019oferta de\u00a0<strong>serveis\u00a0digitals<\/strong>\u00a0\u00e9s la seg\u00fcent:<\/p>\n<ul>\n<li style=\"color: #444444;\"><strong>Aula virtual<\/strong>. El centre disposa d&#8217;un aula virtual dins un entorn\u00a0Moodle. Cont\u00e9 una s\u00e8rie de cursos (\u00a0un curs \u00e9s un conjunt de recursos (informacions), activitats i usuaris amb un rol determinat (professor\/a, estudiant, administrador\/a)). El curs, per tant, est\u00e0 organitzat com una aula, a on els estudiants troben informaci\u00f3 i exercicis relacionats amb aquesta informaci\u00f3 i els professors disposen d&#8217;eines per avaluar els coneixements dels alumnes. Els alumnes poden accedir-hi a la seg\u00fcent adre\u00e7a web:<\/li>\n<\/ul>\n<p><a href=\"https:\/\/agora.xtec.cat\/ies-euclides\/moodle\/\">https:\/\/agora.xtec.cat\/ies-euclides\/moodle\/<\/a><\/p>\n<ul>\n<li style=\"color: #444444;\"><strong>Ieducaci\u00f3<\/strong>.\u00a0<strong style=\"font-family: inherit; font-size: 1em; line-height: 1.6;\">iEducaci\u00f3<\/strong><span style=\"font-family: inherit; font-size: 1em; line-height: 1.6;\"> \u00e9s l\u2019aplicaci\u00f3 de gesti\u00f3 de l&#8217;Euclides,\u00a0que permet unir totes les persones que formen els centres (alumnes, professors, PAS, AMPA, pares \u2026). P<\/span>ermet a les persones del centre i els pares rebre\u00a0informaci\u00f3 sobre els alumnes \/ fills. Les dades introdu\u00efdes en iEducaci\u00f3 seran accessibles per a tots els usuaris que\u00a0estiguin inscrits.<\/li>\n<\/ul>\n<p><a href=\"https:\/\/inseuclides.ieduca.com\/\" target=\"_blank\" rel=\"noopener\">https:\/\/inseuclides.ieduca.com\/<\/a><\/p>\n<p style=\"color: #444444;\">\n","protected":false},"excerpt":{"rendered":"<p>L\u2019oferta de\u00a0serveis\u00a0digitals\u00a0\u00e9s la seg\u00fcent:<\/p>\n<ul>\n<li style=\"color: #444444;\">Aula virtual. El centre disposa d&#8217;un aula virtual dins un entorn\u00a0Moodle. Cont\u00e9 una s\u00e8rie de cursos (\u00a0un curs \u00e9s un conjunt de recursos (informacions), activitats i usuaris amb un rol determinat (professor\/a, estudiant, administrador\/a)). El curs, per tant, est\u00e0 organitzat&hellip;  <a href=\"https:\/\/agora.xtec.cat\/ies-euclides\/serveis-digitals\/\" title=\"Read Serveis digitals\">Llegeix m\u00e9s\u00bb<\/a><br \/>\n","protected":false},"author":1,"featured_media":0,"parent":0,"menu_order":10,"comment_status":"closed","ping_status":"closed","template":"page-templates\/side-menu.php","meta":{"_bbp_topic_count":0,"_bbp_reply_count":0,"_bbp_total_topic_count":0,"_bbp_total_reply_count":0,"_bbp_voice_count":0,"_bbp_anonymous_reply_count":0,"_bbp_topic_count_hidden":0,"_bbp_reply_count_hidden":0,"_bbp_forum_subforum_count":0,"footnotes":""},"class_list":["post-65","page","type-page","status-publish","hentry"],"post_mailing_queue_ids":[],"_links":{"self":[{"href":"https:\/\/agora.xtec.cat\/ies-euclides\/wp-json\/wp\/v2\/pages\/65","targetHints":{"allow":["GET"]}}],"collection":[{"href":"https:\/\/agora.xtec.cat\/ies-euclides\/wp-json\/wp\/v2\/pages"}],"about":[{"href":"https:\/\/agora.xtec.cat\/ies-euclides\/wp-json\/wp\/v2\/types\/page"}],"author":[{"embeddable":true,"href":"https:\/\/agora.xtec.cat\/ies-euclides\/wp-json\/wp\/v2\/users\/1"}],"replies":[{"embeddable":true,"href":"https:\/\/agora.xtec.cat\/ies-euclides\/wp-json\/wp\/v2\/comments?post=65"}],"version-history":[{"count":3,"href":"https:\/\/agora.xtec.cat\/ies-euclides\/wp-json\/wp\/v2\/pages\/65\/revisions"}],"predecessor-version":[{"id":2159,"href":"https:\/\/agora.xtec.cat\/ies-euclides\/wp-json\/wp\/v2\/pages\/65\/revisions\/2159"}],"wp:attachment":[{"href":"https:\/\/agora.xtec.cat\/ies-euclides\/wp-json\/wp\/v2\/media?parent=65"}],"curies":[{"name":"wp","href":"https:\/\/api.w.org\/{rel}","templated":true}]}}