{"id":195,"date":"2014-09-22T10:39:39","date_gmt":"2014-09-22T10:39:39","guid":{"rendered":"http:\/\/agora.xtec.cat\/ies-euclides\/?page_id=195"},"modified":"2019-12-12T14:14:24","modified_gmt":"2019-12-12T13:14:24","slug":"estudis","status":"publish","type":"page","link":"https:\/\/agora.xtec.cat\/ies-euclides\/estudis\/","title":{"rendered":"Estudis"},"content":{"rendered":"<p>En aquesta p\u00e0gina trobareu informaci\u00f3 dels diferents estudis que es realitzen al nostre centre: llibres de text, lectures, pla d&#8217;estudis, treballs de s\u00edntesi, etc.<\/p>\n<div class=\"entry-content\" style=\"color: #444444;\">\n<h1><a name=\"_Toc492717111\"><\/a>DISSENY CURRICULAR DE L\u2019ESO. CURS 2019-2020 (distribuci\u00f3 hor\u00e0ria)<\/h1>\n<p>&nbsp;<\/p>\n<p>&nbsp;<\/p>\n<p>&nbsp;<\/p>\n<table width=\"100%\">\n<tbody>\n<tr>\n<td width=\"41%\">&nbsp;<\/p>\n<p>&nbsp;<\/p>\n<p>&nbsp;<\/td>\n<td width=\"14%\">1rCURS<\/p>\n<p>(nombre d\u2019hores)<\/td>\n<td width=\"14%\">2nCURS<\/p>\n<p>(nombre d\u2019hores)<\/td>\n<td width=\"14%\">3rCURS<\/p>\n<p>(nombre d\u2019hores)<\/td>\n<td width=\"14%\">4tCURS<\/p>\n<p>(nombre d\u2019hores)<\/td>\n<\/tr>\n<tr>\n<td width=\"41%\">Llengua catalanai Literatura<\/td>\n<td width=\"14%\">4<\/td>\n<td width=\"14%\">3<\/td>\n<td width=\"14%\">3<\/td>\n<td width=\"14%\">3 (4 hores a 4A i 4D)<\/td>\n<\/tr>\n<tr>\n<td width=\"41%\">Llengua castellana i Literatura<\/td>\n<td width=\"14%\">3<\/td>\n<td width=\"14%\">3<\/td>\n<td width=\"14%\">3<\/td>\n<td width=\"14%\">3<\/td>\n<\/tr>\n<tr>\n<td width=\"41%\">Llengua estrangera (Angl\u00e8s)<\/td>\n<td width=\"14%\">3<\/td>\n<td width=\"14%\">4<\/td>\n<td width=\"14%\">3<\/td>\n<td width=\"14%\">4 (3h a 4tA)<\/td>\n<\/tr>\n<tr>\n<td width=\"41%\">Matem\u00e0tiques<\/td>\n<td width=\"14%\">4<\/td>\n<td width=\"14%\">4<\/td>\n<td width=\"14%\">4<\/td>\n<td width=\"14%\">4<\/td>\n<\/tr>\n<tr>\n<td width=\"41%\">Ci\u00e8ncies Socials, Geografia i Hist\u00f2ria<\/td>\n<td width=\"14%\">3<\/td>\n<td width=\"14%\">3<\/td>\n<td width=\"14%\">3<\/td>\n<td width=\"14%\">3<\/td>\n<\/tr>\n<tr>\n<td width=\"41%\">Ci\u00e8ncies de la Naturalesa: Biologia i Geologia<\/td>\n<td width=\"14%\">3<\/td>\n<td width=\"14%\"><\/td>\n<td width=\"14%\">2<\/td>\n<td width=\"14%\">&nbsp;<\/td>\n<\/tr>\n<tr>\n<td width=\"41%\">Ci\u00e8ncies de la Naturalesa: F\u00edsica i Qu\u00edmica<\/td>\n<td width=\"14%\"><\/td>\n<td width=\"14%\">3<\/td>\n<td width=\"14%\">2<\/td>\n<td width=\"14%\">&nbsp;<\/td>\n<\/tr>\n<tr>\n<td width=\"41%\">Tecnologia<\/td>\n<td width=\"14%\">2<\/td>\n<td width=\"14%\">2<\/td>\n<td width=\"14%\">2<\/td>\n<td width=\"14%\">&nbsp;<\/td>\n<\/tr>\n<tr>\n<td width=\"41%\">Educaci\u00f3 F\u00edsica<\/td>\n<td width=\"14%\">2<\/td>\n<td width=\"14%\">2<\/td>\n<td width=\"14%\">2<\/td>\n<td width=\"14%\">2<\/td>\n<\/tr>\n<tr>\n<td width=\"41%\">Educaci\u00f3 pl\u00e0stica, visual i audiovisual<\/td>\n<td width=\"14%\">2<\/td>\n<td width=\"14%\">2<\/td>\n<td width=\"14%\"><\/td>\n<td width=\"14%\">&nbsp;<\/td>\n<\/tr>\n<tr>\n<td width=\"41%\">M\u00fasica<\/td>\n<td width=\"14%\">2<\/td>\n<td width=\"14%\">&nbsp;<\/td>\n<td width=\"14%\">2<\/td>\n<td width=\"14%\">&nbsp;<\/td>\n<\/tr>\n<tr>\n<td width=\"41%\">Religi\u00f3 \/ Cultura i valors \u00e8tics<\/td>\n<td width=\"14%\">1<\/td>\n<td width=\"14%\">1<\/td>\n<td width=\"14%\">1<\/td>\n<td width=\"14%\">1<\/td>\n<\/tr>\n<tr>\n<td width=\"41%\">Optatives<\/td>\n<td width=\"14%\">&nbsp;<\/td>\n<td width=\"14%\">2<\/td>\n<td width=\"14%\">2<\/td>\n<td width=\"14%\">9<sup>1<\/sup><\/td>\n<\/tr>\n<tr>\n<td width=\"41%\">TUTORIA<\/td>\n<td width=\"14%\">1<\/td>\n<td width=\"14%\">1<\/td>\n<td width=\"14%\">1<\/td>\n<td width=\"14%\">1<\/td>\n<\/tr>\n<tr>\n<td width=\"41%\">Servei Comunitari<\/td>\n<td width=\"14%\"><\/td>\n<td width=\"14%\"><\/td>\n<td width=\"14%\">(1)<\/td>\n<td width=\"14%\">(1)<\/td>\n<\/tr>\n<tr>\n<td width=\"41%\">Treball de s\u00edntesi\/Projecte de Recerca<\/td>\n<td width=\"14%\">(1)<\/td>\n<td width=\"14%\">(1)<\/td>\n<td width=\"14%\">(1)<\/td>\n<td width=\"14%\">(1)<\/td>\n<\/tr>\n<tr>\n<td width=\"41%\">TotalHores \/ Setmana<\/td>\n<td width=\"14%\">30<\/td>\n<td width=\"14%\">30<\/td>\n<td width=\"14%\">30<\/td>\n<td width=\"14%\">30<\/td>\n<\/tr>\n<\/tbody>\n<\/table>\n<p><sup>1<\/sup>A 4t d\u2019ESO l\u2019alumnat haur\u00e0 de cursar tres mat\u00e8ries optatives d\u2019entre les seg\u00fcents: Biologia i geologia, Educaci\u00f3 visual i pl\u00e0stica, F\u00edsica i qu\u00edmica, Inform\u00e0tica, Llat\u00ed, Filosofia, M\u00fasica, Alemany, Tecnologia, Emprenedoria i Ci\u00e8ncies aplicades. A aquest efecte, el nostre centre orienta l\u2019alumnat en la tria que es fa a finals de 3r d\u2019ESO.<\/p>\n<\/div>\n","protected":false},"excerpt":{"rendered":"<p>En aquesta p\u00e0gina trobareu informaci\u00f3 dels diferents estudis que es realitzen al nostre centre: llibres de text, lectures, pla d&#8217;estudis, treballs de s\u00edntesi, etc.<\/p>\n<p><a name=\"_Toc492717111\"><\/a>DISSENY CURRICULAR DE L\u2019ESO. CURS 2019-2020 (distribuci\u00f3 hor\u00e0ria)<br \/>\n&nbsp;<br \/>\n&nbsp;<br \/>\n&nbsp;<\/p>\n<p>&nbsp;<br \/>\n&nbsp;<br \/>\n&nbsp;<br \/>\n1rCURS<br \/>\n(nombre d\u2019hores)<br \/>\n2nCURS<br \/>\n(nombre d\u2019hores)<br \/>\n3rCURS<br \/>\n(nombre d\u2019hores)<br \/>\n4tCURS<br \/>\n(nombre d\u2019hores)<\/p>\n<p>Llengua catalanai Literatura<br \/>\n4<br \/>\n3<br \/>\n3<br \/>\n3 (4 hores a 4A i 4D)<\/p>\n<p>Llengua castellana&hellip;  <a href=\"https:\/\/agora.xtec.cat\/ies-euclides\/estudis\/\" title=\"Read Estudis\">Llegeix m\u00e9s\u00bb<\/a><\/p>\n","protected":false},"author":1,"featured_media":0,"parent":0,"menu_order":0,"comment_status":"closed","ping_status":"closed","template":"","meta":{"_bbp_topic_count":0,"_bbp_reply_count":0,"_bbp_total_topic_count":0,"_bbp_total_reply_count":0,"_bbp_voice_count":0,"_bbp_anonymous_reply_count":0,"_bbp_topic_count_hidden":0,"_bbp_reply_count_hidden":0,"_bbp_forum_subforum_count":0,"footnotes":""},"class_list":["post-195","page","type-page","status-publish","hentry"],"post_mailing_queue_ids":[],"_links":{"self":[{"href":"https:\/\/agora.xtec.cat\/ies-euclides\/wp-json\/wp\/v2\/pages\/195","targetHints":{"allow":["GET"]}}],"collection":[{"href":"https:\/\/agora.xtec.cat\/ies-euclides\/wp-json\/wp\/v2\/pages"}],"about":[{"href":"https:\/\/agora.xtec.cat\/ies-euclides\/wp-json\/wp\/v2\/types\/page"}],"author":[{"embeddable":true,"href":"https:\/\/agora.xtec.cat\/ies-euclides\/wp-json\/wp\/v2\/users\/1"}],"replies":[{"embeddable":true,"href":"https:\/\/agora.xtec.cat\/ies-euclides\/wp-json\/wp\/v2\/comments?post=195"}],"version-history":[{"count":3,"href":"https:\/\/agora.xtec.cat\/ies-euclides\/wp-json\/wp\/v2\/pages\/195\/revisions"}],"predecessor-version":[{"id":3158,"href":"https:\/\/agora.xtec.cat\/ies-euclides\/wp-json\/wp\/v2\/pages\/195\/revisions\/3158"}],"wp:attachment":[{"href":"https:\/\/agora.xtec.cat\/ies-euclides\/wp-json\/wp\/v2\/media?parent=195"}],"curies":[{"name":"wp","href":"https:\/\/api.w.org\/{rel}","templated":true}]}}