{"id":43,"date":"2014-09-17T16:45:07","date_gmt":"2014-09-17T16:45:07","guid":{"rendered":"http:\/\/agora.xtec.cat\/ies-estelaiberica\/?page_id=43"},"modified":"2025-07-17T14:39:29","modified_gmt":"2025-07-17T12:39:29","slug":"consell-escolar","status":"publish","type":"page","link":"https:\/\/agora.xtec.cat\/ies-estelaiberica\/linstitut\/consell-escolar\/","title":{"rendered":"Organitzaci\u00f3 del curs"},"content":{"rendered":"<h4 style=\"text-align: center;\"><\/h4>\n<h4 style=\"text-align: center;\"><span style=\"color: #000000;\"><b><i>QUINS ESTUDIS S\u2019HI IMPARTEIXEN?<\/i><\/b><\/span><\/h4>\n<p>Actualment a l&#8217;Estela Ib\u00e8rica es poden cursar:<\/p>\n<ul>\n<li>Els cursos de l\u2019Ensenyament Secundari Obligatori:\n<ul>\n<li>1r d&#8217;ESO<\/li>\n<li>2n d&#8217;ESO<\/li>\n<li>3r d&#8217;ESO<\/li>\n<li>4t d&#8217;ESO<\/li>\n<\/ul>\n<\/li>\n<\/ul>\n<ul>\n<li>Batxillerat de dues modalitats:\n<ul>\n<li>Ci\u00e8ncies i Tecnol\u00f2gic.<\/li>\n<li>Humanitats i Socials.<\/li>\n<\/ul>\n<\/li>\n<\/ul>\n<ul>\n<li>Cicle Formatius de Grau B\u00e0sic (CFGB):\n<ul>\n<li>Activitats Comercials<\/li>\n<\/ul>\n<\/li>\n<\/ul>\n<ul>\n<li>Cicles Formatius de Grau Mitj\u00e0 (CF) en les especialitats:\n<ul>\n<li style=\"font-weight: 400;\"><span style=\"font-weight: 400;\">Instal\u00b7lacions El\u00e8ctriques i Autom\u00e0tiques. <\/span><\/li>\n<li style=\"font-weight: 400;\"><span style=\"font-weight: 400;\">Activitats Comercials (Log\u00edstica).<\/span><\/li>\n<li style=\"font-weight: 400;\"><span style=\"font-weight: 400;\">Atenci\u00f3 a persones en situaci\u00f3 de depend\u00e8ncia.<\/span><\/li>\n<li>Gesti\u00f3 Administrativa.<\/li>\n<\/ul>\n<\/li>\n<\/ul>\n<ul>\n<li><span style=\"font-weight: 400;\">El cicle formatiu de Grau Superior (CF) en les especialitats:<\/span>\n<ul>\n<li style=\"font-weight: 400;\"><span style=\"font-weight: 400;\"><span style=\"font-weight: 400;\">Transport i Log\u00edstica.<\/span><\/span><\/li>\n<li style=\"font-weight: 400;\">Integraci\u00f3 Social<\/li>\n<\/ul>\n<\/li>\n<\/ul>\n<ul>\n<li>Programa de Formaci\u00f3 i Inserci\u00f3 (PFI):\n<ul>\n<li>Auxiliar d&#8217;Activitats Esportives.<\/li>\n<li>Auxiliar de Muntatges d&#8217;Instal\u00b7lacions Electrot\u00e8cniques en Edificis<\/li>\n<\/ul>\n<\/li>\n<\/ul>\n<hr \/>\n<h4 style=\"text-align: center;\"><span style=\"color: #000000;\"><b><i>ELS NOSTRES HORARIS<\/i><\/b><\/span><\/h4>\n<p><b>Per l\u2019ESO, Batxillerat, PFI i CFGB:<\/b><\/p>\n<p><span style=\"font-family: inherit; font-size: 1em;\">De dilluns a divendres de 8.15 a 14.45 h.<\/span><\/p>\n<p>Di\u00e0riament d&#8217;11.00 a 11.30 h esbarjo. I d&#8217;11.30 a 12.00 h projecte de lectura.<\/p>\n<p><b>Pels Cicles formatius:<\/b><\/p>\n<p>De dilluns a divendres de 15.00 a 21.30 h.<\/p>\n<hr \/>\n<h4 style=\"text-align: center;\"><\/h4>\n<h4 style=\"text-align: center;\"><span style=\"color: #000000;\"><b><i>LA NOSTRA ORGANITZACI\u00d3 DOCENT<\/i><\/b><\/span><\/h4>\n<p style=\"text-align: justify;\"><span style=\"font-weight: 400;\">L\u2019IES Estela Ib\u00e8rica est\u00e0 organitzat en Equips Docents (un per nivell) i en Departaments Did\u00e0ctics. Cada Equip Docent t\u00e9 un Coordinador i cada Departament t\u00e9 un Cap o responsable del seu funcionament. Els professors estan integrats en un Equip Docent (segons el curs que imparteixen) i pertanyen a un Departament (segons l\u2019 especialitat que donen).<\/span><\/p>\n<p style=\"text-align: justify;\">Una s\u00e8rie de tallers i projectes especials complementen aquesta organitzaci\u00f3: Escoles Verdes, Aula d\u2019Acollida, Diversitat, Projecte Orienta\u2019t, Projecte Supera\u2019t, InfoEstela, Pla de lectura, bloc del centre, estudi assistit, tallers de teatre \u00a0catal\u00e0, taller de M\u00fasica i projectes de servei comunitari. .<\/p>\n<p style=\"text-align: justify;\">Per coordinar el funcionament del centre, l\u2019estructura de c\u00e0rrecs i responsabilitats \u00e9s la seg\u00fcent:<\/p>\n<p><b>Junta directiva<\/b><span style=\"font-weight: 400;\">:<\/span><\/p>\n<table>\n<tbody>\n<tr>\n<td>Directora<\/td>\n<td>Laura Alegre<\/td>\n<\/tr>\n<tr>\n<td>Cap d\u00b4Estudis<\/td>\n<td>Ignasi Fargas<\/td>\n<\/tr>\n<tr>\n<td>Coord. Pedag\u00f2gica<\/td>\n<td>Toni Garcia<\/td>\n<\/tr>\n<tr>\n<td>Secretari<\/td>\n<td>Albert Garc\u00eda<\/td>\n<\/tr>\n<tr>\n<td>Cap d\u00b4estudis adjunt CF<\/td>\n<td>\u00c0ngel Sancho<\/td>\n<\/tr>\n<tr>\n<td>Cap d\u00b4estudis CF<\/td>\n<td>Maribel Moreno<\/td>\n<\/tr>\n<\/tbody>\n<\/table>\n<p><b>Coordinadors<\/b><span style=\"font-weight: 400;\">:<\/span><\/p>\n<table>\n<tbody>\n<tr>\n<td>Primer d\u00b4ESO<\/td>\n<td>David Rodr\u00edguez<\/td>\n<\/tr>\n<tr>\n<td>Segon d\u00b4ESO<\/td>\n<td>Miriam Bayona<\/td>\n<\/tr>\n<tr>\n<td>Tercer d\u00b4ESO<\/td>\n<td>Sara Mart\u00ed<\/td>\n<\/tr>\n<tr>\n<td>Quart d\u00b4ESO<\/td>\n<td>Oriol Caixach<\/td>\n<\/tr>\n<tr>\n<td>Batxillerat<\/td>\n<td>Vanessa L\u00f3pez<\/td>\n<\/tr>\n<tr>\n<td>Cicles Formatius<\/td>\n<td>In\u00e9s Izquierdo<\/td>\n<\/tr>\n<tr>\n<td>FP B\u00e0sica<\/td>\n<td>Andrea Sancho<\/td>\n<\/tr>\n<\/tbody>\n<\/table>\n<p><strong>Caps de departament:<\/strong><\/p>\n<table>\n<tbody>\n<tr>\n<td>Cristina Alarc\u00f3n<\/td>\n<td>Lleng\u00fces<\/td>\n<\/tr>\n<tr>\n<td>Maite S\u00e1nchez<\/td>\n<td>Matem\u00e0tiques i Tecnologia<\/td>\n<\/tr>\n<tr>\n<td>N\u00faria Varas<\/td>\n<td>Ci\u00e8ncies Socials<\/td>\n<\/tr>\n<tr>\n<td>Mar\u00eda Morant<\/td>\n<td>Ci\u00e8ncies Experimentals<\/td>\n<\/tr>\n<tr>\n<td>Andrea Coca<\/td>\n<td>Idiomes<\/td>\n<\/tr>\n<tr>\n<td>Olga Rodr\u00edguez<\/td>\n<td>Expressi\u00f3<\/td>\n<\/tr>\n<tr>\n<td>Elsa Rovira<\/td>\n<td>Orientaci\u00f3<\/td>\n<\/tr>\n<tr>\n<td>Francesc Mauri<\/td>\n<td>Electricitat i electr\u00f2nica<\/td>\n<\/tr>\n<tr>\n<td>Sergio Orea<\/td>\n<td>Comer\u00e7 i M\u00e0rqueting<\/td>\n<\/tr>\n<tr>\n<td>Ver\u00f2nica Montoro<\/td>\n<td>Serveis Socioculturals i a la comunitat<\/td>\n<\/tr>\n<\/tbody>\n<\/table>\n<hr \/>\n<h4 style=\"text-align: center;\"><span style=\"color: #000000;\"><b><i>TUTORIES<\/i><\/b><\/span><\/h4>\n<p><span style=\"font-weight: 400;\">Al nostre centre tots els alumnes tenen un tutor que organitza el seu grup (ordre de l\u2019aula, activitats tutorials, butlletins de notes, informes). Aquest professor \u00e9s el que coneixem com a <\/span><b>Tutor de Grup<\/b><span style=\"font-weight: 400;\">. El <\/span><b>Tutor <\/b><span style=\"font-weight: 400;\">\u00e9s el professor a qui s\u2019han d\u2019adre\u00e7ar en primera inst\u00e0ncia els alumnes d\u2019ESO i les seves fam\u00edlies. La col\u00b7laboraci\u00f3 entre tutors i fam\u00edlies \u00e9s fonamental.<\/span><\/p>\n<p>&nbsp;<\/p>\n<hr \/>\n<p>DOCUMENT<\/p>\n","protected":false},"excerpt":{"rendered":"<p>QUINS ESTUDIS S\u2019HI IMPARTEIXEN?<br \/>\nActualment a l&#8217;Estela Ib\u00e8rica es poden cursar:<\/p>\n<ul>\n<li>Els cursos de l\u2019Ensenyament Secundari Obligatori:\n<ul>\n<li>1r d&#8217;ESO<\/li>\n<li>2n d&#8217;ESO<\/li>\n<li>3r d&#8217;ESO<\/li>\n<li>4t d&#8217;ESO<\/li>\n<\/ul>\n<\/li>\n<\/ul>\n<ul>\n<li>Batxillerat de dues modalitats:\n<ul>\n<li>Ci\u00e8ncies i Tecnol\u00f2gic.<\/li>\n<li>Humanitats i Socials.<\/li>\n<\/ul>\n<\/li>\n<\/ul>\n<ul>\n<li>Cicle Formatius de Grau B\u00e0sic (CFGB):\n<ul>\n<li>Activitats Comercials<\/li>\n<\/ul>\n<\/li>\n<\/ul>\n<ul>\n<li>Cicles Formatius de Grau Mitj\u00e0 (CF) en les especialitats:\n<ul>\n<li style=\"font-weight: 400;\">Instal\u00b7lacions El\u00e8ctriques i Autom\u00e0tiques.&hellip;  <a href=\"https:\/\/agora.xtec.cat\/ies-estelaiberica\/linstitut\/consell-escolar\/\" title=\"Read Organitzaci\u00f3 del curs\">Llegeix m\u00e9s\u00bb<\/a><br \/>\n","protected":false},"author":1,"featured_media":0,"parent":19,"menu_order":40,"comment_status":"closed","ping_status":"closed","template":"page-templates\/side-menu.php","meta":{"_bbp_topic_count":0,"_bbp_reply_count":0,"_bbp_total_topic_count":0,"_bbp_total_reply_count":0,"_bbp_voice_count":0,"_bbp_anonymous_reply_count":0,"_bbp_topic_count_hidden":0,"_bbp_reply_count_hidden":0,"_bbp_forum_subforum_count":0,"footnotes":""},"class_list":["post-43","page","type-page","status-publish","hentry"],"post_mailing_queue_ids":[],"_links":{"self":[{"href":"https:\/\/agora.xtec.cat\/ies-estelaiberica\/wp-json\/wp\/v2\/pages\/43","targetHints":{"allow":["GET"]}}],"collection":[{"href":"https:\/\/agora.xtec.cat\/ies-estelaiberica\/wp-json\/wp\/v2\/pages"}],"about":[{"href":"https:\/\/agora.xtec.cat\/ies-estelaiberica\/wp-json\/wp\/v2\/types\/page"}],"author":[{"embeddable":true,"href":"https:\/\/agora.xtec.cat\/ies-estelaiberica\/wp-json\/wp\/v2\/users\/1"}],"replies":[{"embeddable":true,"href":"https:\/\/agora.xtec.cat\/ies-estelaiberica\/wp-json\/wp\/v2\/comments?post=43"}],"version-history":[{"count":8,"href":"https:\/\/agora.xtec.cat\/ies-estelaiberica\/wp-json\/wp\/v2\/pages\/43\/revisions"}],"predecessor-version":[{"id":4746,"href":"https:\/\/agora.xtec.cat\/ies-estelaiberica\/wp-json\/wp\/v2\/pages\/43\/revisions\/4746"}],"up":[{"embeddable":true,"href":"https:\/\/agora.xtec.cat\/ies-estelaiberica\/wp-json\/wp\/v2\/pages\/19"}],"wp:attachment":[{"href":"https:\/\/agora.xtec.cat\/ies-estelaiberica\/wp-json\/wp\/v2\/media?parent=43"}],"curies":[{"name":"wp","href":"https:\/\/api.w.org\/{rel}","templated":true}]}}