{"id":4031,"date":"2024-02-29T15:43:12","date_gmt":"2024-02-29T14:43:12","guid":{"rendered":"https:\/\/agora.xtec.cat\/ies-estelaiberica\/?page_id=4031"},"modified":"2025-11-27T08:32:13","modified_gmt":"2025-11-27T07:32:13","slug":"organigrama","status":"publish","type":"page","link":"https:\/\/agora.xtec.cat\/ies-estelaiberica\/linstitut\/organigrama\/","title":{"rendered":"Organigrama"},"content":{"rendered":"<table style=\"width: 50.3121%;\">\n<tbody>\n<tr>\n<td style=\"width: 199.78%;\" colspan=\"2\">\n<p style=\"text-align: center;\"><b>EQUIP DIRECTIU<\/b><\/p>\n<\/td>\n<\/tr>\n<tr>\n<td style=\"width: 63.5359%;\"><span style=\"font-weight: 400;\">Directora<\/span><\/td>\n<td style=\"width: 136.244%;\"><span style=\"font-weight: 400;\">Laura Alegre i Sanz<\/span><\/td>\n<\/tr>\n<tr>\n<td style=\"width: 63.5359%;\"><span style=\"font-weight: 400;\">Secretari<\/span><\/td>\n<td style=\"width: 136.244%;\"><span style=\"font-weight: 400;\">Albert Garcia Caballero<\/span><\/td>\n<\/tr>\n<tr>\n<td style=\"width: 63.5359%;\"><span style=\"font-weight: 400;\">Cap d\u2019Estudis ESO i Batxillerat<\/span><\/td>\n<td style=\"width: 136.244%;\"><span style=\"font-weight: 400;\">Ignasi Fargas Roca<\/span><\/td>\n<\/tr>\n<tr>\n<td style=\"width: 63.5359%;\"><span style=\"font-weight: 400;\">Cap d\u2019Estudis Formaci\u00f3 Professional<\/span><\/td>\n<td style=\"width: 136.244%;\"><span style=\"font-weight: 400;\">Maribel Moreno Guijosa<\/span><\/td>\n<\/tr>\n<tr>\n<td style=\"width: 63.5359%;\"><span style=\"font-weight: 400;\">Cap d\u2019Estudis Adjunt<\/span><\/td>\n<td style=\"width: 136.244%;\"><span style=\"font-weight: 400;\">Angel Sancho Llinares<\/span><\/td>\n<\/tr>\n<tr>\n<td style=\"width: 63.5359%;\"><span style=\"font-weight: 400;\">Coordinador Pedag\u00f2gic<\/span><\/td>\n<td style=\"width: 136.244%;\"><span style=\"font-weight: 400;\">Toni Garcia Vidal<\/span><\/td>\n<\/tr>\n<\/tbody>\n<\/table>\n<p>&nbsp;<\/p>\n<table style=\"width: 50.062%;\">\n<tbody>\n<tr>\n<td style=\"width: 167.823%;\" colspan=\"2\">\n<p style=\"text-align: center;\"><b>\u00d2RGANS UNIPERSONALS DE COORDINACI\u00d3\u00a0<\/b><\/p>\n<\/td>\n<\/tr>\n<tr>\n<td style=\"width: 64.4236%;\"><b>COORDiNADOR 1 ESO<\/b><\/td>\n<td style=\"width: 103.399%;\"><span style=\"font-weight: 400;\">David Rodr\u00edguez<\/span><\/td>\n<\/tr>\n<tr>\n<td style=\"width: 64.4236%;\"><b>COORDINADORA 2 ESO<\/b><\/td>\n<td style=\"width: 103.399%;\"><span style=\"font-weight: 400;\">Miriam Bayona<\/span><\/td>\n<\/tr>\n<tr>\n<td style=\"width: 64.4236%;\"><b>COORDINADORA 3 ESO<\/b><\/td>\n<td style=\"width: 103.399%;\"><span style=\"font-weight: 400;\">Sara Mart\u00ed<\/span><\/td>\n<\/tr>\n<tr>\n<td style=\"width: 64.4236%;\"><b>COORDINADOR 4 ESO<\/b><\/td>\n<td style=\"width: 103.399%;\"><span style=\"font-weight: 400;\">Oriol Caixach<\/span><\/td>\n<\/tr>\n<tr>\n<td style=\"width: 64.4236%;\"><b>COORDINADORA BAT<\/b><\/td>\n<td style=\"width: 103.399%;\"><span style=\"font-weight: 400;\">In\u00e9s Izquierdo<\/span><\/td>\n<\/tr>\n<tr>\n<td style=\"width: 64.4236%;\"><b>CAP \u00c0MBIT LING\u00dc\u00cdSTIC<\/b><\/td>\n<td style=\"width: 103.399%;\"><span style=\"font-weight: 400;\">Cristina Alarc\u00f3n\u00a0<\/span><\/td>\n<\/tr>\n<tr>\n<td style=\"width: 64.4236%;\"><b>CAP \u00c0MBIT LLENG\u00dcES ESTRANGERES<\/b><\/td>\n<td style=\"width: 103.399%;\"><span style=\"font-weight: 400;\">Andrea Coca<\/span><\/td>\n<\/tr>\n<tr>\n<td style=\"width: 64.4236%;\"><b>CAP \u00c0MBIT MATES-TECNO<\/b><\/td>\n<td style=\"width: 103.399%;\"><span style=\"font-weight: 400;\">Maite S\u00e1nchez<\/span><\/td>\n<\/tr>\n<tr>\n<td style=\"width: 64.4236%;\"><b>CAP \u00c0MBIT SOCIALS<\/b><\/td>\n<td style=\"width: 103.399%;\"><span style=\"font-weight: 400;\">N\u00faria Varas<\/span><\/td>\n<\/tr>\n<tr>\n<td style=\"width: 64.4236%;\"><b>CAP \u00c0MBIT CI\u00c8NCIES<\/b><\/td>\n<td style=\"width: 103.399%;\"><span style=\"font-weight: 400;\">Maria Morant<\/span><\/td>\n<\/tr>\n<tr>\n<td style=\"width: 64.4236%;\"><b>CAP \u00c0MBIT EXPRESSI\u00d3-EF-VIP<\/b><\/td>\n<td style=\"width: 103.399%;\"><span style=\"font-weight: 400;\">Olga Rodr\u00edguez<\/span><\/td>\n<\/tr>\n<tr>\n<td style=\"width: 64.4236%;\"><b>CAP \u00c0MBIT ORIENTACI\u00d3<\/b><\/td>\n<td style=\"width: 103.399%;\"><span style=\"font-weight: 400;\">Elsa Rovira<\/span><\/td>\n<\/tr>\n<tr>\n<td style=\"width: 64.4236%;\"><b>COORDINADOR CICLES<\/b><\/td>\n<td style=\"width: 103.399%;\"><span style=\"font-weight: 400;\">Lola Carbonell<\/span><\/td>\n<\/tr>\n<tr>\n<td style=\"width: 64.4236%;\"><b>CAP COMER\u00c7 I M\u00c0RQUETING<\/b><\/td>\n<td style=\"width: 103.399%;\"><span style=\"font-weight: 400;\">Sergio Orea<\/span><\/td>\n<\/tr>\n<tr>\n<td style=\"width: 64.4236%;\"><b>CAP ELECTRICITAT I ELECTR\u00d2NICA<\/b><\/td>\n<td style=\"width: 103.399%;\"><span style=\"font-weight: 400;\">Francesc Mauri<\/span><\/td>\n<\/tr>\n<tr>\n<td style=\"width: 64.4236%;\"><b>CAP SERVEIS A LA COMUNITAT<\/b><\/td>\n<td style=\"width: 103.399%;\"><span style=\"font-weight: 400;\">Ver\u00f2nica Montoro<\/span><\/td>\n<\/tr>\n<tr>\n<td style=\"width: 64.4236%;\"><b>CAP FOL &#8211; ADMINISTRACI\u00d3<\/b><\/td>\n<td style=\"width: 103.399%;\"><span style=\"font-weight: 400;\">Elisa Rosillo<\/span><\/td>\n<\/tr>\n<tr>\n<td style=\"width: 64.4236%;\"><b>COORDINACI\u00d3 B\u00c0SICA<\/b><\/td>\n<td style=\"width: 103.399%;\"><span style=\"font-weight: 400;\">Andrea Sancho<\/span><\/td>\n<\/tr>\n<tr>\n<td style=\"width: 64.4236%;\"><b>COORDINACI\u00d3 QUALITAT<\/b><\/td>\n<td style=\"width: 103.399%;\"><span style=\"font-weight: 400;\">Andrea Sancho<\/span><\/td>\n<\/tr>\n<tr>\n<td style=\"width: 64.4236%;\"><b>COORDINACI\u00d3 DIGITAL<\/b><\/td>\n<td style=\"width: 103.399%;\"><span style=\"font-weight: 400;\">David Gallego<\/span><\/td>\n<\/tr>\n<tr>\n<td style=\"width: 64.4236%;\"><b>COORDINACI\u00d3 DIGITAL<\/b><\/td>\n<td style=\"width: 103.399%;\"><span style=\"font-weight: 400;\">Guillermo Carmona<\/span><\/td>\n<\/tr>\n<tr>\n<td style=\"width: 64.4236%;\"><b>COORDINACI\u00d3 PRL<\/b><\/td>\n<td style=\"width: 103.399%;\"><span style=\"font-weight: 400;\">Sergio Guzman\/ Francesc Mauri<\/span><\/td>\n<\/tr>\n<tr>\n<td style=\"width: 64.4236%;\"><b>COORDINACI\u00d3 LIC<\/b><\/td>\n<td style=\"width: 103.399%;\"><span style=\"font-weight: 400;\">Jonathan Mu\u00f1oz<\/span><\/td>\n<\/tr>\n<tr>\n<td style=\"width: 64.4236%;\"><b>COORDINACI\u00d3 COCOBE<\/b><\/td>\n<td style=\"width: 103.399%;\"><span style=\"font-weight: 400;\">Teresa Carmona<\/span><\/td>\n<\/tr>\n<tr>\n<td style=\"width: 64.4236%;\"><b>COORDINACI\u00d3 BIBLIOTECA<\/b><\/td>\n<td style=\"width: 103.399%;\"><span style=\"font-weight: 400;\">In\u00e9s Izquierdo<\/span><\/td>\n<\/tr>\n<tr>\n<td style=\"width: 64.4236%;\"><b>COORDINACI\u00d3 MOBILITAT<\/b><\/td>\n<td style=\"width: 103.399%;\"><span style=\"font-weight: 400;\">Marta Fabregat<\/span><\/td>\n<\/tr>\n<tr>\n<td style=\"width: 64.4236%;\"><b>COORDINACI\u00d3 MOBILITAT (adjunt)<\/b><\/td>\n<td style=\"width: 103.399%;\"><span style=\"font-weight: 400;\">Abel Garcia<\/span><\/td>\n<\/tr>\n<tr>\n<td style=\"width: 64.4236%;\"><b>COORDINACI\u00d3 DUAL<\/b><\/td>\n<td style=\"width: 103.399%;\"><span style=\"font-weight: 400;\">Direcci\u00f3<\/span><\/td>\n<\/tr>\n<tr>\n<td style=\"width: 64.4236%;\"><b>COORDINACI\u00d3 IMPULS FP<\/b><\/td>\n<td style=\"width: 103.399%;\"><span style=\"font-weight: 400;\">Direcci\u00f3<\/span><\/td>\n<\/tr>\n<tr>\n<td style=\"width: 64.4236%;\"><b>WEB-INSTAGRAM<\/b><\/td>\n<td style=\"width: 103.399%;\"><span style=\"font-weight: 400;\">Maribel Moreno<\/span><\/td>\n<\/tr>\n<tr>\n<td style=\"width: 64.4236%;\"><b>COORDINACI\u00d3 DE SORTIDES<\/b><\/td>\n<td style=\"width: 103.399%;\"><span style=\"font-weight: 400;\">Sara Mart\u00ed<\/span><\/td>\n<\/tr>\n<\/tbody>\n<\/table>\n<table style=\"width: 50.0553%;\">\n<tbody>\n<tr>\n<td style=\"width: 255.05%;\" colspan=\"2\">\n<p style=\"text-align: center;\"><strong>TUTORIES ESO I BATXILLERAT<\/strong><\/p>\n<\/td>\n<\/tr>\n<tr>\n<td style=\"width: 65.179%;\"><b>TUTORA 1 ESO A<\/b><\/td>\n<td style=\"width: 189.871%;\"><span style=\"font-weight: 400;\">M. Luz Gil<\/span><\/td>\n<\/tr>\n<tr>\n<td style=\"width: 65.179%;\"><b>TUTORA 1 ESO B<\/b><\/td>\n<td style=\"width: 189.871%;\"><span style=\"font-weight: 400;\">Eva Cort\u00e9s<\/span><\/td>\n<\/tr>\n<tr>\n<td style=\"width: 65.179%;\"><b>TUTORA 1 ESO C<\/b><\/td>\n<td style=\"width: 189.871%;\"><span style=\"font-weight: 400;\">Inma Murillo<\/span><\/td>\n<\/tr>\n<tr>\n<td style=\"width: 65.179%;\"><b>TUTORA 2 ESO A<\/b><\/td>\n<td style=\"width: 189.871%;\"><span style=\"font-weight: 400;\">N\u00faria Segura<\/span><\/td>\n<\/tr>\n<tr>\n<td style=\"width: 65.179%;\"><b>TUTORA 2 ESO B<\/b><\/td>\n<td style=\"width: 189.871%;\"><span style=\"font-weight: 400;\">Nat\u00e0lia Gonz\u00e1lez<\/span><\/td>\n<\/tr>\n<tr>\n<td style=\"width: 65.179%;\"><b>TUTORA 2 ESO C<\/b><\/td>\n<td style=\"width: 189.871%;\"><span style=\"font-weight: 400;\">Miriam Bayona<\/span><\/td>\n<\/tr>\n<tr>\n<td style=\"width: 65.179%;\"><b>TUTORA 3 ESO A<\/b><\/td>\n<td style=\"width: 189.871%;\"><span style=\"font-weight: 400;\">Ant\u00f2nia Flores<\/span><\/td>\n<\/tr>\n<tr>\n<td style=\"width: 65.179%;\"><b>TUTOR 3 ESO B<\/b><\/td>\n<td style=\"width: 189.871%;\"><span style=\"font-weight: 400;\">Jonathan Mu\u00f1oz<\/span><\/td>\n<\/tr>\n<tr>\n<td style=\"width: 65.179%;\"><b>TUTOR 3 ESO C<\/b><\/td>\n<td style=\"width: 189.871%;\"><span style=\"font-weight: 400;\">Vanessa Mart\u00edn<\/span><\/td>\n<\/tr>\n<tr>\n<td style=\"width: 65.179%;\"><b>TUTORA 4 ESO A<\/b><\/td>\n<td style=\"width: 189.871%;\"><span style=\"font-weight: 400;\">Mireia Moreno<\/span><\/td>\n<\/tr>\n<tr>\n<td style=\"width: 65.179%;\"><b>TUTOR 4 ESO B<\/b><\/td>\n<td style=\"width: 189.871%;\"><span style=\"font-weight: 400;\">Abel Garc\u00eda<\/span><\/td>\n<\/tr>\n<tr>\n<td style=\"width: 65.179%;\"><b>TUTORA 4 ESO C<\/b><\/td>\n<td style=\"width: 189.871%;\"><span style=\"font-weight: 400;\">Laura Rom\u00e0<\/span><\/td>\n<\/tr>\n<tr>\n<td style=\"width: 65.179%;\"><b>TUTOR 4 ESO D<\/b><\/td>\n<td style=\"width: 189.871%;\"><span style=\"font-weight: 400;\">Albert Cantero<\/span><\/td>\n<\/tr>\n<tr>\n<td style=\"width: 65.179%;\"><b>TUTORA 1 BATXI A<\/b><\/td>\n<td style=\"width: 189.871%;\"><span style=\"font-weight: 400;\">Raquel Talavera<\/span><\/td>\n<\/tr>\n<tr>\n<td style=\"width: 65.179%;\"><b>TUTORA 1 BATXI B<\/b><\/td>\n<td style=\"width: 189.871%;\"><span style=\"font-weight: 400;\">Jordana Gruas<\/span><\/td>\n<\/tr>\n<tr>\n<td style=\"width: 65.179%;\"><b>TUTORA 2 BATXI A<\/b><\/td>\n<td style=\"width: 189.871%;\"><span style=\"font-weight: 400;\">Maite Mayayo<\/span><\/td>\n<\/tr>\n<tr>\n<td style=\"width: 65.179%;\"><b>TUTORA 2 BATXI B<\/b><\/td>\n<td style=\"width: 189.871%;\"><span style=\"font-weight: 400;\">Raquel Rodriguez<\/span><\/td>\n<\/tr>\n<\/tbody>\n<\/table>\n<p>&nbsp;<\/p>\n<table style=\"width: 50.3123%;\">\n<tbody>\n<tr>\n<td style=\"width: 246.35%;\" colspan=\"2\">\n<p style=\"text-align: center;\"><strong>TUTORIES FP<\/strong><\/p>\n<\/td>\n<\/tr>\n<tr>\n<td style=\"width: 65.0558%;\"><b>TUTORA 1r CM10<\/b><\/td>\n<td style=\"width: 181.294%;\"><span style=\"font-weight: 400;\">Andrea Sancho<\/span><\/td>\n<\/tr>\n<tr>\n<td style=\"width: 65.0558%;\"><b>TUTORA 2n CM10<\/b><\/td>\n<td style=\"width: 181.294%;\"><span style=\"font-weight: 400;\">Eva Camposo<\/span><\/td>\n<\/tr>\n<tr>\n<td style=\"width: 65.0558%;\"><b>TUTORA 1r CM12<\/b><\/td>\n<td style=\"width: 181.294%;\"><span style=\"font-weight: 400;\">Maria J. Mart\u00ednez<\/span><\/td>\n<\/tr>\n<tr>\n<td style=\"width: 65.0558%;\"><b>TUTORA 2n CM12<\/b><\/td>\n<td style=\"width: 181.294%;\"><span style=\"font-weight: 400;\">Cristina Ram\u00edrez<\/span><\/td>\n<\/tr>\n<tr>\n<td style=\"width: 65.0558%;\"><b>TUTORA 1r CMC0<\/b><\/td>\n<td style=\"width: 181.294%;\">Jovita S\u00e1nchez<\/td>\n<\/tr>\n<tr>\n<td style=\"width: 65.0558%;\"><b>TUTOR 2n CMC0<\/b><\/td>\n<td style=\"width: 181.294%;\"><span style=\"font-weight: 400;\">Toni Gonz\u00e1lez<\/span><\/td>\n<\/tr>\n<tr>\n<td style=\"width: 65.0558%;\"><b>TUTOR 1r EE10<\/b><\/td>\n<td style=\"width: 181.294%;\"><span style=\"font-weight: 400;\">David Gallego<\/span><\/td>\n<\/tr>\n<tr>\n<td style=\"width: 65.0558%;\"><b>TUTOR 2n EE10<\/b><\/td>\n<td style=\"width: 181.294%;\"><span style=\"font-weight: 400;\">Benet Pons<\/span><\/td>\n<\/tr>\n<tr>\n<td style=\"width: 65.0558%;\"><b>TUTORA 1r SC10 A<\/b><\/td>\n<td style=\"width: 181.294%;\"><span style=\"font-weight: 400;\">Cristina F\u00e0brega<\/span><\/td>\n<\/tr>\n<tr>\n<td style=\"width: 65.0558%;\"><b>TUTOR 1r SC10 B<\/b><\/td>\n<td style=\"width: 181.294%;\"><span style=\"font-weight: 400;\">Albert Garcia<\/span><\/td>\n<\/tr>\n<tr>\n<td style=\"width: 65.0558%;\"><b>TUTORA 2n SC10 A<\/b><\/td>\n<td style=\"width: 181.294%;\"><span style=\"font-weight: 400;\">Juan Antonio Carri\u00f3n<\/span><\/td>\n<\/tr>\n<tr>\n<td style=\"width: 65.0558%;\"><b>TUTORA 2n SC10 B<\/b><\/td>\n<td style=\"width: 181.294%;\"><span style=\"font-weight: 400;\">M. Jos\u00e9 Fern\u00e1ndez<\/span><\/td>\n<\/tr>\n<tr>\n<td style=\"width: 65.0558%;\"><b>TUTORA 1r SCC0\u00a0<\/b><\/td>\n<td style=\"width: 181.294%;\"><span style=\"font-weight: 400;\">\u00d2scar Escribano<\/span><\/td>\n<\/tr>\n<tr>\n<td style=\"width: 65.0558%;\"><b>TUTORA 2n SCC0<\/b><\/td>\n<td style=\"width: 181.294%;\"><span style=\"font-weight: 400;\">Marta Ruiz<\/span><\/td>\n<\/tr>\n<tr>\n<td style=\"width: 65.0558%;\"><b>TUTOR 1r AG10<\/b><\/td>\n<td style=\"width: 181.294%;\"><span style=\"font-weight: 400;\">Llu\u00eds Mora<\/span><\/td>\n<\/tr>\n<tr>\n<td style=\"width: 65.0558%;\"><b>TUTOR PFI AE01<\/b><\/td>\n<td style=\"width: 181.294%;\"><span style=\"font-weight: 400;\">Javi M\u00e9ndez<\/span><\/td>\n<\/tr>\n<tr>\n<td style=\"width: 65.0558%;\"><b>TUTORA PFI EE01<\/b><\/td>\n<td style=\"width: 181.294%;\"><span style=\"font-weight: 400;\">Cristina P\u00e9rez<\/span><\/td>\n<\/tr>\n<\/tbody>\n<\/table>\n<p>&nbsp;<\/p>\n<p>&nbsp;<\/p>\n<p>&nbsp;<\/p>\n<p>&nbsp;<\/p>\n<p><a href=\"https:\/\/agora.xtec.cat\/ies-estelaiberica\/wp-content\/uploads\/usu1512\/2024\/02\/Organigrama2.pdf\">Organigrama2<\/a><\/p>\n","protected":false},"excerpt":{"rendered":"<p>EQUIP DIRECTIU<\/p>\n<p>Directora<br \/>\nLaura Alegre i Sanz<\/p>\n<p>Secretari<br \/>\nAlbert Garcia Caballero<\/p>\n<p>Cap d\u2019Estudis ESO i Batxillerat<br \/>\nIgnasi Fargas Roca<\/p>\n<p>Cap d\u2019Estudis Formaci\u00f3 Professional<br \/>\nMaribel Moreno Guijosa<\/p>\n<p>Cap d\u2019Estudis Adjunt<br \/>\nAngel Sancho Llinares<\/p>\n<p>Coordinador Pedag\u00f2gic<br \/>\nToni Garcia Vidal<\/p>\n<p>&nbsp;<\/p>\n<p>\u00d2RGANS UNIPERSONALS DE COORDINACI\u00d3\u00a0<\/p>\n<p>COORDiNADOR 1 ESO<br \/>\nDavid Rodr\u00edguez<\/p>\n<p>COORDINADORA 2 ESO<br \/>\nMiriam Bayona<\/p>\n<p>COORDINADORA 3 ESO<br \/>\nSara Mart\u00ed<\/p>\n<p>COORDINADOR 4 ESO<br \/>\nOriol Caixach<\/p>\n<p>COORDINADORA BAT<br \/>\nIn\u00e9s Izquierdo<\/p>\n<p>CAP \u00c0MBIT LING\u00dc\u00cdSTIC<br \/>\nCristina Alarc\u00f3n\u00a0<\/p>\n<p>CAP&hellip;  <a href=\"https:\/\/agora.xtec.cat\/ies-estelaiberica\/linstitut\/organigrama\/\" title=\"Read Organigrama\">Llegeix m\u00e9s\u00bb<\/a><\/p>\n","protected":false},"author":1,"featured_media":0,"parent":19,"menu_order":5,"comment_status":"closed","ping_status":"closed","template":"page-templates\/side-menu.php","meta":{"_bbp_topic_count":0,"_bbp_reply_count":0,"_bbp_total_topic_count":0,"_bbp_total_reply_count":0,"_bbp_voice_count":0,"_bbp_anonymous_reply_count":0,"_bbp_topic_count_hidden":0,"_bbp_reply_count_hidden":0,"_bbp_forum_subforum_count":0,"footnotes":""},"class_list":["post-4031","page","type-page","status-publish","hentry"],"post_mailing_queue_ids":[],"_links":{"self":[{"href":"https:\/\/agora.xtec.cat\/ies-estelaiberica\/wp-json\/wp\/v2\/pages\/4031","targetHints":{"allow":["GET"]}}],"collection":[{"href":"https:\/\/agora.xtec.cat\/ies-estelaiberica\/wp-json\/wp\/v2\/pages"}],"about":[{"href":"https:\/\/agora.xtec.cat\/ies-estelaiberica\/wp-json\/wp\/v2\/types\/page"}],"author":[{"embeddable":true,"href":"https:\/\/agora.xtec.cat\/ies-estelaiberica\/wp-json\/wp\/v2\/users\/1"}],"replies":[{"embeddable":true,"href":"https:\/\/agora.xtec.cat\/ies-estelaiberica\/wp-json\/wp\/v2\/comments?post=4031"}],"version-history":[{"count":6,"href":"https:\/\/agora.xtec.cat\/ies-estelaiberica\/wp-json\/wp\/v2\/pages\/4031\/revisions"}],"predecessor-version":[{"id":4819,"href":"https:\/\/agora.xtec.cat\/ies-estelaiberica\/wp-json\/wp\/v2\/pages\/4031\/revisions\/4819"}],"up":[{"embeddable":true,"href":"https:\/\/agora.xtec.cat\/ies-estelaiberica\/wp-json\/wp\/v2\/pages\/19"}],"wp:attachment":[{"href":"https:\/\/agora.xtec.cat\/ies-estelaiberica\/wp-json\/wp\/v2\/media?parent=4031"}],"curies":[{"name":"wp","href":"https:\/\/api.w.org\/{rel}","templated":true}]}}