{"id":39,"date":"2014-09-17T16:36:44","date_gmt":"2014-09-17T16:36:44","guid":{"rendered":"http:\/\/agora.xtec.cat\/ies-estelaiberica\/?page_id=39"},"modified":"2026-03-13T18:28:51","modified_gmt":"2026-03-13T17:28:51","slug":"instal%c2%b7lacions","status":"publish","type":"page","link":"https:\/\/agora.xtec.cat\/ies-estelaiberica\/linstitut\/instal%c2%b7lacions\/","title":{"rendered":"Instal\u00b7lacions i Serveis"},"content":{"rendered":"<p><b>Biblioteca<\/b><\/p>\n<p style=\"text-align: justify;\">Biblioteca m\u00f2bil a c\u00e0rrec de l&#8217;alumnat del Servei Comunitari de 3r d&#8217;ESO. Durant l&#8217;hora de lectura (11.30 h) es passar\u00e0 per les aules de 2n i 4t d&#8217;ESO els dimecres, i per 1r i 3r d&#8217;ESO els dijous.<\/p>\n<p style=\"text-align: justify;\"><span style=\"font-weight: 400;\">En aquest servei es pot fer consulta d\u2019obres generals i pr\u00e9stec de llibres de lectura.<\/span><\/p>\n<p><strong>Aula ATECA<\/strong><\/p>\n<p><a href=\"https:\/\/agora.xtec.cat\/ies-estelaiberica\/wp-content\/uploads\/usu1512\/2025\/02\/LOGOTIPS-I-FRASE-MRR23-scaled.jpg\"><img loading=\"lazy\" decoding=\"async\" class=\"wp-image-4443 alignnone\" src=\"https:\/\/agora.xtec.cat\/ies-estelaiberica\/wp-content\/uploads\/usu1512\/2025\/02\/LOGOTIPS-I-FRASE-MRR23-scaled.jpg\" alt=\"\" width=\"416\" height=\"51\" srcset=\"https:\/\/agora.xtec.cat\/ies-estelaiberica\/wp-content\/uploads\/usu1512\/2025\/02\/LOGOTIPS-I-FRASE-MRR23-scaled.jpg 2560w, https:\/\/agora.xtec.cat\/ies-estelaiberica\/wp-content\/uploads\/usu1512\/2025\/02\/LOGOTIPS-I-FRASE-MRR23-300x37.jpg 300w, https:\/\/agora.xtec.cat\/ies-estelaiberica\/wp-content\/uploads\/usu1512\/2025\/02\/LOGOTIPS-I-FRASE-MRR23-1024x125.jpg 1024w, https:\/\/agora.xtec.cat\/ies-estelaiberica\/wp-content\/uploads\/usu1512\/2025\/02\/LOGOTIPS-I-FRASE-MRR23-768x94.jpg 768w, https:\/\/agora.xtec.cat\/ies-estelaiberica\/wp-content\/uploads\/usu1512\/2025\/02\/LOGOTIPS-I-FRASE-MRR23-1536x188.jpg 1536w, https:\/\/agora.xtec.cat\/ies-estelaiberica\/wp-content\/uploads\/usu1512\/2025\/02\/LOGOTIPS-I-FRASE-MRR23-2048x251.jpg 2048w\" sizes=\"auto, (max-width: 416px) 100vw, 416px\" \/><\/a><\/p>\n<p>Aula de tecnologia aplicada que permet la simulaci\u00f3 o l\u2019exercici real dels processos associats als diferents perfils professionals que s\u2019inclouen en cada t\u00edtol de formaci\u00f3 professional, i l&#8217;aplicaci\u00f3 de la innovaci\u00f3 i la digitalitzaci\u00f3 en el proc\u00e9s d&#8217;ensenyament i aprenentatge de tots els nivells educatius del nostre centre. Finan\u00e7ada pels Fons Next Generation.<\/p>\n<p><b>Secretaria<\/b><\/p>\n<p><span style=\"font-weight: 400;\">L&#8217;Esther i l&#8217;Olga s\u2019ocupen de tots els tr\u00e0mits administratius: beques, matr\u00edcules, certificats, expedients i tota mena de papers oficials. <\/span><\/p>\n<p>L&#8217;horari de secretaria \u00e9s: de dilluns a divendres de 10.30 h a 13.00 h. Dimarts i dijous tamb\u00e9 de 16.30 h a 18.00 h.<\/p>\n<p>Per qualsevol dubte o consulta podeu trucar al tel\u00e8fon del centre 93 574 06 70 o adre\u00e7ar-vos al correu <a href=\"mailto:secretariaestelaiberica@gmail.com\" target=\"_blank\" rel=\"noopener noreferrer\">secretaria@estelaiberica.com<\/a><\/p>\n<p><b>Consergeria<\/b><\/p>\n<p style=\"text-align: justify;\"><span style=\"font-weight: 400;\">De cara als alumnes, us ofereix els serveis seg\u00fcents: facilitar els impresos per justificar els retards o faltes d\u2019assist\u00e8ncia al centre, servei de fotoc\u00f2pies, recollir totes aquelles pertinences que han estat extraviades. Recordem que, en cas necessari, el tel\u00e8fon de consergeria \u00e9s la via de comunicaci\u00f3 amb les fam\u00edlies.<\/span><\/p>\n<p><b>Cafeteria<\/b><\/p>\n<p style=\"text-align: justify;\">Oberta per a l&#8217;alumnat a l&#8217;hora de l&#8217;esbarjo (d&#8217;11.00 a 11.30 h i 18:00a 18:30) S&#8217;hi serveixen begudes i una gran varietat d&#8217;entrepans, empanades, etc. tot preparat de forma casolana per la Nadia.<\/p>\n<p><b>Associaci\u00f3 de fam\u00edlies d&#8217;alumnes AFA<\/b><\/p>\n<p style=\"text-align: justify;\"><span style=\"font-weight: 400;\">L\u2019Associaci\u00f3 est\u00e0 legalment constitu\u00efda i col\u00b7labora activament en la vida del Centre. La col\u00b7laboraci\u00f3 de les fam\u00edlies \u00e9s fonamental. M\u00e9s informaci\u00f3 ampaestelaiberica<span class=\"atwho-query\">@gmail.com<\/span><\/span><\/p>\n","protected":false},"excerpt":{"rendered":"<p>Biblioteca<br \/>\nBiblioteca m\u00f2bil a c\u00e0rrec de l&#8217;alumnat del Servei Comunitari de 3r d&#8217;ESO. Durant l&#8217;hora de lectura (11.30 h) es passar\u00e0 per les aules de 2n i 4t d&#8217;ESO els dimecres, i per 1r i 3r d&#8217;ESO els dijous.<br \/>\nEn aquest servei es pot fer consulta d\u2019obres&hellip;  <a href=\"https:\/\/agora.xtec.cat\/ies-estelaiberica\/linstitut\/instal%c2%b7lacions\/\" title=\"Read Instal\u00b7lacions i Serveis\">Llegeix m\u00e9s\u00bb<\/a><\/p>\n","protected":false},"author":1,"featured_media":0,"parent":19,"menu_order":30,"comment_status":"closed","ping_status":"closed","template":"page-templates\/side-menu.php","meta":{"_bbp_topic_count":0,"_bbp_reply_count":0,"_bbp_total_topic_count":0,"_bbp_total_reply_count":0,"_bbp_voice_count":0,"_bbp_anonymous_reply_count":0,"_bbp_topic_count_hidden":0,"_bbp_reply_count_hidden":0,"_bbp_forum_subforum_count":0,"footnotes":""},"class_list":["post-39","page","type-page","status-publish","hentry"],"post_mailing_queue_ids":[],"_links":{"self":[{"href":"https:\/\/agora.xtec.cat\/ies-estelaiberica\/wp-json\/wp\/v2\/pages\/39","targetHints":{"allow":["GET"]}}],"collection":[{"href":"https:\/\/agora.xtec.cat\/ies-estelaiberica\/wp-json\/wp\/v2\/pages"}],"about":[{"href":"https:\/\/agora.xtec.cat\/ies-estelaiberica\/wp-json\/wp\/v2\/types\/page"}],"author":[{"embeddable":true,"href":"https:\/\/agora.xtec.cat\/ies-estelaiberica\/wp-json\/wp\/v2\/users\/1"}],"replies":[{"embeddable":true,"href":"https:\/\/agora.xtec.cat\/ies-estelaiberica\/wp-json\/wp\/v2\/comments?post=39"}],"version-history":[{"count":7,"href":"https:\/\/agora.xtec.cat\/ies-estelaiberica\/wp-json\/wp\/v2\/pages\/39\/revisions"}],"predecessor-version":[{"id":4880,"href":"https:\/\/agora.xtec.cat\/ies-estelaiberica\/wp-json\/wp\/v2\/pages\/39\/revisions\/4880"}],"up":[{"embeddable":true,"href":"https:\/\/agora.xtec.cat\/ies-estelaiberica\/wp-json\/wp\/v2\/pages\/19"}],"wp:attachment":[{"href":"https:\/\/agora.xtec.cat\/ies-estelaiberica\/wp-json\/wp\/v2\/media?parent=39"}],"curies":[{"name":"wp","href":"https:\/\/api.w.org\/{rel}","templated":true}]}}