{"id":27,"date":"2016-10-17T16:24:03","date_gmt":"2016-10-17T14:24:03","guid":{"rendered":"http:\/\/agora.xtec.cat\/ies-estelaiberica\/?page_id=27"},"modified":"2025-04-07T12:30:34","modified_gmt":"2025-04-07T10:30:34","slug":"historia","status":"publish","type":"page","link":"https:\/\/agora.xtec.cat\/ies-estelaiberica\/linstitut\/historia\/","title":{"rendered":"Hist\u00f2ria"},"content":{"rendered":"<p><strong>L\u00b4INS Estela Ib\u00e8rica<\/strong> de Santa Perp\u00e8tua de Mogoda neix l\u00b4any 1991 quan es fusiona l\u00b4extensi\u00f3 de BUP i la secci\u00f3 de FP. Fins al curs 1994-19<a href=\"http:\/\/agora.xtec.cat\/ies-estelaiberica\/wp-content\/uploads\/usu1512\/2016\/10\/IMG_2132.jpg\"><img loading=\"lazy\" decoding=\"async\" class=\"wp-image-470 alignleft\" src=\"http:\/\/agora.xtec.cat\/ies-estelaiberica\/wp-content\/uploads\/usu1512\/2016\/10\/IMG_2132-1024x1024.jpg\" alt=\"img_2132\" width=\"338\" height=\"338\" srcset=\"https:\/\/agora.xtec.cat\/ies-estelaiberica\/wp-content\/uploads\/usu1512\/2016\/10\/IMG_2132-1024x1024.jpg 1024w, https:\/\/agora.xtec.cat\/ies-estelaiberica\/wp-content\/uploads\/usu1512\/2016\/10\/IMG_2132-150x150.jpg 150w, https:\/\/agora.xtec.cat\/ies-estelaiberica\/wp-content\/uploads\/usu1512\/2016\/10\/IMG_2132-300x300.jpg 300w, https:\/\/agora.xtec.cat\/ies-estelaiberica\/wp-content\/uploads\/usu1512\/2016\/10\/IMG_2132-768x768.jpg 768w\" sizes=\"auto, (max-width: 338px) 100vw, 338px\" \/><\/a>95 va funcionar amb el nom d\u00b4IES Santa Perp\u00e8tua. A partir d\u00b4aquesta data passa a dir-se Estela Ib\u00e8rica com a homenatge a la fita de pedra amb inscripcions en llengua ibera que es va trobar al bosquet de Can Soldevila. Es pot observar una r\u00e8plica d\u00b4aquesta pedra a la biblioteca del centre. La imatge de l\u00b4estela ha esdevingut tamb\u00e9 el s\u00edmbol del nostre centre.<\/p>\n<p>L\u00b4INS Estela Ib\u00e8rica \u00e9s un institut situat a Santa Perp\u00e8tua de Mogoda, al Vall\u00e8s Occidental. Est\u00e0 situat a un entron privilegiat pel que fa a l\u00b4acc\u00e9s d\u00b4espais culturals del poble. Davant de la porta d\u00b4entrada est\u00e0 la Granja Soldevila, seu de la Regidora de Cultura, de la Regidora de Promoci\u00f3 Econ\u00f2mica, l\u00b4Escola de m\u00fasica i dansa, la biblioteca Josep Jard\u00ed, el museu municipal i l\u00b4escola d\u00b4adults. A m\u00e9s, en aquesta zona s\u00b4est\u00e0 construint el nou centre de formaci\u00f3 ocupacional. Amb aix\u00f2 podem gaudir de col.laboracions, cada cop m\u00e9s enfortides, per part de l\u00b4Escola de m\u00fasica i de la biblioteca municipal. A poca dist\u00e0ncia del nostre centre es troba el poliesportiu municipal, de f\u00e0cil acc\u00e9s per als nostres alumnes. De fet, a l\u00b4actualitat s\u00b4imparteixen algunes classes d\u00b4educaci\u00f3 f\u00edsica i s\u00b4organitzen activitats esportives amb forta pres\u00e8ncia del nostre alumnat.<\/p>\n<p>&nbsp;<\/p>\n<p>&nbsp;<\/p>\n","protected":false},"excerpt":{"rendered":"<p>L\u00b4INS Estela Ib\u00e8rica de Santa Perp\u00e8tua de Mogoda neix l\u00b4any 1991 quan es fusiona l\u00b4extensi\u00f3 de BUP i la secci\u00f3 de FP. Fins al curs 1994-19<a href=\"http:\/\/agora.xtec.cat\/ies-estelaiberica\/wp-content\/uploads\/usu1512\/2016\/10\/IMG_2132.jpg\"><\/a>95 va funcionar amb el nom d\u00b4IES Santa Perp\u00e8tua. A partir d\u00b4aquesta data passa a dir-se Estela Ib\u00e8rica com&hellip;  <a href=\"https:\/\/agora.xtec.cat\/ies-estelaiberica\/linstitut\/historia\/\" title=\"Read Hist\u00f2ria\">Llegeix m\u00e9s\u00bb<\/a><\/p>\n","protected":false},"author":1,"featured_media":0,"parent":19,"menu_order":25,"comment_status":"closed","ping_status":"closed","template":"page-templates\/side-menu.php","meta":{"_bbp_topic_count":0,"_bbp_reply_count":0,"_bbp_total_topic_count":0,"_bbp_total_reply_count":0,"_bbp_voice_count":0,"_bbp_anonymous_reply_count":0,"_bbp_topic_count_hidden":0,"_bbp_reply_count_hidden":0,"_bbp_forum_subforum_count":0,"footnotes":""},"class_list":["post-27","page","type-page","status-publish","hentry"],"post_mailing_queue_ids":[],"_links":{"self":[{"href":"https:\/\/agora.xtec.cat\/ies-estelaiberica\/wp-json\/wp\/v2\/pages\/27","targetHints":{"allow":["GET"]}}],"collection":[{"href":"https:\/\/agora.xtec.cat\/ies-estelaiberica\/wp-json\/wp\/v2\/pages"}],"about":[{"href":"https:\/\/agora.xtec.cat\/ies-estelaiberica\/wp-json\/wp\/v2\/types\/page"}],"author":[{"embeddable":true,"href":"https:\/\/agora.xtec.cat\/ies-estelaiberica\/wp-json\/wp\/v2\/users\/1"}],"replies":[{"embeddable":true,"href":"https:\/\/agora.xtec.cat\/ies-estelaiberica\/wp-json\/wp\/v2\/comments?post=27"}],"version-history":[{"count":3,"href":"https:\/\/agora.xtec.cat\/ies-estelaiberica\/wp-json\/wp\/v2\/pages\/27\/revisions"}],"predecessor-version":[{"id":474,"href":"https:\/\/agora.xtec.cat\/ies-estelaiberica\/wp-json\/wp\/v2\/pages\/27\/revisions\/474"}],"up":[{"embeddable":true,"href":"https:\/\/agora.xtec.cat\/ies-estelaiberica\/wp-json\/wp\/v2\/pages\/19"}],"wp:attachment":[{"href":"https:\/\/agora.xtec.cat\/ies-estelaiberica\/wp-json\/wp\/v2\/media?parent=27"}],"curies":[{"name":"wp","href":"https:\/\/api.w.org\/{rel}","templated":true}]}}