{"id":195,"date":"2014-09-22T10:39:39","date_gmt":"2014-09-22T10:39:39","guid":{"rendered":"http:\/\/agora.xtec.cat\/ies-estelaiberica\/?page_id=195"},"modified":"2025-04-07T12:38:58","modified_gmt":"2025-04-07T10:38:58","slug":"estudis","status":"publish","type":"page","link":"https:\/\/agora.xtec.cat\/ies-estelaiberica\/estudis\/","title":{"rendered":"Estudis"},"content":{"rendered":"<p style=\"color: #444444;\"><span style=\"color: #087eb6; font-size: 2.75em;\">ESO<\/span><\/p>\n<div class=\"entry-content\" style=\"color: #444444;\">\n<ul>\n<li>Llibres de text i lectures obligat\u00f2ries<\/li>\n<li>Mat\u00e8ries Optatives<\/li>\n<li>Servei Comunitari<\/li>\n<li>Cr\u00e8dit de S\u00edntesi 1r, 2n i 3r<\/li>\n<li>Projecte de recerca a 4rt<\/li>\n<\/ul>\n<header class=\"entry-header\">\n<h1 class=\"entry-title\" style=\"font-weight: 400; color: #087eb6;\">Batxillerat<\/h1>\n<\/header>\n<div class=\"entry-content\">\n<ul>\n<li>Llibres de text i lectures obligat\u00f2ries<\/li>\n<li>PAU (notes de tall, calendari, ponderacions, exemples ex\u00e0mens, itineraris universitaris,\u2026)<\/li>\n<\/ul>\n<\/div>\n<\/div>\n<header class=\"entry-header\" style=\"color: #444444;\">\n<h1 class=\"entry-title\" style=\"font-weight: 400; color: #087eb6;\">PFI<\/h1>\n<ul>\n<li>Una bona opci\u00f3 si no has aprovat l\u2019ESO, i<br \/>\ntens entre 16 i 21 anys.<\/li>\n<li>Ara pots decidir a quina professi\u00f3 et vols dedicar!<\/li>\n<li>Una formaci\u00f3 ben valorada,<br \/>\nd\u20191 curs acad\u00e8mic<\/li>\n<\/ul>\n<h1 class=\"entry-title\" style=\"font-weight: 400; color: #087eb6;\">CFGM<\/h1>\n<\/header>\n<div class=\"entry-content\" style=\"color: #444444;\">\n<ul>\n<li>Pr\u00e0ctiques a empreses<\/li>\n<li>Projectes de mobilitat<\/li>\n<li>Servei d\u2019orientaci\u00f3 i assessorament, servei de reconeixement acad\u00e8mic, formaci\u00f3 dual\u2026<\/li>\n<\/ul>\n<header class=\"entry-header\">\n<h1 class=\"entry-title\" style=\"font-weight: 400; color: #087eb6;\">CFGS<\/h1>\n<\/header>\n<div class=\"entry-content\">\n<ul>\n<li>Pr\u00e0ctiques a empreses<\/li>\n<li>Projectes de mobilitat<\/li>\n<li>mesures flexibilitzadores: servei d\u2019assessorament, servei de reconeixement acad\u00e8mic, formaci\u00f3 dual&#8230;<\/li>\n<\/ul>\n<\/div>\n<\/div>\n","protected":false},"excerpt":{"rendered":"<p>ESO<\/p>\n<ul>\n<li>Llibres de text i lectures obligat\u00f2ries<\/li>\n<li>Mat\u00e8ries Optatives<\/li>\n<li>Servei Comunitari<\/li>\n<li>Cr\u00e8dit de S\u00edntesi 1r, 2n i 3r<\/li>\n<li>Projecte de recerca a 4rt<\/li>\n<\/ul>\n<p>Batxillerat<\/p>\n<ul>\n<li>Llibres de text i lectures obligat\u00f2ries<\/li>\n<li>PAU (notes de tall, calendari, ponderacions, exemples ex\u00e0mens, itineraris universitaris,\u2026)<\/li>\n<\/ul>\n<p>PFI<\/p>\n<ul>\n<li>Una bona opci\u00f3 si no has aprovat l\u2019ESO, i<br \/>\ntens entre 16 i 21 anys.<\/li>\n<li>Ara&hellip;  <a href=\"https:\/\/agora.xtec.cat\/ies-estelaiberica\/estudis\/\" title=\"Read Estudis\">Llegeix m\u00e9s\u00bb<\/a><br \/>\n","protected":false},"author":1,"featured_media":0,"parent":0,"menu_order":0,"comment_status":"closed","ping_status":"closed","template":"page-templates\/side-menu.php","meta":{"_bbp_topic_count":0,"_bbp_reply_count":0,"_bbp_total_topic_count":0,"_bbp_total_reply_count":0,"_bbp_voice_count":0,"_bbp_anonymous_reply_count":0,"_bbp_topic_count_hidden":0,"_bbp_reply_count_hidden":0,"_bbp_forum_subforum_count":0,"footnotes":""},"class_list":["post-195","page","type-page","status-publish","hentry"],"post_mailing_queue_ids":[],"_links":{"self":[{"href":"https:\/\/agora.xtec.cat\/ies-estelaiberica\/wp-json\/wp\/v2\/pages\/195","targetHints":{"allow":["GET"]}}],"collection":[{"href":"https:\/\/agora.xtec.cat\/ies-estelaiberica\/wp-json\/wp\/v2\/pages"}],"about":[{"href":"https:\/\/agora.xtec.cat\/ies-estelaiberica\/wp-json\/wp\/v2\/types\/page"}],"author":[{"embeddable":true,"href":"https:\/\/agora.xtec.cat\/ies-estelaiberica\/wp-json\/wp\/v2\/users\/1"}],"replies":[{"embeddable":true,"href":"https:\/\/agora.xtec.cat\/ies-estelaiberica\/wp-json\/wp\/v2\/comments?post=195"}],"version-history":[{"count":4,"href":"https:\/\/agora.xtec.cat\/ies-estelaiberica\/wp-json\/wp\/v2\/pages\/195\/revisions"}],"predecessor-version":[{"id":4548,"href":"https:\/\/agora.xtec.cat\/ies-estelaiberica\/wp-json\/wp\/v2\/pages\/195\/revisions\/4548"}],"wp:attachment":[{"href":"https:\/\/agora.xtec.cat\/ies-estelaiberica\/wp-json\/wp\/v2\/media?parent=195"}],"curies":[{"name":"wp","href":"https:\/\/api.w.org\/{rel}","templated":true}]}}