{"id":7,"date":"2014-09-12T10:14:31","date_gmt":"2014-09-12T10:14:31","guid":{"rendered":"http:\/\/agora.xtec.cat\/ies-estatut\/?page_id=7"},"modified":"2026-04-08T16:41:51","modified_gmt":"2026-04-08T14:41:51","slug":"pagines-dinici","status":"publish","type":"page","link":"https:\/\/agora.xtec.cat\/ies-estatut\/","title":{"rendered":"L&#8217;Institut"},"content":{"rendered":"<p><!--div class=\"alerta\">\n\n\n<div>\n\n\n<h1>ALERTA IMPORTANT: Situaci\u00f3 d'emerg\u00e8ncia per fortes ventades<\/h1>\n\n\n&nbsp;\n\n<strong>Dem\u00e0 dijous dia 12 de febrer no hi haur\u00e0 activitat educativa a tot Catalunya.<\/strong>\n\n<strong>L'institut estar\u00e0 tancat.<\/strong>\n\n&nbsp;\n\nDavant la previsi\u00f3 de fortes ventades i seguint les recomanacions de Protecci\u00f3 Civil, se susp\u00e8n l'activitat lectiva a tot Catalunya aquest dijous 12 de febrer.\n\nRecomanem molta precauci\u00f3 i seguir les indicacions d'@emergenciescat.\n\n<\/div>\n\n\n<\/div--> \r\n\t<div class=\"slideshow_container slideshow_container_style-light\" style=\"height: 300px; \" data-slideshow-id=\"1238\" data-style-name=\"style-light\" data-style-version=\"2.3.1\" >\r\n\r\n\t\t\t\t\t<div class=\"slideshow_loading_icon\"><\/div>\r\n\t\t\r\n\t\t<div class=\"slideshow_content\" style=\"display: none;\">\r\n\r\n\t\t\t<div class=\"slideshow_view\">\r\n\t\t\t\t<div class=\"slideshow_slide slideshow_slide_image\">\r\n\t\t\t\t\t\t\t\t\t\t\t<img src=\"https:\/\/agora.xtec.cat\/ies-estatut\/wp-content\/uploads\/usu435\/2019\/02\/IMG_20190226_115123.jpg\" alt=\"IMG_20190226_115123\" width=\"2559\" height=\"781\" \/>\r\n\t\t\t\t\t\t\t\t\t\t<div class=\"slideshow_description_box slideshow_transparent\">\r\n\t\t\t\t\t\t<div class=\"slideshow_title\">IMG_20190226_115123<\/div>\t\t\t\t\t\t\t\t\t\t\t<\/div>\r\n\t\t\t\t<\/div>\r\n\r\n\t\t\t\t\t\t<div style=\"clear: both;\"><\/div><\/div><div class=\"slideshow_view\">\r\n\t\t\t\t<div class=\"slideshow_slide slideshow_slide_image\">\r\n\t\t\t\t\t\t\t\t\t\t\t<img src=\"https:\/\/agora.xtec.cat\/ies-estatut\/wp-content\/uploads\/usu435\/2019\/02\/IMG_20190226_115302.jpg\" alt=\"IMG_20190226_115302\" width=\"2330\" height=\"709\" \/>\r\n\t\t\t\t\t\t\t\t\t\t<div class=\"slideshow_description_box slideshow_transparent\">\r\n\t\t\t\t\t\t<div class=\"slideshow_title\">IMG_20190226_115302<\/div>\t\t\t\t\t\t\t\t\t\t\t<\/div>\r\n\t\t\t\t<\/div>\r\n\r\n\t\t\t\t\t\t<div style=\"clear: both;\"><\/div><\/div><div class=\"slideshow_view\">\r\n\t\t\t\t<div class=\"slideshow_slide slideshow_slide_image\">\r\n\t\t\t\t\t\t\t\t\t\t\t<img src=\"https:\/\/agora.xtec.cat\/ies-estatut\/wp-content\/uploads\/usu435\/2019\/02\/IMG_20190226_115243.jpg\" alt=\"IMG_20190226_115243\" width=\"2380\" height=\"722\" \/>\r\n\t\t\t\t\t\t\t\t\t\t<div class=\"slideshow_description_box slideshow_transparent\">\r\n\t\t\t\t\t\t<div class=\"slideshow_title\">IMG_20190226_115243<\/div>\t\t\t\t\t\t\t\t\t\t\t<\/div>\r\n\t\t\t\t<\/div>\r\n\r\n\t\t\t\t\t\t<div style=\"clear: both;\"><\/div><\/div><div class=\"slideshow_view\">\r\n\t\t\t\t<div class=\"slideshow_slide slideshow_slide_image\">\r\n\t\t\t\t\t\t\t\t\t\t\t<img src=\"https:\/\/agora.xtec.cat\/ies-estatut\/wp-content\/uploads\/usu435\/2019\/02\/IMG_20190226_115205.jpg\" alt=\"IMG_20190226_115205\" width=\"2497\" height=\"737\" \/>\r\n\t\t\t\t\t\t\t\t\t\t<div class=\"slideshow_description_box slideshow_transparent\">\r\n\t\t\t\t\t\t<div class=\"slideshow_title\">IMG_20190226_115205<\/div>\t\t\t\t\t\t\t\t\t\t\t<\/div>\r\n\t\t\t\t<\/div>\r\n\r\n\t\t\t\t\t\t<div style=\"clear: both;\"><\/div><\/div><div class=\"slideshow_view\">\r\n\t\t\t\t<div class=\"slideshow_slide slideshow_slide_image\">\r\n\t\t\t\t\t\t\t\t\t\t\t<img src=\"https:\/\/agora.xtec.cat\/ies-estatut\/wp-content\/uploads\/usu435\/2019\/02\/IMG_20190226_115228.jpg\" alt=\"IMG_20190226_115228\" width=\"2612\" height=\"695\" \/>\r\n\t\t\t\t\t\t\t\t\t\t<div class=\"slideshow_description_box slideshow_transparent\">\r\n\t\t\t\t\t\t<div class=\"slideshow_title\">IMG_20190226_115228<\/div>\t\t\t\t\t\t\t\t\t\t\t<\/div>\r\n\t\t\t\t<\/div>\r\n\r\n\t\t\t\t\t\t<div style=\"clear: both;\"><\/div><\/div><div class=\"slideshow_view\">\r\n\t\t\t\t<div class=\"slideshow_slide slideshow_slide_image\">\r\n\t\t\t\t\t\t\t\t\t\t\t<img src=\"https:\/\/agora.xtec.cat\/ies-estatut\/wp-content\/uploads\/usu435\/2022\/01\/IMG_1929-scaled.jpg\" alt=\"IMG_1929\" width=\"2560\" height=\"1920\" \/>\r\n\t\t\t\t\t\t\t\t\t\t<div class=\"slideshow_description_box slideshow_transparent\">\r\n\t\t\t\t\t\t<div class=\"slideshow_title\">IMG_1929<\/div>\t\t\t\t\t\t\t\t\t\t\t<\/div>\r\n\t\t\t\t<\/div>\r\n\r\n\t\t\t\t\t\t<div style=\"clear: both;\"><\/div><\/div>\r\n\t\t<\/div>\r\n\r\n\t\t<div class=\"slideshow_controlPanel slideshow_transparent\" style=\"display: none;\"><ul><li class=\"slideshow_togglePlay\" data-play-text=\"Visualitza\" data-pause-text=\"Pausa\"><\/li><\/ul><\/div>\r\n\r\n\t\t<div class=\"slideshow_button slideshow_previous slideshow_transparent\" role=\"button\" data-previous-text=\"Anterior\" style=\"display: none;\"><\/div>\r\n\t\t<div class=\"slideshow_button slideshow_next slideshow_transparent\" role=\"button\" data-next-text=\"Seg\u00fcent\" style=\"display: none;\"><\/div>\r\n\r\n\t\t<div class=\"slideshow_pagination\" style=\"display: none;\" data-go-to-text=\"V\u00e9s a la diapositiva\"><div class=\"slideshow_pagination_center\"><\/div><\/div>\r\n\r\n\t\t<!-- WordPress Slideshow Version 2.3.1 -->\r\n\r\n\t\t\t<\/div>\r\n\r\n<\/p>\n<p><!--Es pot afegir una notificaci\u00f3 dins els botons de la seg\u00fcent manera:\n\n\n<h1 class=\"novetat-portada\" data-content=\"Novetat\"><a class=\"front-btn\" href=\"\/\">Enlla\u00e7<\/a><\/h1>\n\n\n--><\/p>\n<p><!--\n\n\n<h3>Proves d'acc\u00e9s a FP<\/h3>\n\n\n\n\n<div class=\"front-btn-container\">\n\n\n<h1><a class=\"front-btn\" href=\"https:\/\/agora.xtec.cat\/ies-estatut\/secretaria\/preinscripcions-2025-2026\/proves-dacces-a-grau-mitja\/\">Grau Mitj\u00e0<\/a><\/h1>\n\n\n\n\n<h1><a class=\"front-btn\" href=\"https:\/\/agora.xtec.cat\/ies-estatut\/secretaria\/preinscripcions-2025-2026\/proves-dacces-a-grau-superior\/\">Grau Superior<\/a><\/h1>\n\n\n<\/div>\n\n\n\n\n<h3>Preinscripcions<\/h3>\n\n\n\n\n<div class=\"front-btn-container\">\n\n\n<h1><a class=\"front-btn\" href=\"https:\/\/agora.xtec.cat\/ies-estatut\/secretaria\/preinscripcions-2025-2026\/preinscripcions-pfi-2025-2026\/\">PFI 2025-2026<\/a><\/h1>\n\n\n\n\n<h1><a class=\"front-btn\" href=\"https:\/\/agora.xtec.cat\/ies-estatut\/secretaria\/preinscripcions-2026-2027\/preinscripcions-eso-2026-2027\/\">ESO 2026-2027<\/a><\/h1>\n\n\n\n\n<h1><a class=\"front-btn\" href=\"https:\/\/agora.xtec.cat\/ies-estatut\/secretaria\/preinscripcions-2025-2026\/preinscripcions-batxillerat-2025-2026\/\">Batxillerat 2025-2026<\/a><\/h1>\n\n\n\n\n<h1><a class=\"front-btn\" href=\"https:\/\/agora.xtec.cat\/ies-estatut\/secretaria\/preinscripcions-2025-2026\/preinscripcions-grau-basic-2025-2026\/\">Grau B\u00e0sic 2025-2026<\/a><\/h1>\n\n\n\n\n<h1><a class=\"front-btn\" href=\"https:\/\/agora.xtec.cat\/ies-estatut\/secretaria\/preinscripcions-2025-2026\/preinscripcions-grau-mitja-2025-2026\/\">Grau Mitj\u00e0 2025-2026 <\/a><\/h1>\n\n\n\n\n<h1><a class=\"front-btn\" href=\"https:\/\/agora.xtec.cat\/ies-estatut\/secretaria\/preinscripcions-2025-2026\/preinscripcions-grau-superior-2025-2026\/\">Grau Superior 2025-2026<\/a><\/h1>\n\n\n<\/div>\n\n\n--><\/p>\n<h3>Proves d&#8217;acc\u00e9s a FP<\/h3>\n<div class=\"front-btn-container\">\n<h1><a class=\"front-btn\" href=\"https:\/\/agora.xtec.cat\/ies-estatut\/secretaria\/preinscripcions-2026-2027\/proves-dacces-a-grau-mitja\/\">Grau Mitj\u00e0<\/a><\/h1>\n<h1><a class=\"front-btn\" href=\"https:\/\/agora.xtec.cat\/ies-estatut\/secretaria\/preinscripcions-2026-2027\/proves-dacces-a-grau-superior\/\">Grau Superior<\/a><\/h1>\n<\/div>\n<h3>Preinscripcions<\/h3>\n<div class=\"front-btn-container\">\n<h1><a class=\"front-btn\" href=\"https:\/\/agora.xtec.cat\/ies-estatut\/secretaria\/preinscripcions-2026-2027\/preinscripcions-eso-2026-2027\/\">ESO 2026-2027<\/a><\/h1>\n<h1 class=\"novetat-portada\" data-content=\"Oferta inicial\"><a class=\"front-btn\" href=\"https:\/\/agora.xtec.cat\/ies-estatut\/secretaria\/preinscripcions-2026-2027\/preinscripcions-batxillerat-2026-2027\/\">Batxillerat 2026-2027<\/a><\/h1>\n<h1 class=\"novetat-portada\" data-content=\"Portes Obertes\"><a class=\"front-btn\" href=\"https:\/\/agora.xtec.cat\/ies-estatut\/secretaria\/preinscripcions-2026-2027\/preinscripcions-cfgm-2026-2027\/\">Grau Mitj\u00e0 2026-2027<\/a><\/h1>\n<h1 class=\"novetat-portada\" data-content=\"Portes Obertes\"><a class=\"front-btn\" href=\"https:\/\/agora.xtec.cat\/ies-estatut\/secretaria\/preinscripcions-2026-2027\/preinscripcions-cfgs-2026-2027\/\">Grau Superior 2026-2027<\/a><\/h1>\n<\/div>\n<h3>Altres enlla\u00e7os d&#8217;inter\u00e8s<\/h3>\n<div class=\"front-btn-container\">\n<h1><a class=\"front-btn\" href=\"https:\/\/agora.xtec.cat\/ies-estatut\/secretaria\/preinscripcions-2026-2027\/preinscripcions-eso-2026-2027\/#exemples\">Els nostres projectes<\/a><\/h1>\n<\/div>\n<p>&nbsp;<\/p>\n","protected":false},"excerpt":{"rendered":"\n<p>\t\t\t\t\t\tIMG_20190226_115123\t\t\t\t\t\t\t\t\t\t\t<\/p>\n<p>\t\t\t\t\t\tIMG_20190226_115302\t\t\t\t\t\t\t\t\t\t\t<\/p>\n<p>\t\t\t\t\t\tIMG_20190226_115243\t\t\t\t\t\t\t\t\t\t\t<\/p>\n<p>\t\t\t\t\t\tIMG_20190226_115205\t\t\t\t\t\t\t\t\t\t\t<\/p>\n<p>\t\t\t\t\t\tIMG_20190226_115228\t\t\t\t\t\t\t\t\t\t\t<\/p>\n<p>\t\t\t\t\t\tIMG_1929\t\t\t\t\t\t\t\t\t\t\t<\/p>\n<ul>\n<li class=\"slideshow_togglePlay\" data-play-text=\"Visualitza\" data-pause-text=\"Pausa\"><\/li>\n<\/ul>\n<p>Proves d&#8217;acc\u00e9s a FP<\/p>\n<p><a class=\"front-btn\" href=\"https:\/\/agora.xtec.cat\/ies-estatut\/secretaria\/preinscripcions-2026-2027\/proves-dacces-a-grau-mitja\/\">Grau Mitj\u00e0<\/a><br \/>\n<a class=\"front-btn\" href=\"https:\/\/agora.xtec.cat\/ies-estatut\/secretaria\/preinscripcions-2026-2027\/proves-dacces-a-grau-superior\/\">Grau Superior<\/a><\/p>\n<p>Preinscripcions<\/p>\n<p><a class=\"front-btn\" href=\"https:\/\/agora.xtec.cat\/ies-estatut\/secretaria\/preinscripcions-2026-2027\/preinscripcions-eso-2026-2027\/\">ESO 2026-2027<\/a><br \/>\n<a class=\"front-btn\" href=\"https:\/\/agora.xtec.cat\/ies-estatut\/secretaria\/preinscripcions-2026-2027\/preinscripcions-batxillerat-2026-2027\/\">Batxillerat 2026-2027<\/a><br \/>\n<a class=\"front-btn\" href=\"https:\/\/agora.xtec.cat\/ies-estatut\/secretaria\/preinscripcions-2026-2027\/preinscripcions-cfgm-2026-2027\/\">Grau Mitj\u00e0 2026-2027<\/a><br \/>\n<a class=\"front-btn\" href=\"https:\/\/agora.xtec.cat\/ies-estatut\/secretaria\/preinscripcions-2026-2027\/preinscripcions-cfgs-2026-2027\/\">Grau Superior 2026-2027<\/a><\/p>\n<p>Altres enlla\u00e7os d&#8217;inter\u00e8s<\/p>\n<p><a class=\"front-btn\" href=\"https:\/\/agora.xtec.cat\/ies-estatut\/secretaria\/preinscripcions-2026-2027\/preinscripcions-eso-2026-2027\/#exemples\">Els nostres projectes<\/a><\/p>\n<p>&nbsp;<\/p>\n","protected":false},"author":1,"featured_media":0,"parent":0,"menu_order":3,"comment_status":"closed","ping_status":"closed","template":"","meta":{"_bbp_topic_count":0,"_bbp_reply_count":0,"_bbp_total_topic_count":0,"_bbp_total_reply_count":0,"_bbp_voice_count":0,"_bbp_anonymous_reply_count":0,"_bbp_topic_count_hidden":0,"_bbp_reply_count_hidden":0,"_bbp_forum_subforum_count":0,"footnotes":""},"class_list":["post-7","page","type-page","status-publish","hentry"],"post_mailing_queue_ids":[],"_links":{"self":[{"href":"https:\/\/agora.xtec.cat\/ies-estatut\/wp-json\/wp\/v2\/pages\/7","targetHints":{"allow":["GET"]}}],"collection":[{"href":"https:\/\/agora.xtec.cat\/ies-estatut\/wp-json\/wp\/v2\/pages"}],"about":[{"href":"https:\/\/agora.xtec.cat\/ies-estatut\/wp-json\/wp\/v2\/types\/page"}],"author":[{"embeddable":true,"href":"https:\/\/agora.xtec.cat\/ies-estatut\/wp-json\/wp\/v2\/users\/1"}],"replies":[{"embeddable":true,"href":"https:\/\/agora.xtec.cat\/ies-estatut\/wp-json\/wp\/v2\/comments?post=7"}],"version-history":[{"count":8,"href":"https:\/\/agora.xtec.cat\/ies-estatut\/wp-json\/wp\/v2\/pages\/7\/revisions"}],"predecessor-version":[{"id":6941,"href":"https:\/\/agora.xtec.cat\/ies-estatut\/wp-json\/wp\/v2\/pages\/7\/revisions\/6941"}],"wp:attachment":[{"href":"https:\/\/agora.xtec.cat\/ies-estatut\/wp-json\/wp\/v2\/media?parent=7"}],"curies":[{"name":"wp","href":"https:\/\/api.w.org\/{rel}","templated":true}]}}