{"id":5826,"date":"2025-02-05T12:02:12","date_gmt":"2025-02-05T11:02:12","guid":{"rendered":"https:\/\/agora.xtec.cat\/ies-estatut\/?page_id=5826"},"modified":"2025-02-05T12:03:22","modified_gmt":"2025-02-05T11:03:22","slug":"matricula-semipresencial","status":"publish","type":"page","link":"https:\/\/agora.xtec.cat\/ies-estatut\/estudis\/matricula-semipresencial\/","title":{"rendered":"Matr\u00edcula semipresencial"},"content":{"rendered":"<h3>Es pot sol\u00b7licitar a partir del 23 de setembre de 2024<\/h3>\n<p>&nbsp;<\/p>\n<h3>Objectiu:<\/h3>\n<p>Facilitar l&#8217;acc\u00e9s als ensenyaments de formaci\u00f3 professional de les persones que no poden assistir presencialment a totes les hores lectives.<\/p>\n<h3>Qui pot acollir-se a la matr\u00edcula semipresencial?<\/h3>\n<p>Les persones que\u00a0<strong>acrediten DOCUMENTALMENT<\/strong>\u00a0(justificant oficial) la incompatibilitat amb l\u2019horari de les classes pels seg\u00fcents motius:<\/p>\n<ul>\n<li>Treball<\/li>\n<li>Tenir cura d\u2019altres persones<\/li>\n<li>O per qualsevol altra circumst\u00e0ncia excepcional.<\/li>\n<\/ul>\n<h3>Com se sol\u00b7licita?<\/h3>\n<ul>\n<li>Se sol\u00b7licita enviant la sol\u00b7licitud al tutor\/a del grup i adjuntant la documentaci\u00f3 requerida:\n<ul>\n<li>Sol\u00b7licitud que heu de descarregar\u00a0<strong><a href=\"https:\/\/agora.xtec.cat\/ies-estatut\/wp-content\/uploads\/usu435\/2025\/02\/Sollicitud-semipresencialitat-INS-lEstatut.pdf\">aqu\u00ed.<\/a><\/strong><\/li>\n<li>Contracte de treball o certificat d&#8217;empresa on\u00a0<strong>consti l&#8217;horari. Si no consta l&#8217;horari es denegar\u00e0 la semipresencialitat.<\/strong><\/li>\n<li>Informe de vida laboral.<\/li>\n<li>En el cas de tenir cura d&#8217;altres persones o per qualsevol altra circumst\u00e0ncia excepcional: documentaci\u00f3 oficial que ho acrediti.<\/li>\n<\/ul>\n<\/li>\n<\/ul>\n<p>&nbsp;<\/p>\n<h3>Caracter\u00edstiques:<\/h3>\n<p>Aquesta mesura flexibilitzadora combina les activitats presencials amb aquelles que no impliquen la pres\u00e8ncia dels alumnes en el centre.<\/p>\n<ul>\n<li>Nom\u00e9s \u00e9s pot demanar la semipresencialitat dels m\u00f2duls o unitats formatives que l\u2019institut oferta en aquesta modalitat.<\/li>\n<li>Cal assistir presencialment almenys a la meitat de les hores previstes per al m\u00f2dul o unitat formativa. Caldr\u00e0 pactar els dies amb el professorat responsable del m\u00f2dul.<\/li>\n<li>Cal fer totes les activitats d&#8217;aprenentatge programades per al m\u00f2dul o unitat formativa.<\/li>\n<li>Les activitats que els alumnes cursin en modalitat semipresencial han de comportar la mateixa c\u00e0rrega hor\u00e0ria que les presencials.<\/li>\n<li>El professorat tutoritzar\u00e0 les activitats dels alumnes de manera telem\u00e0tica o amb els mitjans que s&#8217;acordin.<\/li>\n<li>Els continguts cursats de manera semipresencial s&#8217;avaluen de manera presencial.<\/li>\n<\/ul>\n<p>&nbsp;<\/p>\n","protected":false},"excerpt":{"rendered":"<p>Es pot sol\u00b7licitar a partir del 23 de setembre de 2024<br \/>\n&nbsp;<br \/>\nObjectiu:<br \/>\nFacilitar l&#8217;acc\u00e9s als ensenyaments de formaci\u00f3 professional de les persones que no poden assistir presencialment a totes les hores lectives.<br \/>\nQui pot acollir-se a la matr\u00edcula semipresencial?<br \/>\nLes persones que\u00a0acrediten DOCUMENTALMENT\u00a0(justificant oficial) la incompatibilitat amb l\u2019horari de&hellip;  <a href=\"https:\/\/agora.xtec.cat\/ies-estatut\/estudis\/matricula-semipresencial\/\" title=\"Read Matr\u00edcula semipresencial\">Llegeix m\u00e9s\u00bb<\/a><\/p>\n","protected":false},"author":4,"featured_media":0,"parent":884,"menu_order":5,"comment_status":"closed","ping_status":"closed","template":"page-templates\/side-menu.php","meta":{"_bbp_topic_count":0,"_bbp_reply_count":0,"_bbp_total_topic_count":0,"_bbp_total_reply_count":0,"_bbp_voice_count":0,"_bbp_anonymous_reply_count":0,"_bbp_topic_count_hidden":0,"_bbp_reply_count_hidden":0,"_bbp_forum_subforum_count":0,"footnotes":""},"class_list":["post-5826","page","type-page","status-publish","hentry"],"post_mailing_queue_ids":[],"_links":{"self":[{"href":"https:\/\/agora.xtec.cat\/ies-estatut\/wp-json\/wp\/v2\/pages\/5826","targetHints":{"allow":["GET"]}}],"collection":[{"href":"https:\/\/agora.xtec.cat\/ies-estatut\/wp-json\/wp\/v2\/pages"}],"about":[{"href":"https:\/\/agora.xtec.cat\/ies-estatut\/wp-json\/wp\/v2\/types\/page"}],"author":[{"embeddable":true,"href":"https:\/\/agora.xtec.cat\/ies-estatut\/wp-json\/wp\/v2\/users\/4"}],"replies":[{"embeddable":true,"href":"https:\/\/agora.xtec.cat\/ies-estatut\/wp-json\/wp\/v2\/comments?post=5826"}],"version-history":[{"count":2,"href":"https:\/\/agora.xtec.cat\/ies-estatut\/wp-json\/wp\/v2\/pages\/5826\/revisions"}],"predecessor-version":[{"id":5829,"href":"https:\/\/agora.xtec.cat\/ies-estatut\/wp-json\/wp\/v2\/pages\/5826\/revisions\/5829"}],"up":[{"embeddable":true,"href":"https:\/\/agora.xtec.cat\/ies-estatut\/wp-json\/wp\/v2\/pages\/884"}],"wp:attachment":[{"href":"https:\/\/agora.xtec.cat\/ies-estatut\/wp-json\/wp\/v2\/media?parent=5826"}],"curies":[{"name":"wp","href":"https:\/\/api.w.org\/{rel}","templated":true}]}}