{"id":4090,"date":"2023-04-21T12:09:18","date_gmt":"2023-04-21T10:09:18","guid":{"rendered":"https:\/\/agora.xtec.cat\/ies-estatut\/?page_id=4090"},"modified":"2024-03-21T12:12:52","modified_gmt":"2024-03-21T11:12:52","slug":"convocatoria-de-beques","status":"publish","type":"page","link":"https:\/\/agora.xtec.cat\/ies-estatut\/secretaria\/beques\/convocatoria-de-beques\/","title":{"rendered":"Beques d&#8217;estudis postobligatoris"},"content":{"rendered":"<p>&nbsp;<\/p>\n<p>Com cada any, el<em>\u00a0Ministerio de Educaci\u00f3n y Formaci\u00f3n Profesional<\/em>\u00a0ha publicat una convocat\u00f2ria de beques i ajuts de car\u00e0cter general per al proper curs acad\u00e8mic 2024-2025 per a l\u2019alumnat que cursa ensenyaments postobligatoris, no universitaris.<br \/>\nLes beques es tramiten per avan\u00e7at i el termini \u00e9s\u00a0<strong>del 19 de mar\u00e7 al 10 de maig de 2024,<\/strong>\u00a0ambd\u00f3s inclosos. Cal indicar, a la sol\u00b7licitud, quins ensenyaments preveieu cursar el curs vinent i en quin centre; posteriorment, cap al mes de setembre, podreu accedir de nou al tr\u00e0mit i fer-hi les modificacions de dades acad\u00e8miques o personals que\u00a0convingui.<\/p>\n<p>Trobareu m\u00e9s informaci\u00f3 a la\u00a0<a href=\"https:\/\/educacio.gencat.cat\/ca\/serveis-tramits\/beques\/beques-postobligatoris\/\" target=\"_blank\" rel=\"noopener\" data-saferedirecturl=\"https:\/\/www.google.com\/url?q=https:\/\/educacio.gencat.cat\/ca\/serveis-tramits\/beques\/beques-postobligatoris\/&amp;source=gmail&amp;ust=1711090633930000&amp;usg=AOvVaw3z30bRuMBPiMME3GHaDkKy\">p\u00e0gina web del Departament d\u2019Educaci\u00f3.<\/a>\u00a0Si teniu dubtes, tamb\u00e9 podeu consultar la secci\u00f3\u00a0de\u00a0<a href=\"https:\/\/www.becaseducacion.gob.es\/portada.html\" target=\"_blank\" rel=\"noopener\" data-saferedirecturl=\"https:\/\/www.google.com\/url?q=https:\/\/www.becaseducacion.gob.es\/portada.html&amp;source=gmail&amp;ust=1711090633930000&amp;usg=AOvVaw1TkRN2sQw_yr-eeqF4oM8G\">Preguntes freq\u00fcents<\/a>\u00a0del web de Ministerio de Educaci\u00f3n y Formaci\u00f3n Profesional.<br \/>\nPodeu demanar cita pr\u00e8via a\u00a0<a href=\"https:\/\/www.rubijove.cat\/node\/694\" target=\"_blank\" rel=\"noopener\" data-saferedirecturl=\"https:\/\/www.google.com\/url?q=https:\/\/www.rubijove.cat\/node\/694&amp;source=gmail&amp;ust=1711090633930000&amp;usg=AOvVaw1Y5-IGAgZsYaBmY1V1DOPo\">Rub\u00ed Jove<\/a>\u00a0per acompanyar-vos per omplir la sol\u00b7licitud de la beca.<\/p>\n<p><strong>Qu\u00e8 s\u00f3n les beques del Ministerio de Educaci\u00f3n y Formaci\u00f3n Profesional ?<\/strong><br \/>\nS\u00f3n ajuts econ\u00f2mics que es concedeixen a aquells alumnes que estan cursant o cursaran el proper curs 24-25 ensenyaments postobligatoris, i que compleixen uns requisits de rendiment acad\u00e8mic i amb un m\u00e0xim d\u2019ingressos a la unitat familiar.<\/p>\n<p><strong>Quins s\u00f3n els ensenyaments postobligatoris?<\/strong><\/p>\n<p>\u2022 Batxillerat<\/p>\n<p>\u2022 Formaci\u00f3 professional de grau mitj\u00e0 i de grau superior<\/p>\n<p>\u2022 Ensenyaments art\u00edstics professionals, esportius o art\u00edstics superiors<\/p>\n<p>\u2022 Estudis religiosos superiors<\/p>\n<p>\u2022 Estudis d\u2019idiomes en escoles oficials (inclosa la modalitat de dist\u00e0ncia)<\/p>\n<p>\u2022 Cursos d\u2019acc\u00e9s i cursos de preparaci\u00f3 per a les proves d\u2019acc\u00e9s a la formaci\u00f3 professional i cursos de formaci\u00f3 espec\u00edfics per a l\u2019acc\u00e9s als cicles de grau mitj\u00e0 i de grau superior en centres p\u00fablics i en privats concertats sempre que tinguin autoritzats estudis de formaci\u00f3 professional.<\/p>\n<p>\u2022 Cicles formatius de grau b\u00e0sic<\/p>\n<p><a href=\"https:\/\/educacio.gencat.cat\/ca\/tramits\/tramits-temes\/247-beques-ministerio-postobligatoris?category=7449fd1c-a82c-11e3-a972-000c29052e2c&amp;moda=1\" target=\"_blank\" rel=\"noopener\" data-saferedirecturl=\"https:\/\/www.google.com\/url?q=https:\/\/educacio.gencat.cat\/ca\/tramits\/tramits-temes\/247-beques-ministerio-postobligatoris?category%3D7449fd1c-a82c-11e3-a972-000c29052e2c%26moda%3D1&amp;source=gmail&amp;ust=1711090633931000&amp;usg=AOvVaw2RyioFA6rjtHZcZOlUzf6A\"><strong>PODEU CONSULTAR AQU\u00cd TOTA LA INFORMACI\u00d3 DEL TR\u00c0MIT.<\/strong><\/a><\/p>\n<p>Tamb\u00e9 podeu descarregar-vos\u00a0<a href=\"https:\/\/boe.es\/boe\/dias\/2024\/03\/15\/pdfs\/BOE-B-2024-9036.pdf\" target=\"_blank\" rel=\"noopener\" data-saferedirecturl=\"https:\/\/www.google.com\/url?q=https:\/\/boe.es\/boe\/dias\/2024\/03\/15\/pdfs\/BOE-B-2024-9036.pdf&amp;source=gmail&amp;ust=1711090633931000&amp;usg=AOvVaw1XjnSBBmXF9elJTgB8gaoe\">aqu\u00ed<\/a>\u00a0la resoluci\u00f3 completa.<\/p>\n<p>&nbsp;<\/p>\n<p>&nbsp;<\/p>\n","protected":false},"excerpt":{"rendered":"<p>&nbsp;<br \/>\nCom cada any, el\u00a0Ministerio de Educaci\u00f3n y Formaci\u00f3n Profesional\u00a0ha publicat una convocat\u00f2ria de beques i ajuts de car\u00e0cter general per al proper curs acad\u00e8mic 2024-2025 per a l\u2019alumnat que cursa ensenyaments postobligatoris, no universitaris.<br \/>\nLes beques es tramiten per avan\u00e7at i el termini \u00e9s\u00a0del 19 de&hellip;  <a href=\"https:\/\/agora.xtec.cat\/ies-estatut\/secretaria\/beques\/convocatoria-de-beques\/\" title=\"Read Beques d&#8217;estudis postobligatoris\">Llegeix m\u00e9s\u00bb<\/a><\/p>\n","protected":false},"author":1,"featured_media":0,"parent":4101,"menu_order":0,"comment_status":"closed","ping_status":"closed","template":"page-templates\/side-menu.php","meta":{"_bbp_topic_count":0,"_bbp_reply_count":0,"_bbp_total_topic_count":0,"_bbp_total_reply_count":0,"_bbp_voice_count":0,"_bbp_anonymous_reply_count":0,"_bbp_topic_count_hidden":0,"_bbp_reply_count_hidden":0,"_bbp_forum_subforum_count":0,"footnotes":""},"class_list":["post-4090","page","type-page","status-publish","hentry"],"post_mailing_queue_ids":[],"_links":{"self":[{"href":"https:\/\/agora.xtec.cat\/ies-estatut\/wp-json\/wp\/v2\/pages\/4090","targetHints":{"allow":["GET"]}}],"collection":[{"href":"https:\/\/agora.xtec.cat\/ies-estatut\/wp-json\/wp\/v2\/pages"}],"about":[{"href":"https:\/\/agora.xtec.cat\/ies-estatut\/wp-json\/wp\/v2\/types\/page"}],"author":[{"embeddable":true,"href":"https:\/\/agora.xtec.cat\/ies-estatut\/wp-json\/wp\/v2\/users\/1"}],"replies":[{"embeddable":true,"href":"https:\/\/agora.xtec.cat\/ies-estatut\/wp-json\/wp\/v2\/comments?post=4090"}],"version-history":[{"count":6,"href":"https:\/\/agora.xtec.cat\/ies-estatut\/wp-json\/wp\/v2\/pages\/4090\/revisions"}],"predecessor-version":[{"id":4094,"href":"https:\/\/agora.xtec.cat\/ies-estatut\/wp-json\/wp\/v2\/pages\/4090\/revisions\/4094"}],"up":[{"embeddable":true,"href":"https:\/\/agora.xtec.cat\/ies-estatut\/wp-json\/wp\/v2\/pages\/4101"}],"wp:attachment":[{"href":"https:\/\/agora.xtec.cat\/ies-estatut\/wp-json\/wp\/v2\/media?parent=4090"}],"curies":[{"name":"wp","href":"https:\/\/api.w.org\/{rel}","templated":true}]}}