{"id":39,"date":"2014-09-17T16:36:44","date_gmt":"2014-09-17T16:36:44","guid":{"rendered":"http:\/\/agora.xtec.cat\/ies-estatut\/?page_id=39"},"modified":"2020-11-05T16:06:11","modified_gmt":"2020-11-05T15:06:11","slug":"instal%c2%b7lacions","status":"publish","type":"page","link":"https:\/\/agora.xtec.cat\/ies-estatut\/linstitut\/instal%c2%b7lacions\/","title":{"rendered":"Instal\u00b7lacions"},"content":{"rendered":"<p><span style=\"font-weight: 400;\">L\u2019edifici de l\u2019Estatut \u00e9s de recent construcci\u00f3, i est\u00e0 situat en un entorn privilegiat, ja que l\u2019envolta el Parc de Ca n\u2019Oriol. <\/span><\/p>\n<p><span style=\"font-weight: 400;\">\u00c9s un edifici de distribuci\u00f3 molt senzilla i confortable, f\u00e0cilment accesible. <\/span><\/p>\n<p><span style=\"font-weight: 400;\">Totes les aules estan equipades amb projector i equip d\u2019audio, aix\u00ed com punts d\u2019acc\u00e9s wifi. <\/span><\/p>\n","protected":false},"excerpt":{"rendered":"<p>L\u2019edifici de l\u2019Estatut \u00e9s de recent construcci\u00f3, i est\u00e0 situat en un entorn privilegiat, ja que l\u2019envolta el Parc de Ca n\u2019Oriol.<br \/>\n\u00c9s un edifici de distribuci\u00f3 molt senzilla i confortable, f\u00e0cilment accesible.<br \/>\nTotes les aules estan equipades amb projector i equip d\u2019audio, aix\u00ed com&hellip;  <a href=\"https:\/\/agora.xtec.cat\/ies-estatut\/linstitut\/instal%c2%b7lacions\/\" title=\"Read Instal\u00b7lacions\">Llegeix m\u00e9s\u00bb<\/a><\/p>\n","protected":false},"author":1,"featured_media":0,"parent":19,"menu_order":30,"comment_status":"closed","ping_status":"closed","template":"page-templates\/side-menu.php","meta":{"_bbp_topic_count":0,"_bbp_reply_count":0,"_bbp_total_topic_count":0,"_bbp_total_reply_count":0,"_bbp_voice_count":0,"_bbp_anonymous_reply_count":0,"_bbp_topic_count_hidden":0,"_bbp_reply_count_hidden":0,"_bbp_forum_subforum_count":0,"footnotes":""},"class_list":["post-39","page","type-page","status-publish","hentry"],"post_mailing_queue_ids":[],"_links":{"self":[{"href":"https:\/\/agora.xtec.cat\/ies-estatut\/wp-json\/wp\/v2\/pages\/39","targetHints":{"allow":["GET"]}}],"collection":[{"href":"https:\/\/agora.xtec.cat\/ies-estatut\/wp-json\/wp\/v2\/pages"}],"about":[{"href":"https:\/\/agora.xtec.cat\/ies-estatut\/wp-json\/wp\/v2\/types\/page"}],"author":[{"embeddable":true,"href":"https:\/\/agora.xtec.cat\/ies-estatut\/wp-json\/wp\/v2\/users\/1"}],"replies":[{"embeddable":true,"href":"https:\/\/agora.xtec.cat\/ies-estatut\/wp-json\/wp\/v2\/comments?post=39"}],"version-history":[{"count":3,"href":"https:\/\/agora.xtec.cat\/ies-estatut\/wp-json\/wp\/v2\/pages\/39\/revisions"}],"predecessor-version":[{"id":839,"href":"https:\/\/agora.xtec.cat\/ies-estatut\/wp-json\/wp\/v2\/pages\/39\/revisions\/839"}],"up":[{"embeddable":true,"href":"https:\/\/agora.xtec.cat\/ies-estatut\/wp-json\/wp\/v2\/pages\/19"}],"wp:attachment":[{"href":"https:\/\/agora.xtec.cat\/ies-estatut\/wp-json\/wp\/v2\/media?parent=39"}],"curies":[{"name":"wp","href":"https:\/\/api.w.org\/{rel}","templated":true}]}}