{"id":3656,"date":"2022-12-06T19:24:16","date_gmt":"2022-12-06T18:24:16","guid":{"rendered":"https:\/\/agora.xtec.cat\/ies-estatut\/?page_id=3656"},"modified":"2022-12-06T19:33:58","modified_gmt":"2022-12-06T18:33:58","slug":"reparacio-dordinadors","status":"publish","type":"page","link":"https:\/\/agora.xtec.cat\/ies-estatut\/reparacio-dordinadors\/","title":{"rendered":"Reparaci\u00f3 d&#8217;ordinadors"},"content":{"rendered":"<p>&nbsp;<\/p>\n<p>L&#8217;alumnat del PTT de l&#8217;institut l&#8217;Estatut realitza un projecte de reparaci\u00f3 d&#8217;ordinadors. Aquesta reparaci\u00f3 la faran els alumnes amb la supervisi\u00f3 del professorat especialista i el cost nom\u00e9s ser\u00e0 del material emprat. <strong>Per a m\u00e9s informaci\u00f3 llegiu-vos el contracte i si hi esteu interessats empleneu el formulari.<\/strong><\/p>\n<h2 style=\"text-align: center;\"><strong><a href=\"https:\/\/drive.google.com\/file\/d\/1KFmyoU2BwxBPFqzIn-mftGFEnp23l6n_\/view\">Contracte<\/a>\u00a0 \u00a0 \u00a0 \u00a0 \u00a0 \u00a0 \u00a0 \u00a0 \u00a0 \u00a0<a href=\"https:\/\/docs.google.com\/forms\/d\/e\/1FAIpQLSeXCzy8jWz4fLcpJxWergQ3EtM8EHyeZ2UUlOqDsET-qH4CPA\/viewform\">Formulari<\/a> <\/strong><\/h2>\n<p>&nbsp;<\/p>\n<p>&nbsp;<\/p>\n<p>&nbsp;<\/p>\n","protected":false},"excerpt":{"rendered":"<p>&nbsp;<br \/>\nL&#8217;alumnat del PTT de l&#8217;institut l&#8217;Estatut realitza un projecte de reparaci\u00f3 d&#8217;ordinadors. Aquesta reparaci\u00f3 la faran els alumnes amb la supervisi\u00f3 del professorat especialista i el cost nom\u00e9s ser\u00e0 del material emprat. Per a m\u00e9s informaci\u00f3 llegiu-vos el contracte i si hi esteu interessats empleneu&hellip;  <a href=\"https:\/\/agora.xtec.cat\/ies-estatut\/reparacio-dordinadors\/\" title=\"Read Reparaci\u00f3 d&#8217;ordinadors\">Llegeix m\u00e9s\u00bb<\/a><\/p>\n","protected":false},"author":1,"featured_media":0,"parent":0,"menu_order":0,"comment_status":"closed","ping_status":"closed","template":"","meta":{"_bbp_topic_count":0,"_bbp_reply_count":0,"_bbp_total_topic_count":0,"_bbp_total_reply_count":0,"_bbp_voice_count":0,"_bbp_anonymous_reply_count":0,"_bbp_topic_count_hidden":0,"_bbp_reply_count_hidden":0,"_bbp_forum_subforum_count":0,"footnotes":""},"class_list":["post-3656","page","type-page","status-publish","hentry"],"post_mailing_queue_ids":[],"_links":{"self":[{"href":"https:\/\/agora.xtec.cat\/ies-estatut\/wp-json\/wp\/v2\/pages\/3656","targetHints":{"allow":["GET"]}}],"collection":[{"href":"https:\/\/agora.xtec.cat\/ies-estatut\/wp-json\/wp\/v2\/pages"}],"about":[{"href":"https:\/\/agora.xtec.cat\/ies-estatut\/wp-json\/wp\/v2\/types\/page"}],"author":[{"embeddable":true,"href":"https:\/\/agora.xtec.cat\/ies-estatut\/wp-json\/wp\/v2\/users\/1"}],"replies":[{"embeddable":true,"href":"https:\/\/agora.xtec.cat\/ies-estatut\/wp-json\/wp\/v2\/comments?post=3656"}],"version-history":[{"count":3,"href":"https:\/\/agora.xtec.cat\/ies-estatut\/wp-json\/wp\/v2\/pages\/3656\/revisions"}],"predecessor-version":[{"id":3671,"href":"https:\/\/agora.xtec.cat\/ies-estatut\/wp-json\/wp\/v2\/pages\/3656\/revisions\/3671"}],"wp:attachment":[{"href":"https:\/\/agora.xtec.cat\/ies-estatut\/wp-json\/wp\/v2\/media?parent=3656"}],"curies":[{"name":"wp","href":"https:\/\/api.w.org\/{rel}","templated":true}]}}