{"id":3270,"date":"2022-03-17T16:20:43","date_gmt":"2022-03-17T15:20:43","guid":{"rendered":"https:\/\/agora.xtec.cat\/ies-estatut\/?page_id=3270"},"modified":"2024-04-05T10:47:09","modified_gmt":"2024-04-05T08:47:09","slug":"cicles-formatius-administracio-i-gestio-serveis-administratius","status":"publish","type":"page","link":"https:\/\/agora.xtec.cat\/ies-estatut\/estudis\/cicle-formacio-administracio-i-gestio\/cicles-formatius-administracio-i-gestio-serveis-administratius\/","title":{"rendered":"CFGB SA &#8211; Serveis administratius"},"content":{"rendered":"<p style=\"text-align: center;\"><strong>Cicle Formatiu de Grau b\u00e0sic<\/strong><\/p>\n<h2 style=\"text-align: center;\"><\/h2>\n<p>T\u00e9 una assignaci\u00f3 de 2000 hores distribu\u00efdes en dos cursos acad\u00e8mics en horari de mat\u00ed.<\/p>\n<p>La superaci\u00f3 d\u2019aquests estudis s\u2019acredita amb l\u2019obtenci\u00f3 del t\u00edtol Professional b\u00e0sic en serveis administratius.<\/p>\n<p>La compet\u00e8ncia general del t\u00edtol consisteix a realitzar tasques administratives i de gesti\u00f3 b\u00e0siques, amb autonomia amb responsabilitat i iniciativa personal, operant amb la qualitat indicada, observant les normes de prevenci\u00f3 de riscos laborals i protecci\u00f3 mediambiental corresponents i comunicant-se de forma oral i escrita en llengua catalana i castellana i a nivell b\u00e0sic en llengua anglesa.<\/p>\n<p>&nbsp;<\/p>\n<h2><strong>Curr\u00edculum del cicle de Serveis administratius<\/strong><\/h2>\n<h3>Primer Curs &#8211; SA<\/h3>\n<div class=\"h5p-iframe-wrapper\"><iframe id=\"h5p-iframe-10\" class=\"h5p-iframe\" data-content-id=\"10\" style=\"height:1px\" src=\"about:blank\" frameBorder=\"0\" scrolling=\"no\" title=\"Primer Curs - SA\"><\/iframe><\/div>\n<h3><\/h3>\n<h3>Segon Curs &#8211; SA<\/h3>\n<div class=\"h5p-iframe-wrapper\"><iframe id=\"h5p-iframe-11\" class=\"h5p-iframe\" data-content-id=\"11\" style=\"height:1px\" src=\"about:blank\" frameBorder=\"0\" scrolling=\"no\" title=\"Segon Curs - SA\"><\/iframe><\/div>\n<h2>Sortides professionals<\/h2>\n<ul>\n<li>Auxiliar d&#8217;oficina<\/li>\n<li>Auxiliar de serveis generals<\/li>\n<li>Auxiliar d&#8217;arxiu<\/li>\n<li>Auxiliar d\u2019informaci\u00f3 i\/o digitalitzaci\u00f3<\/li>\n<li>Auxiliar de venda<\/li>\n<li>Telefonista<\/li>\n<li>Classificador\/a de correspond\u00e8ncia<\/li>\n<li>Operador\/a documental<\/li>\n<li>Dependent\/a de comer\u00e7<\/li>\n<li>Operador de cobrament o caixer\/a<\/li>\n<\/ul>\n<h3>Tamb\u00e9 podr\u00e0s continuar els teus estudis en un Cicle formatiu de Grau mitj\u00e0<\/h3>\n<p>&nbsp;<\/p>\n","protected":false},"excerpt":{"rendered":"<p>Cicle Formatiu de Grau b\u00e0sic<\/p>\n<p>T\u00e9 una assignaci\u00f3 de 2000 hores distribu\u00efdes en dos cursos acad\u00e8mics en horari de mat\u00ed.<br \/>\nLa superaci\u00f3 d\u2019aquests estudis s\u2019acredita amb l\u2019obtenci\u00f3 del t\u00edtol Professional b\u00e0sic en serveis administratius.<br \/>\nLa compet\u00e8ncia general del t\u00edtol consisteix a realitzar tasques administratives i de gesti\u00f3 b\u00e0siques,&hellip;  <a href=\"https:\/\/agora.xtec.cat\/ies-estatut\/estudis\/cicle-formacio-administracio-i-gestio\/cicles-formatius-administracio-i-gestio-serveis-administratius\/\" title=\"Read CFGB SA &#8211; Serveis administratius\">Llegeix m\u00e9s\u00bb<\/a><\/p>\n","protected":false},"author":1,"featured_media":0,"parent":3199,"menu_order":0,"comment_status":"closed","ping_status":"closed","template":"page-templates\/side-menu.php","meta":{"_bbp_topic_count":0,"_bbp_reply_count":0,"_bbp_total_topic_count":0,"_bbp_total_reply_count":0,"_bbp_voice_count":0,"_bbp_anonymous_reply_count":0,"_bbp_topic_count_hidden":0,"_bbp_reply_count_hidden":0,"_bbp_forum_subforum_count":0,"footnotes":""},"class_list":["post-3270","page","type-page","status-publish","hentry"],"post_mailing_queue_ids":[],"_links":{"self":[{"href":"https:\/\/agora.xtec.cat\/ies-estatut\/wp-json\/wp\/v2\/pages\/3270","targetHints":{"allow":["GET"]}}],"collection":[{"href":"https:\/\/agora.xtec.cat\/ies-estatut\/wp-json\/wp\/v2\/pages"}],"about":[{"href":"https:\/\/agora.xtec.cat\/ies-estatut\/wp-json\/wp\/v2\/types\/page"}],"author":[{"embeddable":true,"href":"https:\/\/agora.xtec.cat\/ies-estatut\/wp-json\/wp\/v2\/users\/1"}],"replies":[{"embeddable":true,"href":"https:\/\/agora.xtec.cat\/ies-estatut\/wp-json\/wp\/v2\/comments?post=3270"}],"version-history":[{"count":6,"href":"https:\/\/agora.xtec.cat\/ies-estatut\/wp-json\/wp\/v2\/pages\/3270\/revisions"}],"predecessor-version":[{"id":5013,"href":"https:\/\/agora.xtec.cat\/ies-estatut\/wp-json\/wp\/v2\/pages\/3270\/revisions\/5013"}],"up":[{"embeddable":true,"href":"https:\/\/agora.xtec.cat\/ies-estatut\/wp-json\/wp\/v2\/pages\/3199"}],"wp:attachment":[{"href":"https:\/\/agora.xtec.cat\/ies-estatut\/wp-json\/wp\/v2\/media?parent=3270"}],"curies":[{"name":"wp","href":"https:\/\/api.w.org\/{rel}","templated":true}]}}

<p style="text-align: center;"><strong>Cicle Formatiu de Grau bàsic</strong></p>
<h2 style="text-align: center;"></h2>
<p>Té una assignació de 2000 hores distribuïdes en dos cursos acadèmics en horari de matí.</p>
<p>La superació d’aquests estudis s’acredita amb l’obtenció del títol Professional bàsic en serveis administratius.</p>
<p>La competència general del títol consisteix a realitzar tasques administratives i de gestió bàsiques, amb autonomia amb responsabilitat i iniciativa personal, operant amb la qualitat indicada, observant les normes de prevenció de riscos laborals i protecció mediambiental corresponents i comunicant-se de forma oral i escrita en llengua catalana i castellana i a nivell bàsic en llengua anglesa.</p>
<p>&nbsp;</p>
<h2><strong>Currículum del cicle de Serveis administratius</strong></h2>
<h3>Primer Curs &#8211; SA</h3>
<div class="h5p-iframe-wrapper"><iframe id="h5p-iframe-10" class="h5p-iframe" data-content-id="10" style="height:1px" src="about:blank" frameBorder="0" scrolling="no" title="Primer Curs - SA"></iframe></div>
<h3></h3>
<h3>Segon Curs &#8211; SA</h3>
<div class="h5p-iframe-wrapper"><iframe id="h5p-iframe-11" class="h5p-iframe" data-content-id="11" style="height:1px" src="about:blank" frameBorder="0" scrolling="no" title="Segon Curs - SA"></iframe></div>
<h2>Sortides professionals</h2>
<ul>
<li>Auxiliar d&#8217;oficina</li>
<li>Auxiliar de serveis generals</li>
<li>Auxiliar d&#8217;arxiu</li>
<li>Auxiliar d’informació i/o digitalització</li>
<li>Auxiliar de venda</li>
<li>Telefonista</li>
<li>Classificador/a de correspondència</li>
<li>Operador/a documental</li>
<li>Dependent/a de comerç</li>
<li>Operador de cobrament o caixer/a</li>
</ul>
<h3>També podràs continuar els teus estudis en un Cicle formatiu de Grau mitjà</h3>
<p>&nbsp;</p>

<p>Cicle Formatiu de Grau bàsic</p>
<p>Té una assignació de 2000 hores distribuïdes en dos cursos acadèmics en horari de matí.<br />
La superació d’aquests estudis s’acredita amb l’obtenció del títol Professional bàsic en serveis administratius.<br />
La competència general del títol consisteix a realitzar tasques administratives i de gestió bàsiques,&hellip;  <a href="https://agora.xtec.cat/ies-estatut/estudis/cicle-formacio-administracio-i-gestio/cicles-formatius-administracio-i-gestio-serveis-administratius/" title="Read CFGB SA &#8211; Serveis administratius">Llegeix més»</a></p>
