{"id":3210,"date":"2022-03-10T16:04:48","date_gmt":"2022-03-10T15:04:48","guid":{"rendered":"https:\/\/agora.xtec.cat\/ies-estatut\/?page_id=3210"},"modified":"2024-04-05T10:55:42","modified_gmt":"2024-04-05T08:55:42","slug":"ga-gestio-administrativa","status":"publish","type":"page","link":"https:\/\/agora.xtec.cat\/ies-estatut\/estudis\/cicle-formacio-administracio-i-gestio\/ga-gestio-administrativa\/","title":{"rendered":"CFGM GA &#8211; Gesti\u00f3 administrativa"},"content":{"rendered":"<p style=\"text-align: center;\"><strong>Cicle Formatiu de Grau mitj\u00e0<\/strong><\/p>\n<h2 style=\"text-align: center;\"><img loading=\"lazy\" decoding=\"async\" class=\"aligncenter size-full wp-image-3214\" src=\"https:\/\/agora.xtec.cat\/ies-estatut\/wp-content\/uploads\/usu435\/2022\/03\/gestio-administrativa.jpg\" alt=\"\" width=\"305\" height=\"305\" srcset=\"https:\/\/agora.xtec.cat\/ies-estatut\/wp-content\/uploads\/usu435\/2022\/03\/gestio-administrativa.jpg 305w, https:\/\/agora.xtec.cat\/ies-estatut\/wp-content\/uploads\/usu435\/2022\/03\/gestio-administrativa-300x300.jpg 300w, https:\/\/agora.xtec.cat\/ies-estatut\/wp-content\/uploads\/usu435\/2022\/03\/gestio-administrativa-150x150.jpg 150w\" sizes=\"auto, (max-width: 305px) 100vw, 305px\" \/><\/h2>\n<p>T\u00e9 una assignaci\u00f3 de 2000 hores distribu\u00efdes en dos cursos acad\u00e8mics, primer curs en horari de mat\u00ed i segon curs en horari de tarda.<\/p>\n<p>La superaci\u00f3 d\u2019aquests estudis s\u2019acredita amb l\u2019obtenci\u00f3 de la titulaci\u00f3 com a T\u00e8cnic en Gesti\u00f3 administrativa.<\/p>\n<p>La compet\u00e8ncia general d&#8217;aquest t\u00edtol consisteix a activitats de suport administratiu en l&#8217;\u00e0mbit laboral, comptable, comercial, financer i fiscal, aix\u00ed com d&#8217;atenci\u00f3 al client\/usuari, tant en empreses p\u00fabliques com en empreses privades, aplicant la normativa vigent i protocols de qualitat, assegurant la satisfacci\u00f3 del client i actuant segons les normes de prevenci\u00f3 de riscos laborals i de protecci\u00f3 ambiental.<\/p>\n<p>&nbsp;<\/p>\n<p style=\"text-align: center;\"><a href=\"https:\/\/agora.xtec.cat\/ies-estatut\/wp-content\/uploads\/usu435\/2022\/03\/Gestio-administrativa.pdf\" target=\"_blank\" rel=\"noopener noreferrer\">Descarrega&#8217;t el tr\u00edptic amb tota la informaci\u00f3<\/a><\/p>\n<p>&nbsp;<\/p>\n<h1><strong>Curr\u00edculum del cicle de Gesti\u00f3 administrativa<\/strong><\/h1>\n<h3>Primer Curs &#8211; GA<\/h3>\n<div class=\"h5p-iframe-wrapper\"><iframe id=\"h5p-iframe-7\" class=\"h5p-iframe\" data-content-id=\"7\" style=\"height:1px\" src=\"about:blank\" frameBorder=\"0\" scrolling=\"no\" title=\"Primer Curs - GA\"><\/iframe><\/div>\n<h3>Segon Curs &#8211; GA<\/h3>\n<div class=\"h5p-iframe-wrapper\"><iframe id=\"h5p-iframe-8\" class=\"h5p-iframe\" data-content-id=\"8\" style=\"height:1px\" src=\"about:blank\" frameBorder=\"0\" scrolling=\"no\" title=\"Segon Curs - GA\"><\/iframe><\/div>\n<h2>Sortides professionals<\/h2>\n<ul>\n<li>T\u00e8cnic o t\u00e8cnica en <strong>gesti\u00f3 administrativa<\/strong><\/li>\n<li>Auxiliar administratiu o administrativa<\/li>\n<li>Auxiliar comptable<\/li>\n<li>Auxiliar de tresoreria<\/li>\n<li>Auxiliar de documentaci\u00f3 i arxiu<\/li>\n<\/ul>\n<p>&nbsp;<\/p>\n","protected":false},"excerpt":{"rendered":"<p>Cicle Formatiu de Grau mitj\u00e0<\/p>\n<p>T\u00e9 una assignaci\u00f3 de 2000 hores distribu\u00efdes en dos cursos acad\u00e8mics, primer curs en horari de mat\u00ed i segon curs en horari de tarda.<br \/>\nLa superaci\u00f3 d\u2019aquests estudis s\u2019acredita amb l\u2019obtenci\u00f3 de la titulaci\u00f3 com a T\u00e8cnic en Gesti\u00f3 administrativa.<br \/>\nLa compet\u00e8ncia general&hellip;  <a href=\"https:\/\/agora.xtec.cat\/ies-estatut\/estudis\/cicle-formacio-administracio-i-gestio\/ga-gestio-administrativa\/\" title=\"Read CFGM GA &#8211; Gesti\u00f3 administrativa\">Llegeix m\u00e9s\u00bb<\/a><\/p>\n","protected":false},"author":1,"featured_media":0,"parent":3199,"menu_order":1,"comment_status":"closed","ping_status":"closed","template":"page-templates\/side-menu.php","meta":{"_bbp_topic_count":0,"_bbp_reply_count":0,"_bbp_total_topic_count":0,"_bbp_total_reply_count":0,"_bbp_voice_count":0,"_bbp_anonymous_reply_count":0,"_bbp_topic_count_hidden":0,"_bbp_reply_count_hidden":0,"_bbp_forum_subforum_count":0,"footnotes":""},"class_list":["post-3210","page","type-page","status-publish","hentry"],"post_mailing_queue_ids":[],"_links":{"self":[{"href":"https:\/\/agora.xtec.cat\/ies-estatut\/wp-json\/wp\/v2\/pages\/3210","targetHints":{"allow":["GET"]}}],"collection":[{"href":"https:\/\/agora.xtec.cat\/ies-estatut\/wp-json\/wp\/v2\/pages"}],"about":[{"href":"https:\/\/agora.xtec.cat\/ies-estatut\/wp-json\/wp\/v2\/types\/page"}],"author":[{"embeddable":true,"href":"https:\/\/agora.xtec.cat\/ies-estatut\/wp-json\/wp\/v2\/users\/1"}],"replies":[{"embeddable":true,"href":"https:\/\/agora.xtec.cat\/ies-estatut\/wp-json\/wp\/v2\/comments?post=3210"}],"version-history":[{"count":5,"href":"https:\/\/agora.xtec.cat\/ies-estatut\/wp-json\/wp\/v2\/pages\/3210\/revisions"}],"predecessor-version":[{"id":5022,"href":"https:\/\/agora.xtec.cat\/ies-estatut\/wp-json\/wp\/v2\/pages\/3210\/revisions\/5022"}],"up":[{"embeddable":true,"href":"https:\/\/agora.xtec.cat\/ies-estatut\/wp-json\/wp\/v2\/pages\/3199"}],"wp:attachment":[{"href":"https:\/\/agora.xtec.cat\/ies-estatut\/wp-json\/wp\/v2\/media?parent=3210"}],"curies":[{"name":"wp","href":"https:\/\/api.w.org\/{rel}","templated":true}]}}

CFGM GA &#8211; Gestió administrativa

<p style="text-align: center;"><strong>Cicle Formatiu de Grau mitjà</strong></p>
<h2 style="text-align: center;"><img loading="lazy" decoding="async" class="aligncenter size-full wp-image-3214" src="https://agora.xtec.cat/ies-estatut/wp-content/uploads/usu435/2022/03/gestio-administrativa.jpg" alt="" width="305" height="305" srcset="https://agora.xtec.cat/ies-estatut/wp-content/uploads/usu435/2022/03/gestio-administrativa.jpg 305w, https://agora.xtec.cat/ies-estatut/wp-content/uploads/usu435/2022/03/gestio-administrativa-300x300.jpg 300w, https://agora.xtec.cat/ies-estatut/wp-content/uploads/usu435/2022/03/gestio-administrativa-150x150.jpg 150w" sizes="auto, (max-width: 305px) 100vw, 305px" /></h2>
<p>Té una assignació de 2000 hores distribuïdes en dos cursos acadèmics, primer curs en horari de matí i segon curs en horari de tarda.</p>
<p>La superació d’aquests estudis s’acredita amb l’obtenció de la titulació com a Tècnic en Gestió administrativa.</p>
<p>La competència general d&#8217;aquest títol consisteix a activitats de suport administratiu en l&#8217;àmbit laboral, comptable, comercial, financer i fiscal, així com d&#8217;atenció al client/usuari, tant en empreses públiques com en empreses privades, aplicant la normativa vigent i protocols de qualitat, assegurant la satisfacció del client i actuant segons les normes de prevenció de riscos laborals i de protecció ambiental.</p>
<p>&nbsp;</p>
<p style="text-align: center;"><a href="https://agora.xtec.cat/ies-estatut/wp-content/uploads/usu435/2022/03/Gestio-administrativa.pdf" target="_blank" rel="noopener noreferrer">Descarrega&#8217;t el tríptic amb tota la informació</a></p>
<p>&nbsp;</p>
<h1><strong>Currículum del cicle de Gestió administrativa</strong></h1>
<h3>Primer Curs &#8211; GA</h3>
<div class="h5p-iframe-wrapper"><iframe id="h5p-iframe-7" class="h5p-iframe" data-content-id="7" style="height:1px" src="about:blank" frameBorder="0" scrolling="no" title="Primer Curs - GA"></iframe></div>
<h3>Segon Curs &#8211; GA</h3>
<div class="h5p-iframe-wrapper"><iframe id="h5p-iframe-8" class="h5p-iframe" data-content-id="8" style="height:1px" src="about:blank" frameBorder="0" scrolling="no" title="Segon Curs - GA"></iframe></div>
<h2>Sortides professionals</h2>
<ul>
<li>Tècnic o tècnica en <strong>gestió administrativa</strong></li>
<li>Auxiliar administratiu o administrativa</li>
<li>Auxiliar comptable</li>
<li>Auxiliar de tresoreria</li>
<li>Auxiliar de documentació i arxiu</li>
</ul>
<p>&nbsp;</p>

<p>Cicle Formatiu de Grau mitjà</p>
<p>Té una assignació de 2000 hores distribuïdes en dos cursos acadèmics, primer curs en horari de matí i segon curs en horari de tarda.<br />
La superació d’aquests estudis s’acredita amb l’obtenció de la titulació com a Tècnic en Gestió administrativa.<br />
La competència general&hellip;  <a href="https://agora.xtec.cat/ies-estatut/estudis/cicle-formacio-administracio-i-gestio/ga-gestio-administrativa/" title="Read CFGM GA &#8211; Gestió administrativa">Llegeix més»</a></p>
