{"id":2717,"date":"2021-05-12T13:35:47","date_gmt":"2021-05-12T11:35:47","guid":{"rendered":"http:\/\/agora.xtec.cat\/ies-estatut\/?page_id=2717"},"modified":"2025-06-16T18:36:53","modified_gmt":"2025-06-16T16:36:53","slug":"aif-administracio-i-finances","status":"publish","type":"page","link":"https:\/\/agora.xtec.cat\/ies-estatut\/estudis\/cicle-formacio-administracio-i-gestio\/aif-administracio-i-finances\/","title":{"rendered":"CFGS AiF &#8211; Administraci\u00f3 i Finances"},"content":{"rendered":"<blockquote>\n<h2>Novetat:<\/h2>\n<h2>A partir del curs 2024-25 tindrem un cicle de nova incorporaci\u00f3:<\/h2>\n<h2>CFGS d&#8217;Administraci\u00f3 i Finances<\/h2>\n<\/blockquote>\n<h2 style=\"text-align: center;\"><strong>Grau Superior<\/strong><\/h2>\n<h3><\/h3>\n<p>T\u00e9 una assignaci\u00f3 de 2000 hores distribu\u00efdes en dos cursos acad\u00e8mics en horari de tarda.<\/p>\n<p>La superaci\u00f3 d\u2019aquests estudis s\u2019acredita amb l\u2019obtenci\u00f3 de la titulaci\u00f3 com a T\u00e8cnic Superior en Administraci\u00f3 i Finances.<\/p>\n<p lang=\"ca-ES\"><span style=\"font-family: Arial, serif;\">La compet\u00e8ncia general d&#8217;aquest t\u00edtol consisteix en organitzar o executar les operacions de gesti\u00f3 i administraci\u00f3 en els processos comercials, laborals, comptables, fiscals i financers d\u2019una empresa p\u00fablica o privada, aplicant la normativa vigent i els protocols de gesti\u00f3 de la qualitat, gestionant la informaci\u00f3, assegurant la satisfacci\u00f3 del client i\/o usuari i actuant segons les normes de prevenci\u00f3 de riscos laboral i de protecci\u00f3 mediambiental.<\/span><\/p>\n<h2><strong>Acc\u00e9s<\/strong><\/h2>\n<p>Tenen acc\u00e9s directe al cicle les persones que compleixen algun dels requisits seg\u00fcents:<\/p>\n<ul>\n<li>Tenir el t\u00edtol de batxillerat,<\/li>\n<li>Tenir el t\u00edtol de t\u00e8cnic especialista, t\u00e8cnic superior o equivalent<\/li>\n<li>Haver superat el segon curs de batxillerat de qualsevol modalitat de batxillerat experimental<\/li>\n<li>Haver superat el curs d\u2019orientaci\u00f3 universit\u00e0ria (COU) o el preuniversitari<\/li>\n<li>Tenir qualsevol titulaci\u00f3 universit\u00e0ria o una d\u2019equivalent.<\/li>\n<li>Haver superat la prova d\u2019acc\u00e9s a la universitat per a m\u00e9s grans de 25 anys.<\/li>\n<\/ul>\n<p>Tamb\u00e9 poden accedir les persones amb el t\u00edtol de t\u00e8cnic de formaci\u00f3 professional.<\/p>\n<p>Les persones que no compleixen cap dels requisits esmentats han de superar una prova d\u2019acc\u00e9s. Per presentar-s\u2019hi cal tenir complerts 19 anys o b\u00e9 complir-los durant l\u2019any natural en qu\u00e8 es realitza la prova.<\/p>\n<p>Per obtenir\u00a0<strong>m\u00e9s informaci\u00f3<\/strong>\u00a0respecte la<a href=\"http:\/\/queestudiar.gencat.cat\/ca\/preinscripcio\/estudis\/fp-gs\/documentacio\/\" target=\"_blank\" rel=\"noopener\"> documentaci\u00f3 i els criteris de prioritat.<\/a><\/p>\n<h2><strong>Curr\u00edculum del cicle d&#8217;Administraci\u00f3 i Finances<\/strong><\/h2>\n<h3>Primer Curs<\/h3>\n<div class=\"h5p-iframe-wrapper\"><iframe id=\"h5p-iframe-17\" class=\"h5p-iframe\" data-content-id=\"17\" style=\"height:1px\" src=\"about:blank\" frameBorder=\"0\" scrolling=\"no\" title=\"Primer Curs - AIF\"><\/iframe><\/div>\n<h3><\/h3>\n<h3>Segon Curs<\/h3>\n<div class=\"h5p-iframe-wrapper\"><iframe id=\"h5p-iframe-18\" class=\"h5p-iframe\" data-content-id=\"18\" style=\"height:1px\" src=\"about:blank\" frameBorder=\"0\" scrolling=\"no\" title=\"Segon Curs - AIF\"><\/iframe><\/div>\n<h4><\/h4>\n<h4><a href=\"https:\/\/triaeducativa.gencat.cat\/ca\/estudis?administracio-finances&amp;p_id=1630\" target=\"_blank\" rel=\"noopener\"><em>M\u00e9s informaci\u00f3<\/em><\/a><\/h4>\n<p><!--\n** El cicle de nova incorporaci\u00f3 d'Administraci\u00f3 i Finances, durant el curs 2024-2025 nom\u00e9s s'ofertar\u00e0 el primer curs. Segon curs s'oferta a partir del curs 2025-26.\n\n\n<h3>Primer Curs - DAM-L<\/h3>\n\n\n[h5p id=\"5\"]\n\n\n<h3>Segon Curs - DAM-L<\/h3>\n\n\n[h5p id=\"6\"]\n--><\/p>\n<h2>Sortides professionals<\/h2>\n<ul>\n<li>Administratiu o administrativa d&#8217;oficina;<\/li>\n<li>Administratiu o administrativa comercial;<\/li>\n<li>Administratiu financer o administrativa financera;<\/li>\n<li>Administratiu o administrativa comptable;<\/li>\n<li>Administratiu o administrativa de log\u00edstica;<\/li>\n<li>Administratiu o administrativa de banca i d&#8217;assegurances;<\/li>\n<li>Administratiu o administrativa de recursos humans;<\/li>\n<li>Administratiu o administrativa de l&#8217;administraci\u00f3 p\u00fablica;<\/li>\n<li>Administratiu o administrativa d&#8217;assessories jur\u00eddiques, comptables, laborals, fiscals o gestories;<\/li>\n<li>T\u00e8cnic o t\u00e8cnica en gesti\u00f3 de cobraments;<\/li>\n<li>Responsable d&#8217;atenci\u00f3 al client.<\/li>\n<\/ul>\n<p>&nbsp;<\/p>\n<p>&nbsp;<\/p>\n<blockquote><p>&nbsp;<\/p><\/blockquote>\n","protected":false},"excerpt":{"rendered":"<p>Novetat:<br \/>\nA partir del curs 2024-25 tindrem un cicle de nova incorporaci\u00f3:<br \/>\nCFGS d&#8217;Administraci\u00f3 i Finances<\/p>\n<p>Grau Superior<\/p>\n<p>T\u00e9 una assignaci\u00f3 de 2000 hores distribu\u00efdes en dos cursos acad\u00e8mics en horari de tarda.<br \/>\nLa superaci\u00f3 d\u2019aquests estudis s\u2019acredita amb l\u2019obtenci\u00f3 de la titulaci\u00f3 com a T\u00e8cnic Superior en Administraci\u00f3 i&hellip;  <a href=\"https:\/\/agora.xtec.cat\/ies-estatut\/estudis\/cicle-formacio-administracio-i-gestio\/aif-administracio-i-finances\/\" title=\"Read CFGS AiF &#8211; Administraci\u00f3 i Finances\">Llegeix m\u00e9s\u00bb<\/a><\/p>\n","protected":false},"author":4,"featured_media":0,"parent":3199,"menu_order":3,"comment_status":"closed","ping_status":"closed","template":"page-templates\/side-menu.php","meta":{"_bbp_topic_count":0,"_bbp_reply_count":0,"_bbp_total_topic_count":0,"_bbp_total_reply_count":0,"_bbp_voice_count":0,"_bbp_anonymous_reply_count":0,"_bbp_topic_count_hidden":0,"_bbp_reply_count_hidden":0,"_bbp_forum_subforum_count":0,"footnotes":""},"class_list":["post-2717","page","type-page","status-publish","hentry"],"post_mailing_queue_ids":[],"_links":{"self":[{"href":"https:\/\/agora.xtec.cat\/ies-estatut\/wp-json\/wp\/v2\/pages\/2717","targetHints":{"allow":["GET"]}}],"collection":[{"href":"https:\/\/agora.xtec.cat\/ies-estatut\/wp-json\/wp\/v2\/pages"}],"about":[{"href":"https:\/\/agora.xtec.cat\/ies-estatut\/wp-json\/wp\/v2\/types\/page"}],"author":[{"embeddable":true,"href":"https:\/\/agora.xtec.cat\/ies-estatut\/wp-json\/wp\/v2\/users\/4"}],"replies":[{"embeddable":true,"href":"https:\/\/agora.xtec.cat\/ies-estatut\/wp-json\/wp\/v2\/comments?post=2717"}],"version-history":[{"count":7,"href":"https:\/\/agora.xtec.cat\/ies-estatut\/wp-json\/wp\/v2\/pages\/2717\/revisions"}],"predecessor-version":[{"id":6367,"href":"https:\/\/agora.xtec.cat\/ies-estatut\/wp-json\/wp\/v2\/pages\/2717\/revisions\/6367"}],"up":[{"embeddable":true,"href":"https:\/\/agora.xtec.cat\/ies-estatut\/wp-json\/wp\/v2\/pages\/3199"}],"wp:attachment":[{"href":"https:\/\/agora.xtec.cat\/ies-estatut\/wp-json\/wp\/v2\/media?parent=2717"}],"curies":[{"name":"wp","href":"https:\/\/api.w.org\/{rel}","templated":true}]}}