{"id":647,"date":"2025-11-06T12:15:59","date_gmt":"2025-11-06T11:15:59","guid":{"rendered":"https:\/\/agora.xtec.cat\/ies-ernest-lluch\/?page_id=647"},"modified":"2025-12-16T11:36:15","modified_gmt":"2025-12-16T10:36:15","slug":"pagament-sortides-amb-pernoctacio","status":"publish","type":"page","link":"https:\/\/agora.xtec.cat\/ies-ernest-lluch\/secretaria\/pagament-sortides-amb-pernoctacio\/","title":{"rendered":"Pagament sortides amb pernoctaci\u00f3"},"content":{"rendered":"\n<p>Les sortides amb pernoctaci\u00f3 que organitza l\u2019institut s\u2019abonen per mitj\u00e0 del servei de pagament&nbsp;<strong>TPVEscola<\/strong>. Es tracta d\u2019una plataforma de pagament en l\u00ednia que permet fer pagaments d<strong>es del m\u00f2bil amb targeta banc\u00e0ria o bizum<\/strong>.<\/p>\n\n\n\n<p>En aquest enlla\u00e7 us expliquem com funciona aquest sistema:<\/p>\n\n\n\n<p><a href=\"https:\/\/tpvescola.com\/webiframe\/Aterratge.html\">https:\/\/tpvescola.com\/webiframe\/Aterratge.html<\/a><\/p>\n\n\n\n<p><a href=\"https:\/\/tpvescola.com\/webiframe\/Aterratge.html\"><\/a><\/p>\n\n\n\n<figure class=\"wp-block-image aligncenter size-full\"><a href=\"https:\/\/agora.xtec.cat\/ies-ernest-lluch\/wp-content\/uploads\/usu2233\/2025\/12\/TPV-escola-1.png\"><img loading=\"lazy\" decoding=\"async\" width=\"256\" height=\"256\" src=\"https:\/\/agora.xtec.cat\/ies-ernest-lluch\/wp-content\/uploads\/usu2233\/2025\/12\/TPV-escola-1.png\" alt=\"\" class=\"wp-image-775\" srcset=\"https:\/\/agora.xtec.cat\/ies-ernest-lluch\/wp-content\/uploads\/usu2233\/2025\/12\/TPV-escola-1.png 256w, https:\/\/agora.xtec.cat\/ies-ernest-lluch\/wp-content\/uploads\/usu2233\/2025\/12\/TPV-escola-1-150x150.png 150w\" sizes=\"auto, (max-width: 256px) 100vw, 256px\" \/><\/a><\/figure>\n","protected":false},"excerpt":{"rendered":"<p>Les sortides amb pernoctaci\u00f3 que organitza l\u2019institut s\u2019abonen per mitj\u00e0 del servei de pagament&nbsp;TPVEscola. Es tracta d\u2019una plataforma de pagament en l\u00ednia que permet fer pagaments des del m\u00f2bil amb targeta banc\u00e0ria o bizum. En aquest enlla\u00e7 us expliquem com funciona aquest sistema: https:\/\/tpvescola.com\/webiframe\/Aterratge.html<\/p>\n","protected":false},"author":1,"featured_media":0,"parent":81,"menu_order":30,"comment_status":"closed","ping_status":"close","template":"","meta":{"site-sidebar-layout":"default","site-content-layout":"","ast-site-content-layout":"default","site-content-style":"default","site-sidebar-style":"default","ast-global-header-display":"","ast-banner-title-visibility":"","ast-main-header-display":"","ast-hfb-above-header-display":"","ast-hfb-below-header-display":"","ast-hfb-mobile-header-display":"","site-post-title":"","ast-breadcrumbs-content":"","ast-featured-img":"","footer-sml-layout":"","theme-transparent-header-meta":"","adv-header-id-meta":"","stick-header-meta":"","header-above-stick-meta":"","header-main-stick-meta":"","header-below-stick-meta":"","astra-migrate-meta-layouts":"set","ast-page-background-enabled":"default","ast-page-background-meta":{"desktop":{"background-color":"var(--ast-global-color-4)","background-image":"","background-repeat":"repeat","background-position":"center center","background-size":"auto","background-attachment":"scroll","background-type":"","background-media":"","overlay-type":"","overlay-color":"","overlay-opacity":"","overlay-gradient":""},"tablet":{"background-color":"","background-image":"","background-repeat":"repeat","background-position":"center center","background-size":"auto","background-attachment":"scroll","background-type":"","background-media":"","overlay-type":"","overlay-color":"","overlay-opacity":"","overlay-gradient":""},"mobile":{"background-color":"","background-image":"","background-repeat":"repeat","background-position":"center center","background-size":"auto","background-attachment":"scroll","background-type":"","background-media":"","overlay-type":"","overlay-color":"","overlay-opacity":"","overlay-gradient":""}},"ast-content-background-meta":{"desktop":{"background-color":"var(--ast-global-color-5)","background-image":"","background-repeat":"repeat","background-position":"center center","background-size":"auto","background-attachment":"scroll","background-type":"","background-media":"","overlay-type":"","overlay-color":"","overlay-opacity":"","overlay-gradient":""},"tablet":{"background-color":"var(--ast-global-color-5)","background-image":"","background-repeat":"repeat","background-position":"center center","background-size":"auto","background-attachment":"scroll","background-type":"","background-media":"","overlay-type":"","overlay-color":"","overlay-opacity":"","overlay-gradient":""},"mobile":{"background-color":"var(--ast-global-color-5)","background-image":"","background-repeat":"repeat","background-position":"center center","background-size":"auto","background-attachment":"scroll","background-type":"","background-media":"","overlay-type":"","overlay-color":"","overlay-opacity":"","overlay-gradient":""}},"footnotes":""},"class_list":["post-647","page","type-page","status-publish","hentry"],"post_mailing_queue_ids":[],"_links":{"self":[{"href":"https:\/\/agora.xtec.cat\/ies-ernest-lluch\/wp-json\/wp\/v2\/pages\/647","targetHints":{"allow":["GET"]}}],"collection":[{"href":"https:\/\/agora.xtec.cat\/ies-ernest-lluch\/wp-json\/wp\/v2\/pages"}],"about":[{"href":"https:\/\/agora.xtec.cat\/ies-ernest-lluch\/wp-json\/wp\/v2\/types\/page"}],"author":[{"embeddable":true,"href":"https:\/\/agora.xtec.cat\/ies-ernest-lluch\/wp-json\/wp\/v2\/users\/1"}],"replies":[{"embeddable":true,"href":"https:\/\/agora.xtec.cat\/ies-ernest-lluch\/wp-json\/wp\/v2\/comments?post=647"}],"version-history":[{"count":6,"href":"https:\/\/agora.xtec.cat\/ies-ernest-lluch\/wp-json\/wp\/v2\/pages\/647\/revisions"}],"predecessor-version":[{"id":777,"href":"https:\/\/agora.xtec.cat\/ies-ernest-lluch\/wp-json\/wp\/v2\/pages\/647\/revisions\/777"}],"up":[{"embeddable":true,"href":"https:\/\/agora.xtec.cat\/ies-ernest-lluch\/wp-json\/wp\/v2\/pages\/81"}],"wp:attachment":[{"href":"https:\/\/agora.xtec.cat\/ies-ernest-lluch\/wp-json\/wp\/v2\/media?parent=647"}],"curies":[{"name":"wp","href":"https:\/\/api.w.org\/{rel}","templated":true}]}}