{"id":646,"date":"2025-11-06T12:15:59","date_gmt":"2025-11-06T11:15:59","guid":{"rendered":"https:\/\/agora.xtec.cat\/ies-ernest-lluch\/?page_id=646"},"modified":"2026-03-03T12:16:18","modified_gmt":"2026-03-03T11:16:18","slug":"preinscripcio-i-matricula-batx-2025-2026","status":"publish","type":"page","link":"https:\/\/agora.xtec.cat\/ies-ernest-lluch\/secretaria\/preinscripcio-i-matricula-batx-2025-2026\/","title":{"rendered":"Preinscripci\u00f3 i matr\u00edcula BATX 2026-2027"},"content":{"rendered":"\n<p>En aquest\u00a0<a href=\"https:\/\/www.edubcn.cat\/ca\/alumnat_i_familia\/informacio_general_matriculacio\/preinscripcio_info\" target=\"_blank\" rel=\"noreferrer noopener\">enlla\u00e7<\/a>\u00a0teniu informaci\u00f3 del proc\u00e9s de preinscripci\u00f3 pel curs 2026-27. I aqu\u00ed les\u00a0<a href=\"https:\/\/www.edubcn.cat\/ca\/alumnat_i_familia\/informacio_general_matriculacio\/preguntes_frequents_preinscripcio\" target=\"_blank\" rel=\"noreferrer noopener\">preguntes freq\u00fcents<\/a>, que us poden resoldre molts dubtes dels que us poden sorgir.<\/p>\n\n\n\n<p>A continuaci\u00f3 hi consta el calendari oficial, amb la documentaci\u00f3 disponible enlla\u00e7ada:<\/p>\n\n\n\n<ul class=\"wp-block-list\">\n<li>08\/04\/2025:\u00a0\ud83d\udd17 Oferta inicial de places.<\/li>\n\n\n\n<li>Del 09\/04\/2026 al 16\/04\/2026: Presentaci\u00f3 de sol\u00b7licituds.<\/li>\n\n\n\n<li>Fins al 17\/04\/2026: Presentaci\u00f3 de documentaci\u00f3 pendent d\u2019adjuntar.<\/li>\n\n\n\n<li>14\/05\/2026: \ud83d\udd17 Llista de sol\u00b7licituds amb la puntuaci\u00f3 provisional.<\/li>\n\n\n\n<li>Del 14\/05\/2026 al 20\/05\/2026: Presentaci\u00f3 de reclamacions a la puntuaci\u00f3 provisional (amb eina electr\u00f2nica).<\/li>\n\n\n\n<li>26\/05\/2026: \ud83d\udd17 Llista amb la puntuaci\u00f3 un cop resoltes les reclamacions i n\u00famero de desempat.<\/li>\n\n\n\n<li>26\/05\/2026 a les 11 h: Sorteig de desempat.<\/li>\n\n\n\n<li>29\/05\/2026: \ud83d\udd17 Llista ordenada.<\/li>\n\n\n\n<li>17\/06\/2026:\u00a0\ud83d\udd17 Oferta final de places i \ud83d\udd17 Llista de preinscrits\u00a0al centre amb les seves assignacions.<\/li>\n\n\n\n<li>17\/06\/2026: \ud83d\udd17 Llista d\u2019admesos i \ud83d\udd17 llista d\u2019espera.<\/li>\n\n\n\n<li>Del 18\/06\/2026 al 30\/06\/2026 (ambd\u00f3s inclosos): Matriculaci\u00f3 de l\u2019alumnat amb pla\u00e7a assignada.<\/li>\n<\/ul>\n\n\n\n<p>La formalitzaci\u00f3 de&nbsp;<strong>la matr\u00edcula es realitzar\u00e0 en l\u00ednia durant el mes de juny<\/strong>. Properament, rebreu un correu electr\u00f2nic amb les claus de l\u2019alumne\/a per accedir a l\u2019aplicatiu o web TPVEscola i all\u00e0 haureu d\u2019omplir un formulari amb les dades personals. En el mateix formulari haureu d\u2019adjuntar fotografies o escanejos (imatge o pdf) de la documentaci\u00f3 requerida i marcar les opcions corresponents (petici\u00f3 d\u2019armariet, servei de menjador, drets d\u2019imatge, sortides fora del centre\u2026). All\u00e0 mateix signareu, i podreu efectuar els pagaments corresponents.<\/p>\n\n\n\n<p>Per agilitzar el proc\u00e9s, es recomana tenir la documentaci\u00f3 preparada en format digital: \ud83d\udd17 DOCUMENTACI\u00d3 MATR\u00cdCULA.<\/p>\n\n\n\n<p><\/p>\n","protected":false},"excerpt":{"rendered":"<p>En aquest\u00a0enlla\u00e7\u00a0teniu informaci\u00f3 del proc\u00e9s de preinscripci\u00f3 pel curs 2026-27. I aqu\u00ed les\u00a0preguntes freq\u00fcents, que us poden resoldre molts dubtes dels que us poden sorgir. A continuaci\u00f3 hi consta el calendari oficial, amb la documentaci\u00f3 disponible enlla\u00e7ada: La formalitzaci\u00f3 de&nbsp;la matr\u00edcula es realitzar\u00e0 en l\u00ednia durant el mes de juny. Properament, rebreu un correu electr\u00f2nic [&hellip;]<\/p>\n","protected":false},"author":1,"featured_media":0,"parent":81,"menu_order":0,"comment_status":"closed","ping_status":"close","template":"","meta":{"site-sidebar-layout":"default","site-content-layout":"","ast-site-content-layout":"default","site-content-style":"default","site-sidebar-style":"default","ast-global-header-display":"","ast-banner-title-visibility":"","ast-main-header-display":"","ast-hfb-above-header-display":"","ast-hfb-below-header-display":"","ast-hfb-mobile-header-display":"","site-post-title":"","ast-breadcrumbs-content":"","ast-featured-img":"","footer-sml-layout":"","theme-transparent-header-meta":"","adv-header-id-meta":"","stick-header-meta":"","header-above-stick-meta":"","header-main-stick-meta":"","header-below-stick-meta":"","astra-migrate-meta-layouts":"set","ast-page-background-enabled":"default","ast-page-background-meta":{"desktop":{"background-color":"var(--ast-global-color-4)","background-image":"","background-repeat":"repeat","background-position":"center center","background-size":"auto","background-attachment":"scroll","background-type":"","background-media":"","overlay-type":"","overlay-color":"","overlay-opacity":"","overlay-gradient":""},"tablet":{"background-color":"","background-image":"","background-repeat":"repeat","background-position":"center center","background-size":"auto","background-attachment":"scroll","background-type":"","background-media":"","overlay-type":"","overlay-color":"","overlay-opacity":"","overlay-gradient":""},"mobile":{"background-color":"","background-image":"","background-repeat":"repeat","background-position":"center center","background-size":"auto","background-attachment":"scroll","background-type":"","background-media":"","overlay-type":"","overlay-color":"","overlay-opacity":"","overlay-gradient":""}},"ast-content-background-meta":{"desktop":{"background-color":"var(--ast-global-color-5)","background-image":"","background-repeat":"repeat","background-position":"center center","background-size":"auto","background-attachment":"scroll","background-type":"","background-media":"","overlay-type":"","overlay-color":"","overlay-opacity":"","overlay-gradient":""},"tablet":{"background-color":"var(--ast-global-color-5)","background-image":"","background-repeat":"repeat","background-position":"center center","background-size":"auto","background-attachment":"scroll","background-type":"","background-media":"","overlay-type":"","overlay-color":"","overlay-opacity":"","overlay-gradient":""},"mobile":{"background-color":"var(--ast-global-color-5)","background-image":"","background-repeat":"repeat","background-position":"center center","background-size":"auto","background-attachment":"scroll","background-type":"","background-media":"","overlay-type":"","overlay-color":"","overlay-opacity":"","overlay-gradient":""}},"footnotes":""},"class_list":["post-646","page","type-page","status-publish","hentry"],"post_mailing_queue_ids":[],"_links":{"self":[{"href":"https:\/\/agora.xtec.cat\/ies-ernest-lluch\/wp-json\/wp\/v2\/pages\/646","targetHints":{"allow":["GET"]}}],"collection":[{"href":"https:\/\/agora.xtec.cat\/ies-ernest-lluch\/wp-json\/wp\/v2\/pages"}],"about":[{"href":"https:\/\/agora.xtec.cat\/ies-ernest-lluch\/wp-json\/wp\/v2\/types\/page"}],"author":[{"embeddable":true,"href":"https:\/\/agora.xtec.cat\/ies-ernest-lluch\/wp-json\/wp\/v2\/users\/1"}],"replies":[{"embeddable":true,"href":"https:\/\/agora.xtec.cat\/ies-ernest-lluch\/wp-json\/wp\/v2\/comments?post=646"}],"version-history":[{"count":5,"href":"https:\/\/agora.xtec.cat\/ies-ernest-lluch\/wp-json\/wp\/v2\/pages\/646\/revisions"}],"predecessor-version":[{"id":1463,"href":"https:\/\/agora.xtec.cat\/ies-ernest-lluch\/wp-json\/wp\/v2\/pages\/646\/revisions\/1463"}],"up":[{"embeddable":true,"href":"https:\/\/agora.xtec.cat\/ies-ernest-lluch\/wp-json\/wp\/v2\/pages\/81"}],"wp:attachment":[{"href":"https:\/\/agora.xtec.cat\/ies-ernest-lluch\/wp-json\/wp\/v2\/media?parent=646"}],"curies":[{"name":"wp","href":"https:\/\/api.w.org\/{rel}","templated":true}]}}