{"id":645,"date":"2025-11-06T12:15:59","date_gmt":"2025-11-06T11:15:59","guid":{"rendered":"https:\/\/agora.xtec.cat\/ies-ernest-lluch\/?page_id=645"},"modified":"2026-04-23T14:45:54","modified_gmt":"2026-04-23T12:45:54","slug":"preinscripcio-i-matricula-eso-2025-2026","status":"publish","type":"page","link":"https:\/\/agora.xtec.cat\/ies-ernest-lluch\/secretaria\/preinscripcio-i-matricula-eso-2025-2026\/","title":{"rendered":"Preinscripci\u00f3 i matr\u00edcula ESO 2026-2027"},"content":{"rendered":"\n<p>En aquest&nbsp;<a href=\"https:\/\/www.edubcn.cat\/ca\/alumnat_i_familia\/informacio_general_matriculacio\/preinscripcio_info\" target=\"_blank\" rel=\"noreferrer noopener\">enlla\u00e7<\/a>&nbsp;teniu informaci\u00f3 del proc\u00e9s de preinscripci\u00f3 pel curs 2026-27. I aqu\u00ed les&nbsp;<a href=\"https:\/\/www.edubcn.cat\/ca\/alumnat_i_familia\/informacio_general_matriculacio\/preguntes_frequents_preinscripcio\" target=\"_blank\" rel=\"noreferrer noopener\">preguntes freq\u00fcents<\/a>, que us poden resoldre molts dubtes dels que us poden sorgir.<\/p>\n\n\n\n<p>A continuaci\u00f3 trobareu el calendari i la documentaci\u00f3 oficial disponible enlla\u00e7ada:<\/p>\n\n\n\n<ul class=\"wp-block-list\">\n<li>03\/03\/2026:&nbsp;<a href=\"https:\/\/agora.xtec.cat\/ies-ernest-lluch\/wp-content\/uploads\/usu2233\/2026\/03\/INFORME_OFERTA_OME_INFORME_OFERTA-3.pdf\" data-type=\"link\" data-id=\"https:\/\/agora.xtec.cat\/ies-ernest-lluch\/wp-content\/uploads\/usu2233\/2026\/03\/INFORME_OFERTA_OME_INFORME_OFERTA-3.pdf\">Oferta inicial de places<\/a>.<\/li>\n\n\n\n<li>Del 06\/03\/2026 al 18\/03\/2026 (a partir de les 9 h): Presentaci\u00f3 de sol\u00b7licituds.<\/li>\n\n\n\n<li>Fins al 19\/03\/2026: Presentaci\u00f3 de documentaci\u00f3 pendent d\u2019adjuntar.<\/li>\n\n\n\n<li>15\/04\/2026:  <a href=\"https:\/\/agora.xtec.cat\/ies-ernest-lluch\/wp-content\/uploads\/usu2233\/2026\/04\/INFORME_BAREM_PROVISIONAL_BAREM.pdf\" data-type=\"link\" data-id=\"https:\/\/agora.xtec.cat\/ies-ernest-lluch\/wp-content\/uploads\/usu2233\/2026\/04\/INFORME_BAREM_PROVISIONAL_BAREM.pdf\">Llista de puntuaci\u00f3 provisional<\/a>. Per\u00edode per presentar reclamacions: del 24 al 29 d\u2019abril de 2025 (utilitzant l\u2019eina electr\u00f2nica per adjuntar reclamacions).<\/li>\n\n\n\n<li>Del 15\/04\/2026 al 20\/04\/2026: Presentaci\u00f3 de reclamacions a la puntuaci\u00f3 provisional (amb eina electr\u00f2nica).<\/li>\n\n\n\n<li>23\/04\/2026: <a href=\"https:\/\/agora.xtec.cat\/ies-ernest-lluch\/wp-content\/uploads\/usu2233\/2026\/04\/INFORME_BAREM_RESOLTES_BAREM_ERNEST-LLUCH.pdf\">Llista amb la puntuaci\u00f3,(reclamacions resoltes) i n\u00famero de desempat.<\/a><\/li>\n\n\n\n<li>28\/04\/2026 a les 11 h: Sorteig de desempat.<\/li>\n\n\n\n<li>29\/04\/2026: \ud83d\udd17 Llista ordenada.<\/li>\n\n\n\n<li>De l\u201901\/06\/2026 al 03\/06\/2026: Ampliaci\u00f3 de peticions per a sol\u00b7licituds sense pla\u00e7a assignada (1r d\u2019ESO i casos previstos).<\/li>\n\n\n\n<li>10\/06\/2026: \ud83d\udd17 Oferta final de places.<\/li>\n\n\n\n<li>10\/06\/2026: \ud83d\udd17 Llista d\u2019admesos&nbsp;i&nbsp;\ud83d\udd17 llista d\u2019espera.<\/li>\n\n\n\n<li>Del 22\/06\/2026 al 30\/06\/2026: Matriculaci\u00f3.<\/li>\n<\/ul>\n\n\n\n<p>La formalitzaci\u00f3 de&nbsp;<strong>la matr\u00edcula es realitzar\u00e0 en l\u00ednia durant el mes de juny<\/strong>. Es rebr\u00e0 un correu electr\u00f2nic amb les claus de l&#8217;alumnat per accedir a l\u2019aplicatiu o web TPVEscola i all\u00e0 haureu d\u2019omplir un formulari amb les dades personals. En el mateix formulari caldr\u00e0 adjuntar fotografies o escanejos (imatge o pdf) de la documentaci\u00f3 requerida i marcar les opcions corresponents (petici\u00f3 d\u2019armariet, servei de menjador, drets d\u2019imatge, sortides fora del centre\u2026). All\u00e0 mateix es signar\u00e0, i es podran efectuar els pagaments corresponents.<\/p>\n\n\n\n<p>Per agilitzar el proc\u00e9s, us posem aqu\u00ed<strong>&nbsp;la documentaci\u00f3 que heu de tenir preparada en format digital:&nbsp;\ud83d\udd17 <\/strong> <strong>DOCUMENTACI\u00d3 MATR\u00cdCULA.<\/strong><\/p>\n\n\n\n<p><strong>REUNI\u00d3 INICIAL PER A FAM\u00cdLIES NOVES DE 1r d\u2019ESO:<\/strong>&nbsp;Pendent de convocar<\/p>\n\n\n\n<p><\/p>\n","protected":false},"excerpt":{"rendered":"<p>En aquest&nbsp;enlla\u00e7&nbsp;teniu informaci\u00f3 del proc\u00e9s de preinscripci\u00f3 pel curs 2026-27. I aqu\u00ed les&nbsp;preguntes freq\u00fcents, que us poden resoldre molts dubtes dels que us poden sorgir. A continuaci\u00f3 trobareu el calendari i la documentaci\u00f3 oficial disponible enlla\u00e7ada: La formalitzaci\u00f3 de&nbsp;la matr\u00edcula es realitzar\u00e0 en l\u00ednia durant el mes de juny. Es rebr\u00e0 un correu electr\u00f2nic amb [&hellip;]<\/p>\n","protected":false},"author":1,"featured_media":0,"parent":81,"menu_order":10,"comment_status":"closed","ping_status":"close","template":"","meta":{"site-sidebar-layout":"default","site-content-layout":"","ast-site-content-layout":"default","site-content-style":"default","site-sidebar-style":"default","ast-global-header-display":"","ast-banner-title-visibility":"","ast-main-header-display":"","ast-hfb-above-header-display":"","ast-hfb-below-header-display":"","ast-hfb-mobile-header-display":"","site-post-title":"","ast-breadcrumbs-content":"","ast-featured-img":"","footer-sml-layout":"","theme-transparent-header-meta":"","adv-header-id-meta":"","stick-header-meta":"","header-above-stick-meta":"","header-main-stick-meta":"","header-below-stick-meta":"","astra-migrate-meta-layouts":"set","ast-page-background-enabled":"default","ast-page-background-meta":{"desktop":{"background-color":"var(--ast-global-color-4)","background-image":"","background-repeat":"repeat","background-position":"center center","background-size":"auto","background-attachment":"scroll","background-type":"","background-media":"","overlay-type":"","overlay-color":"","overlay-opacity":"","overlay-gradient":""},"tablet":{"background-color":"","background-image":"","background-repeat":"repeat","background-position":"center center","background-size":"auto","background-attachment":"scroll","background-type":"","background-media":"","overlay-type":"","overlay-color":"","overlay-opacity":"","overlay-gradient":""},"mobile":{"background-color":"","background-image":"","background-repeat":"repeat","background-position":"center center","background-size":"auto","background-attachment":"scroll","background-type":"","background-media":"","overlay-type":"","overlay-color":"","overlay-opacity":"","overlay-gradient":""}},"ast-content-background-meta":{"desktop":{"background-color":"var(--ast-global-color-5)","background-image":"","background-repeat":"repeat","background-position":"center center","background-size":"auto","background-attachment":"scroll","background-type":"","background-media":"","overlay-type":"","overlay-color":"","overlay-opacity":"","overlay-gradient":""},"tablet":{"background-color":"var(--ast-global-color-5)","background-image":"","background-repeat":"repeat","background-position":"center center","background-size":"auto","background-attachment":"scroll","background-type":"","background-media":"","overlay-type":"","overlay-color":"","overlay-opacity":"","overlay-gradient":""},"mobile":{"background-color":"var(--ast-global-color-5)","background-image":"","background-repeat":"repeat","background-position":"center center","background-size":"auto","background-attachment":"scroll","background-type":"","background-media":"","overlay-type":"","overlay-color":"","overlay-opacity":"","overlay-gradient":""}},"footnotes":""},"class_list":["post-645","page","type-page","status-publish","hentry"],"post_mailing_queue_ids":[],"_links":{"self":[{"href":"https:\/\/agora.xtec.cat\/ies-ernest-lluch\/wp-json\/wp\/v2\/pages\/645","targetHints":{"allow":["GET"]}}],"collection":[{"href":"https:\/\/agora.xtec.cat\/ies-ernest-lluch\/wp-json\/wp\/v2\/pages"}],"about":[{"href":"https:\/\/agora.xtec.cat\/ies-ernest-lluch\/wp-json\/wp\/v2\/types\/page"}],"author":[{"embeddable":true,"href":"https:\/\/agora.xtec.cat\/ies-ernest-lluch\/wp-json\/wp\/v2\/users\/1"}],"replies":[{"embeddable":true,"href":"https:\/\/agora.xtec.cat\/ies-ernest-lluch\/wp-json\/wp\/v2\/comments?post=645"}],"version-history":[{"count":6,"href":"https:\/\/agora.xtec.cat\/ies-ernest-lluch\/wp-json\/wp\/v2\/pages\/645\/revisions"}],"predecessor-version":[{"id":1754,"href":"https:\/\/agora.xtec.cat\/ies-ernest-lluch\/wp-json\/wp\/v2\/pages\/645\/revisions\/1754"}],"up":[{"embeddable":true,"href":"https:\/\/agora.xtec.cat\/ies-ernest-lluch\/wp-json\/wp\/v2\/pages\/81"}],"wp:attachment":[{"href":"https:\/\/agora.xtec.cat\/ies-ernest-lluch\/wp-json\/wp\/v2\/media?parent=645"}],"curies":[{"name":"wp","href":"https:\/\/api.w.org\/{rel}","templated":true}]}}

Preinscripció i matrícula ESO 2026-2027

<p>En aquest&nbsp;<a href="https://www.edubcn.cat/ca/alumnat_i_familia/informacio_general_matriculacio/preinscripcio_info" target="_blank" rel="noreferrer noopener">enllaç</a>&nbsp;teniu informació del procés de preinscripció pel curs 2026-27. I aquí les&nbsp;<a href="https://www.edubcn.cat/ca/alumnat_i_familia/informacio_general_matriculacio/preguntes_frequents_preinscripcio" target="_blank" rel="noreferrer noopener">preguntes freqüents</a>, que us poden resoldre molts dubtes dels que us poden sorgir.</p>



<p>A continuació trobareu el calendari i la documentació oficial disponible enllaçada:</p>



<ul class="wp-block-list">
<li>03/03/2026:&nbsp;<a href="https://agora.xtec.cat/ies-ernest-lluch/wp-content/uploads/usu2233/2026/03/INFORME_OFERTA_OME_INFORME_OFERTA-3.pdf" data-type="link" data-id="https://agora.xtec.cat/ies-ernest-lluch/wp-content/uploads/usu2233/2026/03/INFORME_OFERTA_OME_INFORME_OFERTA-3.pdf">Oferta inicial de places</a>.</li>



<li>Del 06/03/2026 al 18/03/2026 (a partir de les 9 h): Presentació de sol·licituds.</li>



<li>Fins al 19/03/2026: Presentació de documentació pendent d’adjuntar.</li>



<li>15/04/2026:  <a href="https://agora.xtec.cat/ies-ernest-lluch/wp-content/uploads/usu2233/2026/04/INFORME_BAREM_PROVISIONAL_BAREM.pdf" data-type="link" data-id="https://agora.xtec.cat/ies-ernest-lluch/wp-content/uploads/usu2233/2026/04/INFORME_BAREM_PROVISIONAL_BAREM.pdf">Llista de puntuació provisional</a>. Període per presentar reclamacions: del 24 al 29 d’abril de 2025 (utilitzant l’eina electrònica per adjuntar reclamacions).</li>



<li>Del 15/04/2026 al 20/04/2026: Presentació de reclamacions a la puntuació provisional (amb eina electrònica).</li>



<li>23/04/2026: <a href="https://agora.xtec.cat/ies-ernest-lluch/wp-content/uploads/usu2233/2026/04/INFORME_BAREM_RESOLTES_BAREM_ERNEST-LLUCH.pdf">Llista amb la puntuació,(reclamacions resoltes) i número de desempat.</a></li>



<li>28/04/2026 a les 11 h: Sorteig de desempat.</li>



<li>29/04/2026: 🔗 Llista ordenada.</li>



<li>De l’01/06/2026 al 03/06/2026: Ampliació de peticions per a sol·licituds sense plaça assignada (1r d’ESO i casos previstos).</li>



<li>10/06/2026: 🔗 Oferta final de places.</li>



<li>10/06/2026: 🔗 Llista d’admesos&nbsp;i&nbsp;🔗 llista d’espera.</li>



<li>Del 22/06/2026 al 30/06/2026: Matriculació.</li>
</ul>



<p>La formalització de&nbsp;<strong>la matrícula es realitzarà en línia durant el mes de juny</strong>. Es rebrà un correu electrònic amb les claus de l&#8217;alumnat per accedir a l’aplicatiu o web TPVEscola i allà haureu d’omplir un formulari amb les dades personals. En el mateix formulari caldrà adjuntar fotografies o escanejos (imatge o pdf) de la documentació requerida i marcar les opcions corresponents (petició d’armariet, servei de menjador, drets d’imatge, sortides fora del centre…). Allà mateix es signarà, i es podran efectuar els pagaments corresponents.</p>



<p>Per agilitzar el procés, us posem aquí<strong>&nbsp;la documentació que heu de tenir preparada en format digital:&nbsp;🔗 </strong> <strong>DOCUMENTACIÓ MATRÍCULA.</strong></p>



<p><strong>REUNIÓ INICIAL PER A FAMÍLIES NOVES DE 1r d’ESO:</strong>&nbsp;Pendent de convocar</p>



<p></p>

<p>En aquest&nbsp;enllaç&nbsp;teniu informació del procés de preinscripció pel curs 2026-27. I aquí les&nbsp;preguntes freqüents, que us poden resoldre molts dubtes dels que us poden sorgir. A continuació trobareu el calendari i la documentació oficial disponible enllaçada: La formalització de&nbsp;la matrícula es realitzarà en línia durant el mes de juny. Es rebrà un correu electrònic amb [&hellip;]</p>
