{"id":27,"date":"2014-09-17T16:24:03","date_gmt":"2014-09-17T16:24:03","guid":{"rendered":"http:\/\/agora.xtec.cat\/ies-ernest-lluch\/?page_id=27"},"modified":"2025-12-16T11:28:28","modified_gmt":"2025-12-16T10:28:28","slug":"historia","status":"publish","type":"page","link":"https:\/\/agora.xtec.cat\/ies-ernest-lluch\/linstitut\/historia\/","title":{"rendered":"Una mica d&#8217;hist\u00f2ria"},"content":{"rendered":"\n<p class=\"has-text-align-left\">L\u2019any 1984, foren firmats i lliurats per Josep M. Coderch i Anna Bofill els pl\u00e0nols del conjunt arquitect\u00f2nic que estaria composat per dues edificacions, una per a l\u2019escola i una altra per a l\u2019institut, separades per un pati. En aquell mateix any, l\u2019escola del CEPEC \u201cElaia\u201d adquiria el comprom\u00eds d\u2019integrar-se en el nou centre p\u00fablic.<\/p>\n\n\n\n<p class=\"has-text-align-left\">Un any despr\u00e9s es comen\u00e7\u00e0 a construir l\u2019escola \u201cJoan Mir\u00f3\u201d, i un parell d\u2019anys m\u00e9s tard es comen\u00e7\u00e0 a construir l\u2019institut, que obr\u00ed les portes el 1989 amb el nom de \u201cParc de l\u2019Escorxador\u201d.<\/p>\n\n\n\n<p class=\"has-text-align-left\">De cara als Jocs Ol\u00edmpics de 1992 el conjunt arquitect\u00f2nic es va completar amb el poliesportiu \u201cJoan Mir\u00f3\u201d, situat a l\u2019interior del solar, entre els patis de l\u2019escola i de l\u2019institut. Aquest projecte fou encarregat per l\u2019\u00c0rea d\u2019Esports de l\u2019Ajuntament de Barcelona a l\u2019arquitecte Jordi Pla.<\/p>\n\n\n\n<div class=\"wp-block-columns is-layout-flex wp-container-core-columns-is-layout-1 wp-block-columns-is-layout-flex\">\n<div class=\"wp-block-column is-layout-flow wp-block-column-is-layout-flow\">\n<figure class=\"wp-block-image size-full is-resized\"><a href=\"https:\/\/agora.xtec.cat\/ies-ernest-lluch\/wp-content\/uploads\/usu2233\/2025\/11\/Institut-Ernest-Lluch.jpg\"><img loading=\"lazy\" decoding=\"async\" width=\"601\" height=\"378\" src=\"https:\/\/agora.xtec.cat\/ies-ernest-lluch\/wp-content\/uploads\/usu2233\/2025\/11\/Institut-Ernest-Lluch.jpg\" alt=\"\" class=\"wp-image-699\" style=\"width:813px;height:auto\" srcset=\"https:\/\/agora.xtec.cat\/ies-ernest-lluch\/wp-content\/uploads\/usu2233\/2025\/11\/Institut-Ernest-Lluch.jpg 601w, https:\/\/agora.xtec.cat\/ies-ernest-lluch\/wp-content\/uploads\/usu2233\/2025\/11\/Institut-Ernest-Lluch-300x189.jpg 300w\" sizes=\"auto, (max-width: 601px) 100vw, 601px\" \/><\/a><\/figure>\n<\/div>\n<\/div>\n\n\n\n<p class=\"has-text-align-center\"><em>Foto realitzada per Joan Soler Mart\u00edn <\/em><\/p>\n\n\n\n<p>L\u2019edifici que ocupa el nostre centre consta d\u2019una planta soterrani, una planta baixa i quatre pisos. Part de la planta soterrani \u00e9s ocupada per l\u2019arxiu general del Departament d\u2019Ensenyament.<\/p>\n\n\n\n<p class=\"has-text-align-left\">Els primers alumnes de l\u2019Institut procedien, en gran part, d\u2019una extensi\u00f3 de l\u2019Institut de Batxillerat \u201cJoan Corominas\u201d, que fins a mitjans de curs havien tingut classes a les depend\u00e8ncies de l\u2019Institut Municipal d\u2019Educaci\u00f3 que, en aquella \u00e8poca, estava instal\u00b7lat en un edifici de la Pla\u00e7a Espanya, posteriorment enderrocat. Al mateix solar avui hi ha l\u2019hotel \u201cPlaza\u201d.<\/p>\n\n\n\n<p><\/p>\n","protected":false},"excerpt":{"rendered":"<p>L\u2019any 1984, foren firmats i lliurats per Josep M. Coderch i Anna Bofill els pl\u00e0nols del conjunt arquitect\u00f2nic que estaria composat per dues edificacions, una per a l\u2019escola i una altra per a l\u2019institut, separades per un pati. En aquell mateix any, l\u2019escola del CEPEC \u201cElaia\u201d adquiria el comprom\u00eds d\u2019integrar-se en el nou centre p\u00fablic. [&hellip;]<\/p>\n","protected":false},"author":1,"featured_media":0,"parent":19,"menu_order":0,"comment_status":"closed","ping_status":"closed","template":"","meta":{"site-sidebar-layout":"left-sidebar","site-content-layout":"","ast-site-content-layout":"default","site-content-style":"default","site-sidebar-style":"default","ast-global-header-display":"","ast-banner-title-visibility":"","ast-main-header-display":"","ast-hfb-above-header-display":"","ast-hfb-below-header-display":"","ast-hfb-mobile-header-display":"","site-post-title":"","ast-breadcrumbs-content":"","ast-featured-img":"","footer-sml-layout":"","theme-transparent-header-meta":"","adv-header-id-meta":"","stick-header-meta":"","header-above-stick-meta":"","header-main-stick-meta":"","header-below-stick-meta":"","astra-migrate-meta-layouts":"set","ast-page-background-enabled":"default","ast-page-background-meta":{"desktop":{"background-color":"var(--ast-global-color-4)","background-image":"","background-repeat":"repeat","background-position":"center center","background-size":"auto","background-attachment":"scroll","background-type":"","background-media":"","overlay-type":"","overlay-color":"","overlay-opacity":"","overlay-gradient":""},"tablet":{"background-color":"","background-image":"","background-repeat":"repeat","background-position":"center center","background-size":"auto","background-attachment":"scroll","background-type":"","background-media":"","overlay-type":"","overlay-color":"","overlay-opacity":"","overlay-gradient":""},"mobile":{"background-color":"","background-image":"","background-repeat":"repeat","background-position":"center center","background-size":"auto","background-attachment":"scroll","background-type":"","background-media":"","overlay-type":"","overlay-color":"","overlay-opacity":"","overlay-gradient":""}},"ast-content-background-meta":{"desktop":{"background-color":"var(--ast-global-color-5)","background-image":"","background-repeat":"repeat","background-position":"center center","background-size":"auto","background-attachment":"scroll","background-type":"","background-media":"","overlay-type":"","overlay-color":"","overlay-opacity":"","overlay-gradient":""},"tablet":{"background-color":"var(--ast-global-color-5)","background-image":"","background-repeat":"repeat","background-position":"center center","background-size":"auto","background-attachment":"scroll","background-type":"","background-media":"","overlay-type":"","overlay-color":"","overlay-opacity":"","overlay-gradient":""},"mobile":{"background-color":"var(--ast-global-color-5)","background-image":"","background-repeat":"repeat","background-position":"center center","background-size":"auto","background-attachment":"scroll","background-type":"","background-media":"","overlay-type":"","overlay-color":"","overlay-opacity":"","overlay-gradient":""}},"footnotes":""},"class_list":["post-27","page","type-page","status-publish","hentry"],"post_mailing_queue_ids":[],"_links":{"self":[{"href":"https:\/\/agora.xtec.cat\/ies-ernest-lluch\/wp-json\/wp\/v2\/pages\/27","targetHints":{"allow":["GET"]}}],"collection":[{"href":"https:\/\/agora.xtec.cat\/ies-ernest-lluch\/wp-json\/wp\/v2\/pages"}],"about":[{"href":"https:\/\/agora.xtec.cat\/ies-ernest-lluch\/wp-json\/wp\/v2\/types\/page"}],"author":[{"embeddable":true,"href":"https:\/\/agora.xtec.cat\/ies-ernest-lluch\/wp-json\/wp\/v2\/users\/1"}],"replies":[{"embeddable":true,"href":"https:\/\/agora.xtec.cat\/ies-ernest-lluch\/wp-json\/wp\/v2\/comments?post=27"}],"version-history":[{"count":6,"href":"https:\/\/agora.xtec.cat\/ies-ernest-lluch\/wp-json\/wp\/v2\/pages\/27\/revisions"}],"predecessor-version":[{"id":705,"href":"https:\/\/agora.xtec.cat\/ies-ernest-lluch\/wp-json\/wp\/v2\/pages\/27\/revisions\/705"}],"up":[{"embeddable":true,"href":"https:\/\/agora.xtec.cat\/ies-ernest-lluch\/wp-json\/wp\/v2\/pages\/19"}],"wp:attachment":[{"href":"https:\/\/agora.xtec.cat\/ies-ernest-lluch\/wp-json\/wp\/v2\/media?parent=27"}],"curies":[{"name":"wp","href":"https:\/\/api.w.org\/{rel}","templated":true}]}}