{"id":9602,"date":"2026-09-03T13:21:49","date_gmt":"2026-09-03T11:21:49","guid":{"rendered":"https:\/\/agora.xtec.cat\/ies-enric-borras\/?page_id=9602"},"modified":"2026-09-03T13:24:43","modified_gmt":"2026-09-03T11:24:43","slug":"comissio-de-biblioteca","status":"publish","type":"page","link":"https:\/\/agora.xtec.cat\/ies-enric-borras\/comissio-de-biblioteca\/","title":{"rendered":"Comissi\u00f3 de Biblioteca"},"content":{"rendered":"\n<p>La comissi\u00f3 s&#8217;encarrega de transformar la biblioteca en un espai actiu d&#8217;aprenentatge, consulta i dinamitzaci\u00f3 cultural. Les funcions que tenen s\u00f3n:<\/p>\n<ul data-path-to-node=\"5\">\n<li><strong>Dinamitzaci\u00f3 de la lectura<\/strong>: organitzaci\u00f3 d&#8217;activitats per promoure la lectura.<\/li>\n<li><strong>Suport al curr\u00edculum<\/strong>: adquisici\u00f3 de fons documental a partir de les propostes dels diferents departaments per ajudar l&#8217;alumnat en la recerca d&#8217;informaci\u00f3, el desenvolupament de la compet\u00e8ncia digital i la prevenci\u00f3 del plagi.<\/li>\n<li>Gesti\u00f3 del fons i l&#8217;espai: tria de les noves adquisicions (novel\u00b7la juvenil, assaig, c\u00f2mic, fons en diferents idiomes), gestionar baixes i organitzar l&#8217;espai de treball o estudi assistit.<\/li>\n<li>Coordinaci\u00f3 amb l&#8217;entorn: connectar la biblioteca del centre amb les biblioteques p\u00fabliques del municipi per organitzar pr\u00e9stecs interbibliotecaris o activitats conjuntes.<\/li>\n<\/ul>\n<p>Responsables: Imma Valls, Montse Vilarrubla, Ra\u00fal Bujard\u00f3n, Leire Abrisqueta<\/p>\n","protected":false},"excerpt":{"rendered":"<p>La comissi\u00f3 s&#8217;encarrega de transformar la biblioteca en un espai actiu d&#8217;aprenentatge, consulta i dinamitzaci\u00f3 cultural. Les funcions que tenen s\u00f3n: Dinamitzaci\u00f3 de la lectura: organitzaci\u00f3 d&#8217;activitats per promoure la lectura. Suport al curr\u00edculum: adquisici\u00f3 de fons documental a partir de les propostes dels diferents departaments per ajudar l&#8217;alumnat en la recerca d&#8217;informaci\u00f3, el desenvolupament [&hellip;]<\/p>\n","protected":false},"author":1,"featured_media":0,"parent":0,"menu_order":0,"comment_status":"closed","ping_status":"close","template":"","meta":{"_bbp_topic_count":0,"_bbp_reply_count":0,"_bbp_total_topic_count":0,"_bbp_total_reply_count":0,"_bbp_voice_count":0,"_bbp_anonymous_reply_count":0,"_bbp_topic_count_hidden":0,"_bbp_reply_count_hidden":0,"_bbp_forum_subforum_count":0,"site-sidebar-layout":"default","site-content-layout":"","ast-site-content-layout":"default","site-content-style":"default","site-sidebar-style":"default","ast-global-header-display":"","ast-banner-title-visibility":"","ast-main-header-display":"","ast-hfb-above-header-display":"","ast-hfb-below-header-display":"","ast-hfb-mobile-header-display":"","site-post-title":"","ast-breadcrumbs-content":"","ast-featured-img":"","footer-sml-layout":"","theme-transparent-header-meta":"","adv-header-id-meta":"","stick-header-meta":"","header-above-stick-meta":"","header-main-stick-meta":"","header-below-stick-meta":"","astra-migrate-meta-layouts":"set","ast-page-background-enabled":"default","ast-page-background-meta":{"desktop":{"background-color":"var(--ast-global-color-4)","background-image":"","background-repeat":"repeat","background-position":"center center","background-size":"auto","background-attachment":"scroll","background-type":"","background-media":"","overlay-type":"","overlay-color":"","overlay-opacity":"","overlay-gradient":""},"tablet":{"background-color":"","background-image":"","background-repeat":"repeat","background-position":"center center","background-size":"auto","background-attachment":"scroll","background-type":"","background-media":"","overlay-type":"","overlay-color":"","overlay-opacity":"","overlay-gradient":""},"mobile":{"background-color":"","background-image":"","background-repeat":"repeat","background-position":"center center","background-size":"auto","background-attachment":"scroll","background-type":"","background-media":"","overlay-type":"","overlay-color":"","overlay-opacity":"","overlay-gradient":""}},"ast-content-background-meta":{"desktop":{"background-color":"var(--ast-global-color-5)","background-image":"","background-repeat":"repeat","background-position":"center center","background-size":"auto","background-attachment":"scroll","background-type":"","background-media":"","overlay-type":"","overlay-color":"","overlay-opacity":"","overlay-gradient":""},"tablet":{"background-color":"var(--ast-global-color-5)","background-image":"","background-repeat":"repeat","background-position":"center center","background-size":"auto","background-attachment":"scroll","background-type":"","background-media":"","overlay-type":"","overlay-color":"","overlay-opacity":"","overlay-gradient":""},"mobile":{"background-color":"var(--ast-global-color-5)","background-image":"","background-repeat":"repeat","background-position":"center center","background-size":"auto","background-attachment":"scroll","background-type":"","background-media":"","overlay-type":"","overlay-color":"","overlay-opacity":"","overlay-gradient":""}},"footnotes":""},"class_list":["post-9602","page","type-page","status-publish","hentry"],"post_mailing_queue_ids":[],"_links":{"self":[{"href":"https:\/\/agora.xtec.cat\/ies-enric-borras\/wp-json\/wp\/v2\/pages\/9602","targetHints":{"allow":["GET"]}}],"collection":[{"href":"https:\/\/agora.xtec.cat\/ies-enric-borras\/wp-json\/wp\/v2\/pages"}],"about":[{"href":"https:\/\/agora.xtec.cat\/ies-enric-borras\/wp-json\/wp\/v2\/types\/page"}],"author":[{"embeddable":true,"href":"https:\/\/agora.xtec.cat\/ies-enric-borras\/wp-json\/wp\/v2\/users\/1"}],"replies":[{"embeddable":true,"href":"https:\/\/agora.xtec.cat\/ies-enric-borras\/wp-json\/wp\/v2\/comments?post=9602"}],"version-history":[{"count":2,"href":"https:\/\/agora.xtec.cat\/ies-enric-borras\/wp-json\/wp\/v2\/pages\/9602\/revisions"}],"predecessor-version":[{"id":9610,"href":"https:\/\/agora.xtec.cat\/ies-enric-borras\/wp-json\/wp\/v2\/pages\/9602\/revisions\/9610"}],"wp:attachment":[{"href":"https:\/\/agora.xtec.cat\/ies-enric-borras\/wp-json\/wp\/v2\/media?parent=9602"}],"curies":[{"name":"wp","href":"https:\/\/api.w.org\/{rel}","templated":true}]}}

Comissió de Biblioteca

<p>La comissió s&#8217;encarrega de transformar la biblioteca en un espai actiu d&#8217;aprenentatge, consulta i dinamització cultural. Les funcions que tenen són:</p>
<ul data-path-to-node="5">
<li><strong>Dinamització de la lectura</strong>: organització d&#8217;activitats per promoure la lectura.</li>
<li><strong>Suport al currículum</strong>: adquisició de fons documental a partir de les propostes dels diferents departaments per ajudar l&#8217;alumnat en la recerca d&#8217;informació, el desenvolupament de la competència digital i la prevenció del plagi.</li>
<li>Gestió del fons i l&#8217;espai: tria de les noves adquisicions (novel·la juvenil, assaig, còmic, fons en diferents idiomes), gestionar baixes i organitzar l&#8217;espai de treball o estudi assistit.</li>
<li>Coordinació amb l&#8217;entorn: connectar la biblioteca del centre amb les biblioteques públiques del municipi per organitzar préstecs interbibliotecaris o activitats conjuntes.</li>
</ul>
<p>Responsables: Imma Valls, Montse Vilarrubla, Raúl Bujardón, Leire Abrisqueta</p>

<p>La comissió s&#8217;encarrega de transformar la biblioteca en un espai actiu d&#8217;aprenentatge, consulta i dinamització cultural. Les funcions que tenen són: Dinamització de la lectura: organització d&#8217;activitats per promoure la lectura. Suport al currículum: adquisició de fons documental a partir de les propostes dels diferents departaments per ajudar l&#8217;alumnat en la recerca d&#8217;informació, el desenvolupament [&hellip;]</p>
