{"id":9575,"date":"2026-09-03T12:38:07","date_gmt":"2026-09-03T10:38:07","guid":{"rendered":"https:\/\/agora.xtec.cat\/ies-enric-borras\/?page_id=9575"},"modified":"2026-09-03T13:29:20","modified_gmt":"2026-09-03T11:29:20","slug":"organigrama-2","status":"publish","type":"page","link":"https:\/\/agora.xtec.cat\/ies-enric-borras\/organigrama-2\/","title":{"rendered":"Organigrama"},"content":{"rendered":"\n\n\n<p>EQUIP DE GESTI\u00d3<\/p>\n\n\n\n<p>\u25cf Directora: Elisa S\u00e1nchez de Oca\u00f1a<br>\u25cf Sotsdirector: Juli\u00e1n Hueso <br>\u25cf Cap d\u2019estudis: M\u00f2nica Ramos <br>\u25cf Secretari: Marc Vall\u00e8s<br>\u25cf Coordinadora pedag\u00f2gica: Montserrat Vilarrubla<\/p>\n\n\n\n<p>CAPS DE DEPARTAMENT<\/p>\n\n\n\n<p>\u25cf Dpt. CATAL\u00c0 (Catal\u00e0 i AA): Llu\u00eds Mayench<br>\u25cf Dpt. CASTELL\u00c0 (Castell\u00e0 i Cl\u00e0ssiques): Pilar Portero<br>\u25cf Dpt. LLENG\u00dcES ESTRANGERES: Ra\u00fal Bujard\u00f3n<br>\u25cf Dpt. EXPRESSI\u00d3 (M\u00fas., ViP i Ed. F\u00edsica): \u00c0ngels Ferrarons<br>\u25cf Dpt. SOCIALS: Christian Grecco<br>\u25cf Dpt. MATEM\u00c0TIQUES: Carlos Obrero<br>\u25cf Dpt. TECNOLOGIA: Elisabet Pino<br>\u25cf Dpt. CI\u00c8NCIES: Neus Corella<br>\u25cf Dpt. ORIENTACI\u00d3: Tatiana Escobar<br>\u25cf Dpt. IMATGE PERSONAL: S\u00f2nia Monjo<\/p>\n\n\n\n<p>COORDINACIONS DE NIVELL<\/p>\n\n\n\n<p>\u25cf Coordinadora 1r ESO: \u00c1ngela Llorente<br>\u25cf Coordinadora 2n ESO: Marina Mart\u00ednez<br>\u25cf Coordinador 3r ESO: Isabel R\u00e0fols<br>\u25cf Coordinadora 4t ESO: Elena Pip\u00f3<br>\u25cf Coordinadora Batxillerat: Fernanda Sanz<br>\u25cf Cap de Seminari Imatge Personal: Adri\u00e0 Peleato<\/p>\n\n\n\n<p>ALTRES C\u00c0RRECS<\/p>\n\n\n\n<p>\u25cf Coord. INFORM\u00c0TICA: Elisabet Pino <br>\u25cf Coord. d\u2019ACTIVITATS I SERVEIS: Jos\u00e9 Moya<br>\u25cf Coord. LIC: per determinar<br>\u25cf Coord. RISCOS LABORALS: per determinar <br>\u25cf Coord. COEDUCACI\u00d3 I BENESTAR: Magui Miret <br>\u25cf Coord. FCTs: S\u00f2nia Niub\u00f3<br>\u25cf Coord. PLA CATAL\u00c0 DE L\u2019ESPORT i SVBe: Manuel Aznar <br>\u25cf Coord ERASMUS ESO i BATX.: Rogelio Ca\u00f1edo<br>\u25cf Coord. ERASMUS CICLES: per determinar<br>\u25cf Coord. PFI: Vanessa Lafarga <\/p>\n","protected":false},"excerpt":{"rendered":"<p>EQUIP DE GESTI\u00d3 \u25cf Directora: Elisa S\u00e1nchez de Oca\u00f1a\u25cf Sotsdirector: Juli\u00e1n Hueso \u25cf Cap d\u2019estudis: M\u00f2nica Ramos \u25cf Secretari: Marc Vall\u00e8s\u25cf Coordinadora pedag\u00f2gica: Montserrat Vilarrubla CAPS DE DEPARTAMENT \u25cf Dpt. CATAL\u00c0 (Catal\u00e0 i AA): Llu\u00eds Mayench\u25cf Dpt. CASTELL\u00c0 (Castell\u00e0 i Cl\u00e0ssiques): Pilar Portero\u25cf Dpt. LLENG\u00dcES ESTRANGERES: Ra\u00fal Bujard\u00f3n\u25cf Dpt. EXPRESSI\u00d3 (M\u00fas., ViP i Ed. F\u00edsica): [&hellip;]<\/p>\n","protected":false},"author":1,"featured_media":0,"parent":0,"menu_order":0,"comment_status":"closed","ping_status":"close","template":"","meta":{"_bbp_topic_count":0,"_bbp_reply_count":0,"_bbp_total_topic_count":0,"_bbp_total_reply_count":0,"_bbp_voice_count":0,"_bbp_anonymous_reply_count":0,"_bbp_topic_count_hidden":0,"_bbp_reply_count_hidden":0,"_bbp_forum_subforum_count":0,"site-sidebar-layout":"default","site-content-layout":"","ast-site-content-layout":"default","site-content-style":"default","site-sidebar-style":"default","ast-global-header-display":"","ast-banner-title-visibility":"","ast-main-header-display":"","ast-hfb-above-header-display":"","ast-hfb-below-header-display":"","ast-hfb-mobile-header-display":"","site-post-title":"","ast-breadcrumbs-content":"","ast-featured-img":"","footer-sml-layout":"","theme-transparent-header-meta":"","adv-header-id-meta":"","stick-header-meta":"","header-above-stick-meta":"","header-main-stick-meta":"","header-below-stick-meta":"","astra-migrate-meta-layouts":"set","ast-page-background-enabled":"default","ast-page-background-meta":{"desktop":{"background-color":"var(--ast-global-color-4)","background-image":"","background-repeat":"repeat","background-position":"center center","background-size":"auto","background-attachment":"scroll","background-type":"","background-media":"","overlay-type":"","overlay-color":"","overlay-opacity":"","overlay-gradient":""},"tablet":{"background-color":"","background-image":"","background-repeat":"repeat","background-position":"center center","background-size":"auto","background-attachment":"scroll","background-type":"","background-media":"","overlay-type":"","overlay-color":"","overlay-opacity":"","overlay-gradient":""},"mobile":{"background-color":"","background-image":"","background-repeat":"repeat","background-position":"center center","background-size":"auto","background-attachment":"scroll","background-type":"","background-media":"","overlay-type":"","overlay-color":"","overlay-opacity":"","overlay-gradient":""}},"ast-content-background-meta":{"desktop":{"background-color":"var(--ast-global-color-5)","background-image":"","background-repeat":"repeat","background-position":"center center","background-size":"auto","background-attachment":"scroll","background-type":"","background-media":"","overlay-type":"","overlay-color":"","overlay-opacity":"","overlay-gradient":""},"tablet":{"background-color":"var(--ast-global-color-5)","background-image":"","background-repeat":"repeat","background-position":"center center","background-size":"auto","background-attachment":"scroll","background-type":"","background-media":"","overlay-type":"","overlay-color":"","overlay-opacity":"","overlay-gradient":""},"mobile":{"background-color":"var(--ast-global-color-5)","background-image":"","background-repeat":"repeat","background-position":"center center","background-size":"auto","background-attachment":"scroll","background-type":"","background-media":"","overlay-type":"","overlay-color":"","overlay-opacity":"","overlay-gradient":""}},"footnotes":""},"class_list":["post-9575","page","type-page","status-publish","hentry"],"post_mailing_queue_ids":[],"_links":{"self":[{"href":"https:\/\/agora.xtec.cat\/ies-enric-borras\/wp-json\/wp\/v2\/pages\/9575","targetHints":{"allow":["GET"]}}],"collection":[{"href":"https:\/\/agora.xtec.cat\/ies-enric-borras\/wp-json\/wp\/v2\/pages"}],"about":[{"href":"https:\/\/agora.xtec.cat\/ies-enric-borras\/wp-json\/wp\/v2\/types\/page"}],"author":[{"embeddable":true,"href":"https:\/\/agora.xtec.cat\/ies-enric-borras\/wp-json\/wp\/v2\/users\/1"}],"replies":[{"embeddable":true,"href":"https:\/\/agora.xtec.cat\/ies-enric-borras\/wp-json\/wp\/v2\/comments?post=9575"}],"version-history":[{"count":2,"href":"https:\/\/agora.xtec.cat\/ies-enric-borras\/wp-json\/wp\/v2\/pages\/9575\/revisions"}],"predecessor-version":[{"id":9613,"href":"https:\/\/agora.xtec.cat\/ies-enric-borras\/wp-json\/wp\/v2\/pages\/9575\/revisions\/9613"}],"wp:attachment":[{"href":"https:\/\/agora.xtec.cat\/ies-enric-borras\/wp-json\/wp\/v2\/media?parent=9575"}],"curies":[{"name":"wp","href":"https:\/\/api.w.org\/{rel}","templated":true}]}}

<p>EQUIP DE GESTIÓ</p>



<p>● Directora: Elisa Sánchez de Ocaña<br>● Sotsdirector: Julián Hueso <br>● Cap d’estudis: Mònica Ramos <br>● Secretari: Marc Vallès<br>● Coordinadora pedagògica: Montserrat Vilarrubla</p>



<p>CAPS DE DEPARTAMENT</p>



<p>● Dpt. CATALÀ (Català i AA): Lluís Mayench<br>● Dpt. CASTELLÀ (Castellà i Clàssiques): Pilar Portero<br>● Dpt. LLENGÜES ESTRANGERES: Raúl Bujardón<br>● Dpt. EXPRESSIÓ (Mús., ViP i Ed. Física): Àngels Ferrarons<br>● Dpt. SOCIALS: Christian Grecco<br>● Dpt. MATEMÀTIQUES: Carlos Obrero<br>● Dpt. TECNOLOGIA: Elisabet Pino<br>● Dpt. CIÈNCIES: Neus Corella<br>● Dpt. ORIENTACIÓ: Tatiana Escobar<br>● Dpt. IMATGE PERSONAL: Sònia Monjo</p>



<p>COORDINACIONS DE NIVELL</p>



<p>● Coordinadora 1r ESO: Ángela Llorente<br>● Coordinadora 2n ESO: Marina Martínez<br>● Coordinador 3r ESO: Isabel Ràfols<br>● Coordinadora 4t ESO: Elena Pipó<br>● Coordinadora Batxillerat: Fernanda Sanz<br>● Cap de Seminari Imatge Personal: Adrià Peleato</p>



<p>ALTRES CÀRRECS</p>



<p>● Coord. INFORMÀTICA: Elisabet Pino <br>● Coord. d’ACTIVITATS I SERVEIS: José Moya<br>● Coord. LIC: per determinar<br>● Coord. RISCOS LABORALS: per determinar <br>● Coord. COEDUCACIÓ I BENESTAR: Magui Miret <br>● Coord. FCTs: Sònia Niubó<br>● Coord. PLA CATALÀ DE L’ESPORT i SVBe: Manuel Aznar <br>● Coord ERASMUS ESO i BATX.: Rogelio Cañedo<br>● Coord. ERASMUS CICLES: per determinar<br>● Coord. PFI: Vanessa Lafarga </p>

<p>EQUIP DE GESTIÓ ● Directora: Elisa Sánchez de Ocaña● Sotsdirector: Julián Hueso ● Cap d’estudis: Mònica Ramos ● Secretari: Marc Vallès● Coordinadora pedagògica: Montserrat Vilarrubla CAPS DE DEPARTAMENT ● Dpt. CATALÀ (Català i AA): Lluís Mayench● Dpt. CASTELLÀ (Castellà i Clàssiques): Pilar Portero● Dpt. LLENGÜES ESTRANGERES: Raúl Bujardón● Dpt. EXPRESSIÓ (Mús., ViP i Ed. Física): [&hellip;]</p>
