{"id":9557,"date":"2026-09-03T09:35:00","date_gmt":"2026-09-03T07:35:00","guid":{"rendered":"https:\/\/agora.xtec.cat\/ies-enric-borras\/?page_id=9557"},"modified":"2026-09-03T11:44:07","modified_gmt":"2026-09-03T09:44:07","slug":"el-centre-qui-som","status":"publish","type":"page","link":"https:\/\/agora.xtec.cat\/ies-enric-borras\/el-centre\/el-centre-qui-som\/","title":{"rendered":"Qui som?"},"content":{"rendered":"\n<div>Som un centre educatiu p\u00fablic de Badalona comprom\u00e8s amb la formaci\u00f3 integral, l\u2019equitat i la cohesi\u00f3 social. Acollim una comunitat diversa i rica i posem l\u2019alumnat al centre de totes les nostres accions. Oferim estudis d\u2019Educaci\u00f3 Secund\u00e0ria Obligat\u00f2ria (ESO), Batxillerat, Cicles Formatius de Grau Mitj\u00e0 i Superior, i Programes de Formaci\u00f3 i Inserci\u00f3 (PFI).<\/div>\n<div>\u00a0<\/div>\n<div>Les nostres l\u00ednies pedag\u00f2giques:<br \/>\n<ul>\n<li><b>Educaci\u00f3 inclusiva i atenci\u00f3 a la diversitat:<\/b> garantim una atenci\u00f3 personalitzada a tot l&#8217;alumnat a trav\u00e9s de recursos com l\u2019Aula d\u2019Acollida i el suport intensiu a la inclusi\u00f3 (SIEI), i promovem la igualtat d&#8217;oportunitats i l&#8217;\u00e8xit educatiu de tothom.<\/li>\n<li><b>Gesti\u00f3 positiva de la conviv\u00e8ncia:<\/b> apostem pel di\u00e0leg, la mediaci\u00f3 escolar i les pr\u00e0ctiques restauratives per mantenir un clima d&#8217;aula i de centre basat en el respecte mutu.<\/li>\n<li><b>Entorn afavoridor de l&#8217;aprenentatge:<\/b> som un centre &#8220;lliure de m\u00f2bils&#8221; durant la jornada lectiva, fet que millora la concentraci\u00f3, la comunicaci\u00f3 interpersonal i la conviv\u00e8ncia.<\/li>\n<li><b>Innovaci\u00f3 digital i projecci\u00f3 internacional:<\/b> impulsem la transformaci\u00f3 digital del centre i obrim horitzons als nostres estudiants mitjan\u00e7ant la participaci\u00f3 en programes com Erasmus+ i xarxes amb l&#8217;entorn.<\/li>\n<\/ul>\n<\/div>\n","protected":false},"excerpt":{"rendered":"<p>Som un centre educatiu p\u00fablic de Badalona comprom\u00e8s amb la formaci\u00f3 integral, l\u2019equitat i la cohesi\u00f3 social. Acollim una comunitat diversa i rica i posem l\u2019alumnat al centre de totes les nostres accions. Oferim estudis d\u2019Educaci\u00f3 Secund\u00e0ria Obligat\u00f2ria (ESO), Batxillerat, Cicles Formatius de Grau Mitj\u00e0 i Superior, i Programes de Formaci\u00f3 i Inserci\u00f3 (PFI). \u00a0 [&hellip;]<\/p>\n","protected":false},"author":1,"featured_media":0,"parent":9522,"menu_order":0,"comment_status":"closed","ping_status":"close","template":"","meta":{"_bbp_topic_count":0,"_bbp_reply_count":0,"_bbp_total_topic_count":0,"_bbp_total_reply_count":0,"_bbp_voice_count":0,"_bbp_anonymous_reply_count":0,"_bbp_topic_count_hidden":0,"_bbp_reply_count_hidden":0,"_bbp_forum_subforum_count":0,"site-sidebar-layout":"default","site-content-layout":"","ast-site-content-layout":"default","site-content-style":"default","site-sidebar-style":"default","ast-global-header-display":"","ast-banner-title-visibility":"","ast-main-header-display":"","ast-hfb-above-header-display":"","ast-hfb-below-header-display":"","ast-hfb-mobile-header-display":"","site-post-title":"","ast-breadcrumbs-content":"","ast-featured-img":"","footer-sml-layout":"","theme-transparent-header-meta":"","adv-header-id-meta":"","stick-header-meta":"","header-above-stick-meta":"","header-main-stick-meta":"","header-below-stick-meta":"","astra-migrate-meta-layouts":"set","ast-page-background-enabled":"default","ast-page-background-meta":{"desktop":{"background-color":"var(--ast-global-color-4)","background-image":"","background-repeat":"repeat","background-position":"center center","background-size":"auto","background-attachment":"scroll","background-type":"","background-media":"","overlay-type":"","overlay-color":"","overlay-opacity":"","overlay-gradient":""},"tablet":{"background-color":"","background-image":"","background-repeat":"repeat","background-position":"center center","background-size":"auto","background-attachment":"scroll","background-type":"","background-media":"","overlay-type":"","overlay-color":"","overlay-opacity":"","overlay-gradient":""},"mobile":{"background-color":"","background-image":"","background-repeat":"repeat","background-position":"center center","background-size":"auto","background-attachment":"scroll","background-type":"","background-media":"","overlay-type":"","overlay-color":"","overlay-opacity":"","overlay-gradient":""}},"ast-content-background-meta":{"desktop":{"background-color":"var(--ast-global-color-5)","background-image":"","background-repeat":"repeat","background-position":"center center","background-size":"auto","background-attachment":"scroll","background-type":"","background-media":"","overlay-type":"","overlay-color":"","overlay-opacity":"","overlay-gradient":""},"tablet":{"background-color":"var(--ast-global-color-5)","background-image":"","background-repeat":"repeat","background-position":"center center","background-size":"auto","background-attachment":"scroll","background-type":"","background-media":"","overlay-type":"","overlay-color":"","overlay-opacity":"","overlay-gradient":""},"mobile":{"background-color":"var(--ast-global-color-5)","background-image":"","background-repeat":"repeat","background-position":"center center","background-size":"auto","background-attachment":"scroll","background-type":"","background-media":"","overlay-type":"","overlay-color":"","overlay-opacity":"","overlay-gradient":""}},"footnotes":""},"class_list":["post-9557","page","type-page","status-publish","hentry"],"post_mailing_queue_ids":[],"_links":{"self":[{"href":"https:\/\/agora.xtec.cat\/ies-enric-borras\/wp-json\/wp\/v2\/pages\/9557","targetHints":{"allow":["GET"]}}],"collection":[{"href":"https:\/\/agora.xtec.cat\/ies-enric-borras\/wp-json\/wp\/v2\/pages"}],"about":[{"href":"https:\/\/agora.xtec.cat\/ies-enric-borras\/wp-json\/wp\/v2\/types\/page"}],"author":[{"embeddable":true,"href":"https:\/\/agora.xtec.cat\/ies-enric-borras\/wp-json\/wp\/v2\/users\/1"}],"replies":[{"embeddable":true,"href":"https:\/\/agora.xtec.cat\/ies-enric-borras\/wp-json\/wp\/v2\/comments?post=9557"}],"version-history":[{"count":3,"href":"https:\/\/agora.xtec.cat\/ies-enric-borras\/wp-json\/wp\/v2\/pages\/9557\/revisions"}],"predecessor-version":[{"id":9569,"href":"https:\/\/agora.xtec.cat\/ies-enric-borras\/wp-json\/wp\/v2\/pages\/9557\/revisions\/9569"}],"up":[{"embeddable":true,"href":"https:\/\/agora.xtec.cat\/ies-enric-borras\/wp-json\/wp\/v2\/pages\/9522"}],"wp:attachment":[{"href":"https:\/\/agora.xtec.cat\/ies-enric-borras\/wp-json\/wp\/v2\/media?parent=9557"}],"curies":[{"name":"wp","href":"https:\/\/api.w.org\/{rel}","templated":true}]}}

<div>Som un centre educatiu públic de Badalona compromès amb la formació integral, l’equitat i la cohesió social. Acollim una comunitat diversa i rica i posem l’alumnat al centre de totes les nostres accions. Oferim estudis d’Educació Secundària Obligatòria (ESO), Batxillerat, Cicles Formatius de Grau Mitjà i Superior, i Programes de Formació i Inserció (PFI).</div>
<div> </div>
<div>Les nostres línies pedagògiques:<br />
<ul>
<li><b>Educació inclusiva i atenció a la diversitat:</b> garantim una atenció personalitzada a tot l&#8217;alumnat a través de recursos com l’Aula d’Acollida i el suport intensiu a la inclusió (SIEI), i promovem la igualtat d&#8217;oportunitats i l&#8217;èxit educatiu de tothom.</li>
<li><b>Gestió positiva de la convivència:</b> apostem pel diàleg, la mediació escolar i les pràctiques restauratives per mantenir un clima d&#8217;aula i de centre basat en el respecte mutu.</li>
<li><b>Entorn afavoridor de l&#8217;aprenentatge:</b> som un centre &#8220;lliure de mòbils&#8221; durant la jornada lectiva, fet que millora la concentració, la comunicació interpersonal i la convivència.</li>
<li><b>Innovació digital i projecció internacional:</b> impulsem la transformació digital del centre i obrim horitzons als nostres estudiants mitjançant la participació en programes com Erasmus+ i xarxes amb l&#8217;entorn.</li>
</ul>
</div>

<p>Som un centre educatiu públic de Badalona compromès amb la formació integral, l’equitat i la cohesió social. Acollim una comunitat diversa i rica i posem l’alumnat al centre de totes les nostres accions. Oferim estudis d’Educació Secundària Obligatòria (ESO), Batxillerat, Cicles Formatius de Grau Mitjà i Superior, i Programes de Formació i Inserció (PFI).   [&hellip;]</p>
