{"id":55,"date":"2014-09-17T16:59:49","date_gmt":"2014-09-17T16:59:49","guid":{"rendered":"http:\/\/agora.xtec.cat\/ies-enric-borras\/?page_id=55"},"modified":"2016-03-28T10:01:16","modified_gmt":"2016-03-28T09:01:16","slug":"horaris","status":"publish","type":"page","link":"https:\/\/agora.xtec.cat\/ies-enric-borras\/linstitut\/horaris\/","title":{"rendered":"Horaris"},"content":{"rendered":"<h4>Horari lectiu<\/h4>\n<p>Per\u00a0 donar resposta a les diferents activitats que oferta el centre,\u00a0 l\u2019Institut est\u00e0 obert des de les 8h fins a les 21.30h.<\/p>\n<p>Els estudiants d&#8217;ESO i Batxillerat tenen horari intensiu:\u00a0el marc horari de 30 hores lectives setmanals estan distribu\u00efdes de 8\u201930 a 15\u201905 hs de dilluns a divendres.<\/p>\n<p>El grup de tarda de Cicle Mitj\u00e0 d\u2019Est\u00e8tica realitza el seu horari durant tots els dies des de les 15.00 fins a les 21.00hs.<\/p>\n<p>&nbsp;<\/p>\n<h4>Trimestres i avaluacions<\/h4>\n<p>El calendari escolar est\u00e0 dividit en tres trimestres amb una distribuci\u00f3 de dies lectius similar. Al finalitzar cada per\u00edode es realitzen les juntes d\u2019avaluaci\u00f3 i es lliuren els informes a les fam\u00edlies. Destaquem\u00a0 la jornada d\u2019acollida i de lliurament notes com una jornada diferent en qu\u00e8 donem \u00e8mfasi a les entrevistes personals dels alumnes i el tutor aix\u00ed com la possibilitat d\u2019assist\u00e8ncia a l\u2019entrevista de les fam\u00edlies. El centre celebra especialment les festes de Nadal, Carnaval, Sant Jordi i la festa de Final de curs.\u00a0 El professor responsable d\u2019activitats extraescolars t\u00e9 una funci\u00f3 rellevant durant aquests dies, per\u00f2 tamb\u00e9 compta amb la participaci\u00f3 volunt\u00e0ria de professors i alumnes. S\u2019intenta que tota la comunitat educativa participi en major o menor mesura.<\/p>\n<p>&nbsp;<\/p>\n<h4>Activitats extraescolars<\/h4>\n<p>En horari de tardes, el centre oferta diverses activitats extraescolars en col\u00b7aboraci\u00f3 amb l\u2019AMPA: Club juvenil, Estudi Assistit, activitats per a fam\u00edlies (inform\u00e0tica, espai de trobada), ball , futbol, b\u00e0squet. L\u2019espai de la Biblioteca est\u00e0 a disposici\u00f3 de tota la comunitat educativa en horari no lectiu.<\/p>\n<p>.<\/p>\n","protected":false},"excerpt":{"rendered":"<p>Horari lectiu<br \/>\nPer\u00a0 donar resposta a les diferents activitats que oferta el centre,\u00a0 l\u2019Institut est\u00e0 obert des de les 8h fins a les 21.30h.<br \/>\nEls estudiants d&#8217;ESO i Batxillerat tenen horari intensiu:\u00a0el marc horari de 30 hores lectives setmanals estan distribu\u00efdes de 8\u201930 a 15\u201905 hs de&hellip;  <a href=\"https:\/\/agora.xtec.cat\/ies-enric-borras\/linstitut\/horaris\/\" title=\"Read Horaris\">Llegeix m\u00e9s\u00bb<\/a><\/p>\n","protected":false},"author":1,"featured_media":0,"parent":19,"menu_order":80,"comment_status":"closed","ping_status":"closed","template":"page-templates\/side-menu.php","meta":{"_bbp_topic_count":0,"_bbp_reply_count":0,"_bbp_total_topic_count":0,"_bbp_total_reply_count":0,"_bbp_voice_count":0,"_bbp_anonymous_reply_count":0,"_bbp_topic_count_hidden":0,"_bbp_reply_count_hidden":0,"_bbp_forum_subforum_count":0,"footnotes":""},"class_list":["post-55","page","type-page","status-publish","hentry"],"post_mailing_queue_ids":[],"_links":{"self":[{"href":"https:\/\/agora.xtec.cat\/ies-enric-borras\/wp-json\/wp\/v2\/pages\/55","targetHints":{"allow":["GET"]}}],"collection":[{"href":"https:\/\/agora.xtec.cat\/ies-enric-borras\/wp-json\/wp\/v2\/pages"}],"about":[{"href":"https:\/\/agora.xtec.cat\/ies-enric-borras\/wp-json\/wp\/v2\/types\/page"}],"author":[{"embeddable":true,"href":"https:\/\/agora.xtec.cat\/ies-enric-borras\/wp-json\/wp\/v2\/users\/1"}],"replies":[{"embeddable":true,"href":"https:\/\/agora.xtec.cat\/ies-enric-borras\/wp-json\/wp\/v2\/comments?post=55"}],"version-history":[{"count":4,"href":"https:\/\/agora.xtec.cat\/ies-enric-borras\/wp-json\/wp\/v2\/pages\/55\/revisions"}],"predecessor-version":[{"id":1120,"href":"https:\/\/agora.xtec.cat\/ies-enric-borras\/wp-json\/wp\/v2\/pages\/55\/revisions\/1120"}],"up":[{"embeddable":true,"href":"https:\/\/agora.xtec.cat\/ies-enric-borras\/wp-json\/wp\/v2\/pages\/19"}],"wp:attachment":[{"href":"https:\/\/agora.xtec.cat\/ies-enric-borras\/wp-json\/wp\/v2\/media?parent=55"}],"curies":[{"name":"wp","href":"https:\/\/api.w.org\/{rel}","templated":true}]}}