{"id":683,"date":"2016-07-06T08:31:28","date_gmt":"2016-07-06T07:31:28","guid":{"rendered":"http:\/\/agora.xtec.cat\/ies-eltiller\/?page_id=683"},"modified":"2025-10-07T18:36:09","modified_gmt":"2025-10-07T16:36:09","slug":"normes-organitzacio-funcionament-centre","status":"publish","type":"page","link":"https:\/\/agora.xtec.cat\/ies-eltiller\/projecte-educatiu\/normes-organitzacio-funcionament-centre\/","title":{"rendered":"Normes d&#8217;Organitzaci\u00f3 i Funcionament de Centre"},"content":{"rendered":"<p style=\"text-align: justify;\">Les Normes d&#8217;Organitzaci\u00f3 i Funcionament del Centre (NOFC) \u00e9s un dels elements vertebradors de l&#8217;institut, de la seva activitat i en determina l&#8217;organitzaci\u00f3, la gesti\u00f3 i el funcionament.<\/p>\n<h3><strong><a href=\"https:\/\/agora.xtec.cat\/ies-eltiller\/wp-content\/uploads\/usu1312\/2025\/09\/NOFC-INS-EL-TIL\u00b7LER-25-26.pdf\" target=\"_blank\" rel=\"noopener\">NOFC INS EL TIL\u00b7LER 25-26<\/a><\/strong><\/h3>\n<h3><\/h3>\n","protected":false},"excerpt":{"rendered":"<p>Les Normes d&#8217;Organitzaci\u00f3 i Funcionament del Centre (NOFC) \u00e9s un dels elements vertebradors de l&#8217;institut, de la seva activitat i en determina l&#8217;organitzaci\u00f3, la gesti\u00f3 i el funcionament.<br \/>\n<a href=\"https:\/\/agora.xtec.cat\/ies-eltiller\/wp-content\/uploads\/usu1312\/2025\/09\/NOFC-INS-EL-TIL\u00b7LER-25-26.pdf\" target=\"_blank\" rel=\"noopener\">NOFC INS EL TIL\u00b7LER 25-26<\/a><\/p>\n","protected":false},"author":1,"featured_media":0,"parent":57,"menu_order":30,"comment_status":"closed","ping_status":"closed","template":"page-templates\/side-menu.php","meta":{"_bbp_topic_count":0,"_bbp_reply_count":0,"_bbp_total_topic_count":0,"_bbp_total_reply_count":0,"_bbp_voice_count":0,"_bbp_anonymous_reply_count":0,"_bbp_topic_count_hidden":0,"_bbp_reply_count_hidden":0,"_bbp_forum_subforum_count":0,"footnotes":""},"class_list":["post-683","page","type-page","status-publish","hentry"],"post_mailing_queue_ids":[],"_links":{"self":[{"href":"https:\/\/agora.xtec.cat\/ies-eltiller\/wp-json\/wp\/v2\/pages\/683","targetHints":{"allow":["GET"]}}],"collection":[{"href":"https:\/\/agora.xtec.cat\/ies-eltiller\/wp-json\/wp\/v2\/pages"}],"about":[{"href":"https:\/\/agora.xtec.cat\/ies-eltiller\/wp-json\/wp\/v2\/types\/page"}],"author":[{"embeddable":true,"href":"https:\/\/agora.xtec.cat\/ies-eltiller\/wp-json\/wp\/v2\/users\/1"}],"replies":[{"embeddable":true,"href":"https:\/\/agora.xtec.cat\/ies-eltiller\/wp-json\/wp\/v2\/comments?post=683"}],"version-history":[{"count":6,"href":"https:\/\/agora.xtec.cat\/ies-eltiller\/wp-json\/wp\/v2\/pages\/683\/revisions"}],"predecessor-version":[{"id":8636,"href":"https:\/\/agora.xtec.cat\/ies-eltiller\/wp-json\/wp\/v2\/pages\/683\/revisions\/8636"}],"up":[{"embeddable":true,"href":"https:\/\/agora.xtec.cat\/ies-eltiller\/wp-json\/wp\/v2\/pages\/57"}],"wp:attachment":[{"href":"https:\/\/agora.xtec.cat\/ies-eltiller\/wp-json\/wp\/v2\/media?parent=683"}],"curies":[{"name":"wp","href":"https:\/\/api.w.org\/{rel}","templated":true}]}}