{"id":5707,"date":"2022-05-21T21:43:21","date_gmt":"2022-05-21T19:43:21","guid":{"rendered":"https:\/\/agora.xtec.cat\/ies-dperramon\/?page_id=5707"},"modified":"2023-01-25T19:53:25","modified_gmt":"2023-01-25T18:53:25","slug":"mediacio-i-orientacio","status":"publish","type":"page","link":"https:\/\/agora.xtec.cat\/ies-dperramon\/projecte-educatiu\/mediacio-i-orientacio\/","title":{"rendered":"Mediaci\u00f3 i Orientaci\u00f3"},"content":{"rendered":"<p><a href=\"https:\/\/agora.xtec.cat\/ies-dperramon\/wp-content\/uploads\/usu947\/2023\/01\/depositphotos_7340281.jpg\"><img loading=\"lazy\" decoding=\"async\" class=\"alignleft size-medium wp-image-6378\" src=\"https:\/\/agora.xtec.cat\/ies-dperramon\/wp-content\/uploads\/usu947\/2023\/01\/depositphotos_7340281-300x206.jpg\" alt=\"\" width=\"300\" height=\"206\" srcset=\"https:\/\/agora.xtec.cat\/ies-dperramon\/wp-content\/uploads\/usu947\/2023\/01\/depositphotos_7340281-300x206.jpg 300w, https:\/\/agora.xtec.cat\/ies-dperramon\/wp-content\/uploads\/usu947\/2023\/01\/depositphotos_7340281.jpg 600w\" sizes=\"auto, (max-width: 300px) 100vw, 300px\" \/><\/a>El projecte de Mediaci\u00f3 es va comen\u00e7ar a implementar en el curs 2014-2015. \u00c9s un projecte com\u00fa amb l\u2019ajuntament d\u2019Arenys de Munt, Va sorgir de la voluntat d\u2019incorporar noves l\u00ednies de resoluci\u00f3 de conflicte i de millora de la conviv\u00e8ncia a l\u2019institut.<\/p>\n<p>Durant el curs 2015\/16 vam consolidar l\u2019Equip de Mediadors format per set alumnes de 4t d\u2019ESO i 1r de Batx, dues professores i la Mediadora municipal. Durant aquest curs \u00a0l\u2019Equip ha estat molt actiu i han realitzat diferents mediacions dins del centre, han participat en la festa de la Conviv\u00e8ncia del poble i han realitzat tallers de gesti\u00f3 de conflictes amb els alumnes de 6\u00e8 de les escoles Sobirans i Sant Mart\u00ed.<\/p>\n<p>Comencem aquest nou curs amb il\u00b7lusi\u00f3, ja que tenim dotze alumnes m\u00e9s formant-se per ser mediadors i amb nous projectes per encetar.<\/p>\n<blockquote>\n<pre style=\"text-align: left;\">Estem treballant per explicar-te en detall el nostre projecte.<\/pre>\n<\/blockquote>\n","protected":false},"excerpt":{"rendered":"<p>El projecte de Mediaci\u00f3 es va comen\u00e7ar a implementar en el curs 2014-2015. \u00c9s un projecte com\u00fa amb l\u2019ajuntament d\u2019Arenys de Munt, Va sorgir de la voluntat d\u2019incorporar noves l\u00ednies de resoluci\u00f3 de conflicte i de millora de la conviv\u00e8ncia a l\u2019institut. Durant el curs 2015\/16 vam consolidar l\u2019Equip de Mediadors format per set alumnes [&hellip;]<\/p>\n","protected":false},"author":1,"featured_media":0,"parent":57,"menu_order":40,"comment_status":"closed","ping_status":"closed","template":"page-templates\/side-menu.php","meta":{"_bbp_topic_count":0,"_bbp_reply_count":0,"_bbp_total_topic_count":0,"_bbp_total_reply_count":0,"_bbp_voice_count":0,"_bbp_anonymous_reply_count":0,"_bbp_topic_count_hidden":0,"_bbp_reply_count_hidden":0,"_bbp_forum_subforum_count":0,"site-sidebar-layout":"default","site-content-layout":"","ast-site-content-layout":"","site-content-style":"default","site-sidebar-style":"default","ast-global-header-display":"","ast-banner-title-visibility":"","ast-main-header-display":"","ast-hfb-above-header-display":"","ast-hfb-below-header-display":"","ast-hfb-mobile-header-display":"","site-post-title":"","ast-breadcrumbs-content":"","ast-featured-img":"","footer-sml-layout":"","theme-transparent-header-meta":"","adv-header-id-meta":"","stick-header-meta":"","header-above-stick-meta":"","header-main-stick-meta":"","header-below-stick-meta":"","astra-migrate-meta-layouts":"default","ast-page-background-enabled":"default","ast-page-background-meta":{"desktop":{"background-color":"var(--ast-global-color-4)","background-image":"","background-repeat":"repeat","background-position":"center center","background-size":"auto","background-attachment":"scroll","background-type":"","background-media":"","overlay-type":"","overlay-color":"","overlay-opacity":"","overlay-gradient":""},"tablet":{"background-color":"","background-image":"","background-repeat":"repeat","background-position":"center center","background-size":"auto","background-attachment":"scroll","background-type":"","background-media":"","overlay-type":"","overlay-color":"","overlay-opacity":"","overlay-gradient":""},"mobile":{"background-color":"","background-image":"","background-repeat":"repeat","background-position":"center center","background-size":"auto","background-attachment":"scroll","background-type":"","background-media":"","overlay-type":"","overlay-color":"","overlay-opacity":"","overlay-gradient":""}},"ast-content-background-meta":{"desktop":{"background-color":"var(--ast-global-color-5)","background-image":"","background-repeat":"repeat","background-position":"center center","background-size":"auto","background-attachment":"scroll","background-type":"","background-media":"","overlay-type":"","overlay-color":"","overlay-opacity":"","overlay-gradient":""},"tablet":{"background-color":"var(--ast-global-color-5)","background-image":"","background-repeat":"repeat","background-position":"center center","background-size":"auto","background-attachment":"scroll","background-type":"","background-media":"","overlay-type":"","overlay-color":"","overlay-opacity":"","overlay-gradient":""},"mobile":{"background-color":"var(--ast-global-color-5)","background-image":"","background-repeat":"repeat","background-position":"center center","background-size":"auto","background-attachment":"scroll","background-type":"","background-media":"","overlay-type":"","overlay-color":"","overlay-opacity":"","overlay-gradient":""}},"footnotes":""},"class_list":["post-5707","page","type-page","status-publish","hentry"],"post_mailing_queue_ids":[],"_links":{"self":[{"href":"https:\/\/agora.xtec.cat\/ies-dperramon\/wp-json\/wp\/v2\/pages\/5707","targetHints":{"allow":["GET"]}}],"collection":[{"href":"https:\/\/agora.xtec.cat\/ies-dperramon\/wp-json\/wp\/v2\/pages"}],"about":[{"href":"https:\/\/agora.xtec.cat\/ies-dperramon\/wp-json\/wp\/v2\/types\/page"}],"author":[{"embeddable":true,"href":"https:\/\/agora.xtec.cat\/ies-dperramon\/wp-json\/wp\/v2\/users\/1"}],"replies":[{"embeddable":true,"href":"https:\/\/agora.xtec.cat\/ies-dperramon\/wp-json\/wp\/v2\/comments?post=5707"}],"version-history":[{"count":3,"href":"https:\/\/agora.xtec.cat\/ies-dperramon\/wp-json\/wp\/v2\/pages\/5707\/revisions"}],"predecessor-version":[{"id":6380,"href":"https:\/\/agora.xtec.cat\/ies-dperramon\/wp-json\/wp\/v2\/pages\/5707\/revisions\/6380"}],"up":[{"embeddable":true,"href":"https:\/\/agora.xtec.cat\/ies-dperramon\/wp-json\/wp\/v2\/pages\/57"}],"wp:attachment":[{"href":"https:\/\/agora.xtec.cat\/ies-dperramon\/wp-json\/wp\/v2\/media?parent=5707"}],"curies":[{"name":"wp","href":"https:\/\/api.w.org\/{rel}","templated":true}]}}

Mediació i Orientació

<p><a href="https://agora.xtec.cat/ies-dperramon/wp-content/uploads/usu947/2023/01/depositphotos_7340281.jpg"><img loading="lazy" decoding="async" class="alignleft size-medium wp-image-6378" src="https://agora.xtec.cat/ies-dperramon/wp-content/uploads/usu947/2023/01/depositphotos_7340281-300x206.jpg" alt="" width="300" height="206" srcset="https://agora.xtec.cat/ies-dperramon/wp-content/uploads/usu947/2023/01/depositphotos_7340281-300x206.jpg 300w, https://agora.xtec.cat/ies-dperramon/wp-content/uploads/usu947/2023/01/depositphotos_7340281.jpg 600w" sizes="auto, (max-width: 300px) 100vw, 300px" /></a>El projecte de Mediació es va començar a implementar en el curs 2014-2015. És un projecte comú amb l’ajuntament d’Arenys de Munt, Va sorgir de la voluntat d’incorporar noves línies de resolució de conflicte i de millora de la convivència a l’institut.</p>
<p>Durant el curs 2015/16 vam consolidar l’Equip de Mediadors format per set alumnes de 4t d’ESO i 1r de Batx, dues professores i la Mediadora municipal. Durant aquest curs  l’Equip ha estat molt actiu i han realitzat diferents mediacions dins del centre, han participat en la festa de la Convivència del poble i han realitzat tallers de gestió de conflictes amb els alumnes de 6è de les escoles Sobirans i Sant Martí.</p>
<p>Comencem aquest nou curs amb il·lusió, ja que tenim dotze alumnes més formant-se per ser mediadors i amb nous projectes per encetar.</p>
<blockquote>
<pre style="text-align: left;">Estem treballant per explicar-te en detall el nostre projecte.</pre>
</blockquote>

<p>El projecte de Mediació es va començar a implementar en el curs 2014-2015. És un projecte comú amb l’ajuntament d’Arenys de Munt, Va sorgir de la voluntat d’incorporar noves línies de resolució de conflicte i de millora de la convivència a l’institut. Durant el curs 2015/16 vam consolidar l’Equip de Mediadors format per set alumnes [&hellip;]</p>
