{"id":5684,"date":"2022-05-20T12:40:49","date_gmt":"2022-05-20T10:40:49","guid":{"rendered":"https:\/\/agora.xtec.cat\/ies-dperramon\/?page_id=5684"},"modified":"2023-01-25T19:54:52","modified_gmt":"2023-01-25T18:54:52","slug":"part-estrategica","status":"publish","type":"page","link":"https:\/\/agora.xtec.cat\/ies-dperramon\/projecte-educatiu\/projecte-digital-de-centre\/part-estrategica\/","title":{"rendered":"Estrat\u00e8gia"},"content":{"rendered":"<header class=\"entry-header\">\n<h4><span style=\"color: #339966;\">Com \u00e9s realitzar\u00e0 l&#8217;Estrat\u00e8gia?<\/span><\/h4>\n<p><a href=\"https:\/\/agora.xtec.cat\/ies-dperramon\/wp-content\/uploads\/usu947\/2022\/07\/FA.png\"><img loading=\"lazy\" decoding=\"async\" class=\"wp-image-6106 aligncenter\" src=\"https:\/\/agora.xtec.cat\/ies-dperramon\/wp-content\/uploads\/usu947\/2022\/07\/FA.png\" alt=\"\" width=\"610\" height=\"434\" srcset=\"https:\/\/agora.xtec.cat\/ies-dperramon\/wp-content\/uploads\/usu947\/2022\/07\/FA.png 762w, https:\/\/agora.xtec.cat\/ies-dperramon\/wp-content\/uploads\/usu947\/2022\/07\/FA-300x213.png 300w\" sizes=\"auto, (max-width: 610px) 100vw, 610px\" \/><\/a><\/p>\n<h4><span style=\"color: #339966;\">Fases de l&#8217;Estrat\u00e8gia del Centre Dom\u00e8nec Perramon<\/span><\/h4>\n<p class=\"entry-title\">\n<\/header>\n<table style=\"height: 76px; width: 100%; border-collapse: collapse; border-color: #ffffff;\">\n<tbody>\n<tr style=\"height: 32px;\">\n<td style=\"width: 25%; height: 32px;\"><a href=\"https:\/\/agora.xtec.cat\/ies-dperramon\/wp-content\/uploads\/usu947\/2022\/06\/objectius.png\"><img loading=\"lazy\" decoding=\"async\" class=\"alignleft size-full wp-image-5799\" src=\"https:\/\/agora.xtec.cat\/ies-dperramon\/wp-content\/uploads\/usu947\/2022\/06\/objectius.png\" alt=\"\" width=\"614\" height=\"515\" srcset=\"https:\/\/agora.xtec.cat\/ies-dperramon\/wp-content\/uploads\/usu947\/2022\/06\/objectius.png 614w, https:\/\/agora.xtec.cat\/ies-dperramon\/wp-content\/uploads\/usu947\/2022\/06\/objectius-300x252.png 300w\" sizes=\"auto, (max-width: 614px) 100vw, 614px\" \/><\/a><\/td>\n<td style=\"width: 25%; height: 32px;\"><a href=\"https:\/\/agora.xtec.cat\/ies-dperramon\/wp-content\/uploads\/usu947\/2022\/06\/avaluacio.jpg\"><img loading=\"lazy\" decoding=\"async\" class=\"alignleft size-full wp-image-5800\" src=\"https:\/\/agora.xtec.cat\/ies-dperramon\/wp-content\/uploads\/usu947\/2022\/06\/avaluacio.jpg\" alt=\"\" width=\"240\" height=\"210\" \/><\/a><\/td>\n<td style=\"width: 25%; height: 32px;\"><a href=\"https:\/\/agora.xtec.cat\/ies-dperramon\/wp-content\/uploads\/usu947\/2022\/06\/planificacio.png\"><img loading=\"lazy\" decoding=\"async\" class=\"alignleft size-full wp-image-5803\" src=\"https:\/\/agora.xtec.cat\/ies-dperramon\/wp-content\/uploads\/usu947\/2022\/06\/planificacio.png\" alt=\"\" width=\"278\" height=\"181\" \/><\/a><\/td>\n<td style=\"width: 25%; height: 32px;\"><a href=\"https:\/\/agora.xtec.cat\/ies-dperramon\/wp-content\/uploads\/usu947\/2022\/06\/avaluacio.png\"><img loading=\"lazy\" decoding=\"async\" class=\"alignleft size-full wp-image-5801\" src=\"https:\/\/agora.xtec.cat\/ies-dperramon\/wp-content\/uploads\/usu947\/2022\/06\/avaluacio.png\" alt=\"\" width=\"225\" height=\"225\" srcset=\"https:\/\/agora.xtec.cat\/ies-dperramon\/wp-content\/uploads\/usu947\/2022\/06\/avaluacio.png 225w, https:\/\/agora.xtec.cat\/ies-dperramon\/wp-content\/uploads\/usu947\/2022\/06\/avaluacio-150x150.png 150w\" sizes=\"auto, (max-width: 225px) 100vw, 225px\" \/><\/a><\/td>\n<\/tr>\n<tr style=\"height: 44px;\">\n<td style=\"width: 25%; height: 44px; background-color: #f5f5f5; text-align: center;\">\n<h4><a style=\"color: #2795b6;\" href=\"https:\/\/agora.xtec.cat\/ies-dperramon\/projecte-educatiu\/projecte-digital-de-centre\/part-estrategica\/diagnosi\/\">Diagnosi<\/a><\/h4>\n<\/td>\n<td style=\"width: 25%; height: 44px; background-color: #f5f5f5; text-align: center;\">\n<h4><a style=\"color: #2795b6;\" href=\"https:\/\/agora.xtec.cat\/ies-dperramon\/projecte-educatiu\/projecte-digital-de-centre\/part-estrategica\/objectius\/\">Objectius<\/a><\/h4>\n<\/td>\n<td style=\"width: 25%; height: 44px; background-color: #f5f5f5; text-align: center;\">\n<h4><a style=\"color: #2795b6;\" href=\"https:\/\/agora.xtec.cat\/ies-dperramon\/projecte-educatiu\/projecte-digital-de-centre\/part-estrategica\/planificacio-i-seguiment\/\">Planificaci\u00f3 i seguiment de les activitats<\/a><\/h4>\n<\/td>\n<td style=\"width: 25%; height: 44px; background-color: #f5f5f5; text-align: center;\">\n<h4><a href=\"https:\/\/agora.xtec.cat\/ies-dperramon\/projecte-educatiu\/projecte-digital-de-centre\/part-estrategica\/avaluacio-i-millora\/\">Avaluaci\u00f3 i millora<\/a><\/h4>\n<\/td>\n<\/tr>\n<\/tbody>\n<\/table>\n<p>&nbsp;<\/p>\n","protected":false},"excerpt":{"rendered":"<p>Com \u00e9s realitzar\u00e0 l&#8217;Estrat\u00e8gia? Fases de l&#8217;Estrat\u00e8gia del Centre Dom\u00e8nec Perramon Diagnosi Objectius Planificaci\u00f3 i seguiment de les activitats Avaluaci\u00f3 i millora &nbsp;<\/p>\n","protected":false},"author":1,"featured_media":0,"parent":5616,"menu_order":0,"comment_status":"closed","ping_status":"closed","template":"page-templates\/side-menu.php","meta":{"_bbp_topic_count":0,"_bbp_reply_count":0,"_bbp_total_topic_count":0,"_bbp_total_reply_count":0,"_bbp_voice_count":0,"_bbp_anonymous_reply_count":0,"_bbp_topic_count_hidden":0,"_bbp_reply_count_hidden":0,"_bbp_forum_subforum_count":0,"site-sidebar-layout":"default","site-content-layout":"","ast-site-content-layout":"","site-content-style":"default","site-sidebar-style":"default","ast-global-header-display":"","ast-banner-title-visibility":"","ast-main-header-display":"","ast-hfb-above-header-display":"","ast-hfb-below-header-display":"","ast-hfb-mobile-header-display":"","site-post-title":"","ast-breadcrumbs-content":"","ast-featured-img":"","footer-sml-layout":"","theme-transparent-header-meta":"","adv-header-id-meta":"","stick-header-meta":"","header-above-stick-meta":"","header-main-stick-meta":"","header-below-stick-meta":"","astra-migrate-meta-layouts":"default","ast-page-background-enabled":"default","ast-page-background-meta":{"desktop":{"background-color":"var(--ast-global-color-4)","background-image":"","background-repeat":"repeat","background-position":"center center","background-size":"auto","background-attachment":"scroll","background-type":"","background-media":"","overlay-type":"","overlay-color":"","overlay-opacity":"","overlay-gradient":""},"tablet":{"background-color":"","background-image":"","background-repeat":"repeat","background-position":"center center","background-size":"auto","background-attachment":"scroll","background-type":"","background-media":"","overlay-type":"","overlay-color":"","overlay-opacity":"","overlay-gradient":""},"mobile":{"background-color":"","background-image":"","background-repeat":"repeat","background-position":"center center","background-size":"auto","background-attachment":"scroll","background-type":"","background-media":"","overlay-type":"","overlay-color":"","overlay-opacity":"","overlay-gradient":""}},"ast-content-background-meta":{"desktop":{"background-color":"var(--ast-global-color-5)","background-image":"","background-repeat":"repeat","background-position":"center center","background-size":"auto","background-attachment":"scroll","background-type":"","background-media":"","overlay-type":"","overlay-color":"","overlay-opacity":"","overlay-gradient":""},"tablet":{"background-color":"var(--ast-global-color-5)","background-image":"","background-repeat":"repeat","background-position":"center center","background-size":"auto","background-attachment":"scroll","background-type":"","background-media":"","overlay-type":"","overlay-color":"","overlay-opacity":"","overlay-gradient":""},"mobile":{"background-color":"var(--ast-global-color-5)","background-image":"","background-repeat":"repeat","background-position":"center center","background-size":"auto","background-attachment":"scroll","background-type":"","background-media":"","overlay-type":"","overlay-color":"","overlay-opacity":"","overlay-gradient":""}},"footnotes":""},"class_list":["post-5684","page","type-page","status-publish","hentry"],"post_mailing_queue_ids":[],"_links":{"self":[{"href":"https:\/\/agora.xtec.cat\/ies-dperramon\/wp-json\/wp\/v2\/pages\/5684","targetHints":{"allow":["GET"]}}],"collection":[{"href":"https:\/\/agora.xtec.cat\/ies-dperramon\/wp-json\/wp\/v2\/pages"}],"about":[{"href":"https:\/\/agora.xtec.cat\/ies-dperramon\/wp-json\/wp\/v2\/types\/page"}],"author":[{"embeddable":true,"href":"https:\/\/agora.xtec.cat\/ies-dperramon\/wp-json\/wp\/v2\/users\/1"}],"replies":[{"embeddable":true,"href":"https:\/\/agora.xtec.cat\/ies-dperramon\/wp-json\/wp\/v2\/comments?post=5684"}],"version-history":[{"count":4,"href":"https:\/\/agora.xtec.cat\/ies-dperramon\/wp-json\/wp\/v2\/pages\/5684\/revisions"}],"predecessor-version":[{"id":6711,"href":"https:\/\/agora.xtec.cat\/ies-dperramon\/wp-json\/wp\/v2\/pages\/5684\/revisions\/6711"}],"up":[{"embeddable":true,"href":"https:\/\/agora.xtec.cat\/ies-dperramon\/wp-json\/wp\/v2\/pages\/5616"}],"wp:attachment":[{"href":"https:\/\/agora.xtec.cat\/ies-dperramon\/wp-json\/wp\/v2\/media?parent=5684"}],"curies":[{"name":"wp","href":"https:\/\/api.w.org\/{rel}","templated":true}]}}