{"id":5651,"date":"2022-05-12T11:42:15","date_gmt":"2022-05-12T09:42:15","guid":{"rendered":"https:\/\/agora.xtec.cat\/ies-dperramon\/?page_id=5651"},"modified":"2022-07-01T02:34:19","modified_gmt":"2022-07-01T00:34:19","slug":"objectius","status":"publish","type":"page","link":"https:\/\/agora.xtec.cat\/ies-dperramon\/projecte-educatiu\/projecte-digital-de-centre\/part-estrategica\/objectius\/","title":{"rendered":"OBJECTIUS"},"content":{"rendered":"<h4><span style=\"color: #339966;\">Com s&#8217;estableixen els Objectius del EDC?<\/span><\/h4>\n<p>Despr\u00e9s de realitzar la diagnosi, per poder concretar els objectius de l\u2019EDC, cal determinar la visi\u00f3 del centre en l\u2019\u00e0mbit digital i tenir en compte els objectius del PEC i del projecte de direcci\u00f3, sense perdre de vista els objectius del\u00a0<a href=\"https:\/\/educacio.gencat.cat\/web\/.content\/home\/departament\/publicacions\/colleccions\/pla-educacio-digital\/pla-educacio-digital-catalunya\/pla-educacio-digital.pdf\" target=\"_blank\" rel=\"noopener noreferrer\">PEDC<\/a>. La conjunci\u00f3 d\u2019aquests aspectes determinar\u00e0 els objectius de l\u2019EDC.<\/p>\n<p><a href=\"https:\/\/agora.xtec.cat\/ies-dperramon\/wp-content\/uploads\/usu947\/2022\/07\/obj.png\"><img loading=\"lazy\" decoding=\"async\" class=\"wp-image-6126 aligncenter\" src=\"https:\/\/agora.xtec.cat\/ies-dperramon\/wp-content\/uploads\/usu947\/2022\/07\/obj.png\" alt=\"\" width=\"670\" height=\"274\" srcset=\"https:\/\/agora.xtec.cat\/ies-dperramon\/wp-content\/uploads\/usu947\/2022\/07\/obj.png 974w, https:\/\/agora.xtec.cat\/ies-dperramon\/wp-content\/uploads\/usu947\/2022\/07\/obj-300x123.png 300w, https:\/\/agora.xtec.cat\/ies-dperramon\/wp-content\/uploads\/usu947\/2022\/07\/obj-768x315.png 768w\" sizes=\"auto, (max-width: 670px) 100vw, 670px\" \/><\/a><\/p>\n<h4><span style=\"color: #339966;\">Objectius del PEC<\/span><\/h4>\n<p>L\u2019Institut Dom\u00e8nec Perramon t\u00e9 com a missi\u00f3 l\u2019educaci\u00f3 integral dels alumnes de 12 a 18 anys de les poblacions de St. Iscle i Arenys de Munt que optin per realitzar els estudis en el nostre centre.<\/p>\n<p>Per educaci\u00f3 integral s\u2019ent\u00e9n el creixement intel\u00b7lectual i personal per poder incorporar-se a la societat amb les eines o compet\u00e8ncies necess\u00e0ries per afrontar els reptes socials.<\/p>\n<p>\u00c9s una prioritat, tal i com s&#8217;estableix en el PEC al punt 4.1, la seg\u00fcent compet\u00e8ncia b\u00e0sica:<\/p>\n<p style=\"text-align: justify;\"><em>&#8220;<strong>Tractament de la informaci\u00f3 i compet\u00e8ncia digital.<\/strong> Utilitzar les tecnologies de la informaci\u00f3 per <\/em><em>comunicar-se, trobar i seleccionar informaci\u00f3 per elaborar material propi \u00e9s una eina no un objectiu en <\/em><em>s\u00ed mateix. Hem d&#8217;acostumar l&#8217;alumnat a elaborar material propi a partir de les informacions trobades a <\/em><em>Internet o altres fonts. <\/em><em>En aquest sentit el centre declara la voluntat de realitzar un projecte TAC en el qual destaquen tres <\/em><em>factors:<\/em><\/p>\n<p style=\"padding-left: 40px;\"><em>a. Suport f\u00edsic, que es tradueix en la instal\u00b7laci\u00f3 d&#8217;ordinadors, projectors i pissarres digitals a les\u00a0<\/em><em>aules<\/em><br \/>\n<em>b. Formaci\u00f3 del professorat<\/em><br \/>\n<em>c. Actualitzaci\u00f3 de les activitats d&#8217;aprenentatge&#8221;\u00a0<\/em><\/p>\n<h4><span style=\"color: #339966;\">Objectius del Projecte Digital del Centre Dom\u00e8nec Perramon<\/span><\/h4>\n<p>A partir del PEC i de la diagnosi que s\u2019ha realitzat, s\u2019han establert els seg\u00fcents objectius:<\/p>\n<p style=\"text-align: center;\"><a href=\"https:\/\/agora.xtec.cat\/ies-dperramon\/wp-content\/uploads\/usu947\/2022\/06\/FF-1.png\"><img loading=\"lazy\" decoding=\"async\" class=\"alignleft size-full wp-image-6060\" src=\"https:\/\/agora.xtec.cat\/ies-dperramon\/wp-content\/uploads\/usu947\/2022\/06\/FF-1.png\" alt=\"\" width=\"726\" height=\"349\" srcset=\"https:\/\/agora.xtec.cat\/ies-dperramon\/wp-content\/uploads\/usu947\/2022\/06\/FF-1.png 726w, https:\/\/agora.xtec.cat\/ies-dperramon\/wp-content\/uploads\/usu947\/2022\/06\/FF-1-300x144.png 300w\" sizes=\"auto, (max-width: 726px) 100vw, 726px\" \/><\/a><\/p>\n<p>&nbsp;<\/p>\n<p>&nbsp;<\/p>\n<p>&nbsp;<\/p>\n<div><\/div>\n<p>&nbsp;<\/p>\n<p>&nbsp;<\/p>\n<div><\/div>\n","protected":false},"excerpt":{"rendered":"<p>Com s&#8217;estableixen els Objectius del EDC? Despr\u00e9s de realitzar la diagnosi, per poder concretar els objectius de l\u2019EDC, cal determinar la visi\u00f3 del centre en l\u2019\u00e0mbit digital i tenir en compte els objectius del PEC i del projecte de direcci\u00f3, sense perdre de vista els objectius del\u00a0PEDC. La conjunci\u00f3 d\u2019aquests aspectes determinar\u00e0 els objectius de [&hellip;]<\/p>\n","protected":false},"author":1,"featured_media":0,"parent":5684,"menu_order":1,"comment_status":"closed","ping_status":"closed","template":"page-templates\/side-menu.php","meta":{"_bbp_topic_count":0,"_bbp_reply_count":0,"_bbp_total_topic_count":0,"_bbp_total_reply_count":0,"_bbp_voice_count":0,"_bbp_anonymous_reply_count":0,"_bbp_topic_count_hidden":0,"_bbp_reply_count_hidden":0,"_bbp_forum_subforum_count":0,"site-sidebar-layout":"default","site-content-layout":"","ast-site-content-layout":"","site-content-style":"default","site-sidebar-style":"default","ast-global-header-display":"","ast-banner-title-visibility":"","ast-main-header-display":"","ast-hfb-above-header-display":"","ast-hfb-below-header-display":"","ast-hfb-mobile-header-display":"","site-post-title":"","ast-breadcrumbs-content":"","ast-featured-img":"","footer-sml-layout":"","theme-transparent-header-meta":"","adv-header-id-meta":"","stick-header-meta":"","header-above-stick-meta":"","header-main-stick-meta":"","header-below-stick-meta":"","astra-migrate-meta-layouts":"default","ast-page-background-enabled":"default","ast-page-background-meta":{"desktop":{"background-color":"var(--ast-global-color-4)","background-image":"","background-repeat":"repeat","background-position":"center center","background-size":"auto","background-attachment":"scroll","background-type":"","background-media":"","overlay-type":"","overlay-color":"","overlay-opacity":"","overlay-gradient":""},"tablet":{"background-color":"","background-image":"","background-repeat":"repeat","background-position":"center center","background-size":"auto","background-attachment":"scroll","background-type":"","background-media":"","overlay-type":"","overlay-color":"","overlay-opacity":"","overlay-gradient":""},"mobile":{"background-color":"","background-image":"","background-repeat":"repeat","background-position":"center center","background-size":"auto","background-attachment":"scroll","background-type":"","background-media":"","overlay-type":"","overlay-color":"","overlay-opacity":"","overlay-gradient":""}},"ast-content-background-meta":{"desktop":{"background-color":"var(--ast-global-color-5)","background-image":"","background-repeat":"repeat","background-position":"center center","background-size":"auto","background-attachment":"scroll","background-type":"","background-media":"","overlay-type":"","overlay-color":"","overlay-opacity":"","overlay-gradient":""},"tablet":{"background-color":"var(--ast-global-color-5)","background-image":"","background-repeat":"repeat","background-position":"center center","background-size":"auto","background-attachment":"scroll","background-type":"","background-media":"","overlay-type":"","overlay-color":"","overlay-opacity":"","overlay-gradient":""},"mobile":{"background-color":"var(--ast-global-color-5)","background-image":"","background-repeat":"repeat","background-position":"center center","background-size":"auto","background-attachment":"scroll","background-type":"","background-media":"","overlay-type":"","overlay-color":"","overlay-opacity":"","overlay-gradient":""}},"footnotes":""},"class_list":["post-5651","page","type-page","status-publish","hentry"],"post_mailing_queue_ids":[],"_links":{"self":[{"href":"https:\/\/agora.xtec.cat\/ies-dperramon\/wp-json\/wp\/v2\/pages\/5651","targetHints":{"allow":["GET"]}}],"collection":[{"href":"https:\/\/agora.xtec.cat\/ies-dperramon\/wp-json\/wp\/v2\/pages"}],"about":[{"href":"https:\/\/agora.xtec.cat\/ies-dperramon\/wp-json\/wp\/v2\/types\/page"}],"author":[{"embeddable":true,"href":"https:\/\/agora.xtec.cat\/ies-dperramon\/wp-json\/wp\/v2\/users\/1"}],"replies":[{"embeddable":true,"href":"https:\/\/agora.xtec.cat\/ies-dperramon\/wp-json\/wp\/v2\/comments?post=5651"}],"version-history":[{"count":4,"href":"https:\/\/agora.xtec.cat\/ies-dperramon\/wp-json\/wp\/v2\/pages\/5651\/revisions"}],"predecessor-version":[{"id":6149,"href":"https:\/\/agora.xtec.cat\/ies-dperramon\/wp-json\/wp\/v2\/pages\/5651\/revisions\/6149"}],"up":[{"embeddable":true,"href":"https:\/\/agora.xtec.cat\/ies-dperramon\/wp-json\/wp\/v2\/pages\/5684"}],"wp:attachment":[{"href":"https:\/\/agora.xtec.cat\/ies-dperramon\/wp-json\/wp\/v2\/media?parent=5651"}],"curies":[{"name":"wp","href":"https:\/\/api.w.org\/{rel}","templated":true}]}}

<h4><span style="color: #339966;">Com s&#8217;estableixen els Objectius del EDC?</span></h4>
<p>Després de realitzar la diagnosi, per poder concretar els objectius de l’EDC, cal determinar la visió del centre en l’àmbit digital i tenir en compte els objectius del PEC i del projecte de direcció, sense perdre de vista els objectius del <a href="https://educacio.gencat.cat/web/.content/home/departament/publicacions/colleccions/pla-educacio-digital/pla-educacio-digital-catalunya/pla-educacio-digital.pdf" target="_blank" rel="noopener noreferrer">PEDC</a>. La conjunció d’aquests aspectes determinarà els objectius de l’EDC.</p>
<p><a href="https://agora.xtec.cat/ies-dperramon/wp-content/uploads/usu947/2022/07/obj.png"><img loading="lazy" decoding="async" class="wp-image-6126 aligncenter" src="https://agora.xtec.cat/ies-dperramon/wp-content/uploads/usu947/2022/07/obj.png" alt="" width="670" height="274" srcset="https://agora.xtec.cat/ies-dperramon/wp-content/uploads/usu947/2022/07/obj.png 974w, https://agora.xtec.cat/ies-dperramon/wp-content/uploads/usu947/2022/07/obj-300x123.png 300w, https://agora.xtec.cat/ies-dperramon/wp-content/uploads/usu947/2022/07/obj-768x315.png 768w" sizes="auto, (max-width: 670px) 100vw, 670px" /></a></p>
<h4><span style="color: #339966;">Objectius del PEC</span></h4>
<p>L’Institut Domènec Perramon té com a missió l’educació integral dels alumnes de 12 a 18 anys de les poblacions de St. Iscle i Arenys de Munt que optin per realitzar els estudis en el nostre centre.</p>
<p>Per educació integral s’entén el creixement intel·lectual i personal per poder incorporar-se a la societat amb les eines o competències necessàries per afrontar els reptes socials.</p>
<p>És una prioritat, tal i com s&#8217;estableix en el PEC al punt 4.1, la següent competència bàsica:</p>
<p style="text-align: justify;"><em>&#8220;<strong>Tractament de la informació i competència digital.</strong> Utilitzar les tecnologies de la informació per </em><em>comunicar-se, trobar i seleccionar informació per elaborar material propi és una eina no un objectiu en </em><em>sí mateix. Hem d&#8217;acostumar l&#8217;alumnat a elaborar material propi a partir de les informacions trobades a </em><em>Internet o altres fonts. </em><em>En aquest sentit el centre declara la voluntat de realitzar un projecte TAC en el qual destaquen tres </em><em>factors:</em></p>
<p style="padding-left: 40px;"><em>a. Suport físic, que es tradueix en la instal·lació d&#8217;ordinadors, projectors i pissarres digitals a les </em><em>aules</em><br />
<em>b. Formació del professorat</em><br />
<em>c. Actualització de les activitats d&#8217;aprenentatge&#8221; </em></p>
<h4><span style="color: #339966;">Objectius del Projecte Digital del Centre Domènec Perramon</span></h4>
<p>A partir del PEC i de la diagnosi que s’ha realitzat, s’han establert els següents objectius:</p>
<p style="text-align: center;"><a href="https://agora.xtec.cat/ies-dperramon/wp-content/uploads/usu947/2022/06/FF-1.png"><img loading="lazy" decoding="async" class="alignleft size-full wp-image-6060" src="https://agora.xtec.cat/ies-dperramon/wp-content/uploads/usu947/2022/06/FF-1.png" alt="" width="726" height="349" srcset="https://agora.xtec.cat/ies-dperramon/wp-content/uploads/usu947/2022/06/FF-1.png 726w, https://agora.xtec.cat/ies-dperramon/wp-content/uploads/usu947/2022/06/FF-1-300x144.png 300w" sizes="auto, (max-width: 726px) 100vw, 726px" /></a></p>
<p>&nbsp;</p>
<p>&nbsp;</p>
<p>&nbsp;</p>
<div></div>
<p>&nbsp;</p>
<p>&nbsp;</p>
<div></div>

<p>Com s&#8217;estableixen els Objectius del EDC? Després de realitzar la diagnosi, per poder concretar els objectius de l’EDC, cal determinar la visió del centre en l’àmbit digital i tenir en compte els objectius del PEC i del projecte de direcció, sense perdre de vista els objectius del PEDC. La conjunció d’aquests aspectes determinarà els objectius de [&hellip;]</p>
