{"id":1602,"date":"2013-07-09T16:47:40","date_gmt":"2013-07-09T14:47:40","guid":{"rendered":"http:\/\/www.dperramon.cat\/?page_id=106"},"modified":"2026-03-16T16:26:19","modified_gmt":"2026-03-16T15:26:19","slug":"equip-directiu","status":"publish","type":"page","link":"https:\/\/agora.xtec.cat\/ies-dperramon\/organigrama-2\/equip-directiu\/","title":{"rendered":"Equip directiu"},"content":{"rendered":"<table>\n<tbody>\n<tr>\n<td colspan=\"2\"><b>DIRECTOR: DANI RIB\u00d3 ALMOYNER<\/b><\/td>\n<\/tr>\n<tr>\n<td><img decoding=\"async\" class=\"aligncenter size-large wp-image-7198\" src=\"https:\/\/agora.xtec.cat\/ies-dperramon\/wp-content\/uploads\/usu947\/2025\/07\/WhatsApp-Image-2025-07-14-at-12.16.25-1.jpeg\" alt=\"\" width=\"800\" \/><\/td>\n<td>Soc bi\u00f2leg de formaci\u00f3 i professor de ci\u00e8ncies de professi\u00f3. Des de fa m\u00e9s de 15 anys em dedico a la doc\u00e8ncia a l&#8217;ESO i Batxillerat, on tamb\u00e9 he ocupat diferents c\u00e0rrecs i en diferents instituts, dels que m&#8217;agradaria destacar el meu pas per l&#8217;Institut Eugeni Xammar, a l&#8217;Ametlla del Vall\u00e8s, i l&#8217;Institut de Sant Pol de Mar, on vaig ocupar el c\u00e0rrec de cap d&#8217;estudis adjunt.<\/td>\n<\/tr>\n<tr>\n<td colspan=\"2\"><b>CAP D\u2019ESTUDIS: ANNA FERRER VENTURA<\/b><\/td>\n<\/tr>\n<tr>\n<td><img decoding=\"async\" class=\"aligncenter size-large wp-image-7196\" src=\"https:\/\/agora.xtec.cat\/ies-dperramon\/wp-content\/uploads\/usu947\/2025\/07\/AnnaFerrer-3.jpeg\" alt=\"\" width=\"500\" \/><\/td>\n<td>Grau superior de m\u00fasica realitzat en el Conservatori Superior Municipal de Barcelona i perfeccionament en el Conservatoire De Musique De G\u00e8neve. Ha tocat a diferents orquestres professionals d\u2019Europa, i ha donat classes a diferents conservatoris i escoles Municipals de M\u00fasica.&nbsp;<\/p>\n<p>L\u2019any 2016 comen\u00e7a a treballar en instituts p\u00fablics: institut Bisbe Sivilla (Calella), Institut Font del Ferro (Palafolls) l\u2019institut Marina (La Llagosta),institut Montmel\u00f3 (de Montmel\u00f3). Institut Giola (Llinars del Vall\u00e8s) i actualment a l\u2019institut Dom\u00e8nec Perramon (d&#8217;Arenys de Munt).<\/td>\n<\/tr>\n<tr>\n<td colspan=\"2\"><b>SECRETARI: PERE MATAS GONZ\u00c1LEZ<\/b><\/td>\n<\/tr>\n<tr>\n<td><img decoding=\"async\" class=\"aligncenter size-large wp-image-7199\" src=\"https:\/\/agora.xtec.cat\/ies-dperramon\/wp-content\/uploads\/usu947\/2024\/04\/Pere-Matas_rt-1024x1015.jpg\" sizes=\"(max-width: 1024px) 100vw, 1024px\" srcset=\"https:\/\/agora.xtec.cat\/ies-dperramon\/wp-content\/uploads\/usu947\/2024\/04\/Pere-Matas_rt-1024x1015.jpg 1024w, https:\/\/agora.xtec.cat\/ies-dperramon\/wp-content\/uploads\/usu947\/2024\/04\/Pere-Matas_rt-300x297.jpg 300w, https:\/\/agora.xtec.cat\/ies-dperramon\/wp-content\/uploads\/usu947\/2024\/04\/Pere-Matas_rt-150x150.jpg 150w, https:\/\/agora.xtec.cat\/ies-dperramon\/wp-content\/uploads\/usu947\/2024\/04\/Pere-Matas_rt-768x761.jpg 768w, https:\/\/agora.xtec.cat\/ies-dperramon\/wp-content\/uploads\/usu947\/2024\/04\/Pere-Matas_rt-1536x1522.jpg 1536w, https:\/\/agora.xtec.cat\/ies-dperramon\/wp-content\/uploads\/usu947\/2024\/04\/Pere-Matas_rt-2048x2030.jpg 2048w\" alt=\"\" width=\"500\" \/><\/td>\n<td>Llicenciat en Matem\u00e0tiques per la UB (2003) i M\u00e0ster de Matem\u00e0tiques en productes financers per la UAB (2005). T\u00e9 coneixements inform\u00e0tics de programaci\u00f3 en llenguatge C, visual basic i scratch.&nbsp;<\/p>\n<p>Des del 2006 treballa per al Departament d\u2019Educaci\u00f3. El curs 23-24 compta, amb m\u00e9s de 16 anys d\u2019experi\u00e8ncia docent. Des del 2019 treballa a l\u2019institut Dom\u00e8nec Perramon. Al llarg de la seva traject\u00f2ria professional, ha exercit 6 anys la coordinaci\u00f3 del batxillerat (dos d\u2019ells al Dom\u00e8nec Perramon) i des del 2021 \u00e9s el secretari de l\u2019institut.<\/td>\n<\/tr>\n<tr>\n<td colspan=\"2\"><b>COORDINADOR PEDAG\u00d2GIC: M\u00cdRIAM FARELO GONZ\u00c1LEZ<\/b><\/td>\n<\/tr>\n<tr>\n<td><img loading=\"lazy\" decoding=\"async\" class=\"aligncenter size-full wp-image-7473\" src=\"https:\/\/agora.xtec.cat\/ies-dperramon\/wp-content\/uploads\/usu947\/2024\/10\/MiriamFarelo-1.jpg\" sizes=\"auto, (max-width: 512px) 100vw, 512px\" srcset=\"https:\/\/agora.xtec.cat\/ies-dperramon\/wp-content\/uploads\/usu947\/2024\/10\/MiriamFarelo-1.jpg 512w, https:\/\/agora.xtec.cat\/ies-dperramon\/wp-content\/uploads\/usu947\/2024\/10\/MiriamFarelo-1-300x300.jpg 300w, https:\/\/agora.xtec.cat\/ies-dperramon\/wp-content\/uploads\/usu947\/2024\/10\/MiriamFarelo-1-150x150.jpg 150w\" alt=\"\" width=\"512\" height=\"512\" \/><\/td>\n<td>Llicenciada en Filologia Catalana per la Universitat de Barcelona (2008). Disposa dels perfils professionals de &#8220;Metodologies amb enfocament globalitzat&#8221; i &#8220;Atenci\u00f3 a la diversitat dels alumnes&#8221;. Treballa per al Departament d&#8217;Educaci\u00f3 des de l&#8217;any 2012. Per tant, el curs 24-25 compta amb 12 anys d&#8217;experi\u00e8ncia docent.&nbsp;<\/p>\n<p>Des de l&#8217;any 2017 treballa al Dom\u00e8nec Perramon i des del 2021 hi t\u00e9 la pla\u00e7a fixa. Durant tot aquest temps ha desenvolupat alguns c\u00e0rrecs com la coordinaci\u00f3 de cicle (2n d&#8217;ESO) i ha estat formadora dins el claustre de la FIC (Formaci\u00f3 Interna de Centre) de l&#8217;estrat\u00e8gia digital de centre.<\/td>\n<\/tr>\n<\/tbody>\n<\/table>\n<p><!--a=1--><\/p>\n<p><!--a=1--><\/p>\n","protected":false},"excerpt":{"rendered":"<p>DIRECTOR: DANI RIB\u00d3 ALMOYNER Soc bi\u00f2leg de formaci\u00f3 i professor de ci\u00e8ncies de professi\u00f3. Des de fa m\u00e9s de 15 anys em dedico a la doc\u00e8ncia a l&#8217;ESO i Batxillerat, on tamb\u00e9 he ocupat diferents c\u00e0rrecs i en diferents instituts, dels que m&#8217;agradaria destacar el meu pas per l&#8217;Institut Eugeni Xammar, a l&#8217;Ametlla del Vall\u00e8s, [&hellip;]<\/p>\n","protected":false},"author":1,"featured_media":0,"parent":62,"menu_order":0,"comment_status":"open","ping_status":"closed","template":"","meta":{"_bbp_topic_count":0,"_bbp_reply_count":0,"_bbp_total_topic_count":0,"_bbp_total_reply_count":0,"_bbp_voice_count":0,"_bbp_anonymous_reply_count":0,"_bbp_topic_count_hidden":0,"_bbp_reply_count_hidden":0,"_bbp_forum_subforum_count":0,"site-sidebar-layout":"default","site-content-layout":"","ast-site-content-layout":"default","site-content-style":"default","site-sidebar-style":"default","ast-global-header-display":"","ast-banner-title-visibility":"","ast-main-header-display":"","ast-hfb-above-header-display":"","ast-hfb-below-header-display":"","ast-hfb-mobile-header-display":"","site-post-title":"","ast-breadcrumbs-content":"","ast-featured-img":"","footer-sml-layout":"","theme-transparent-header-meta":"default","adv-header-id-meta":"","stick-header-meta":"","header-above-stick-meta":"","header-main-stick-meta":"","header-below-stick-meta":"","astra-migrate-meta-layouts":"set","ast-page-background-enabled":"default","ast-page-background-meta":{"desktop":{"background-color":"var(--ast-global-color-4)","background-image":"","background-repeat":"repeat","background-position":"center center","background-size":"auto","background-attachment":"scroll","background-type":"","background-media":"","overlay-type":"","overlay-color":"","overlay-opacity":"","overlay-gradient":""},"tablet":{"background-color":"","background-image":"","background-repeat":"repeat","background-position":"center center","background-size":"auto","background-attachment":"scroll","background-type":"","background-media":"","overlay-type":"","overlay-color":"","overlay-opacity":"","overlay-gradient":""},"mobile":{"background-color":"","background-image":"","background-repeat":"repeat","background-position":"center center","background-size":"auto","background-attachment":"scroll","background-type":"","background-media":"","overlay-type":"","overlay-color":"","overlay-opacity":"","overlay-gradient":""}},"ast-content-background-meta":{"desktop":{"background-color":"var(--ast-global-color-5)","background-image":"","background-repeat":"repeat","background-position":"center center","background-size":"auto","background-attachment":"scroll","background-type":"","background-media":"","overlay-type":"","overlay-color":"","overlay-opacity":"","overlay-gradient":""},"tablet":{"background-color":"var(--ast-global-color-5)","background-image":"","background-repeat":"repeat","background-position":"center center","background-size":"auto","background-attachment":"scroll","background-type":"","background-media":"","overlay-type":"","overlay-color":"","overlay-opacity":"","overlay-gradient":""},"mobile":{"background-color":"var(--ast-global-color-5)","background-image":"","background-repeat":"repeat","background-position":"center center","background-size":"auto","background-attachment":"scroll","background-type":"","background-media":"","overlay-type":"","overlay-color":"","overlay-opacity":"","overlay-gradient":""}},"footnotes":""},"class_list":["post-1602","page","type-page","status-publish","hentry"],"post_mailing_queue_ids":[],"_links":{"self":[{"href":"https:\/\/agora.xtec.cat\/ies-dperramon\/wp-json\/wp\/v2\/pages\/1602","targetHints":{"allow":["GET"]}}],"collection":[{"href":"https:\/\/agora.xtec.cat\/ies-dperramon\/wp-json\/wp\/v2\/pages"}],"about":[{"href":"https:\/\/agora.xtec.cat\/ies-dperramon\/wp-json\/wp\/v2\/types\/page"}],"author":[{"embeddable":true,"href":"https:\/\/agora.xtec.cat\/ies-dperramon\/wp-json\/wp\/v2\/users\/1"}],"replies":[{"embeddable":true,"href":"https:\/\/agora.xtec.cat\/ies-dperramon\/wp-json\/wp\/v2\/comments?post=1602"}],"version-history":[{"count":4,"href":"https:\/\/agora.xtec.cat\/ies-dperramon\/wp-json\/wp\/v2\/pages\/1602\/revisions"}],"predecessor-version":[{"id":8046,"href":"https:\/\/agora.xtec.cat\/ies-dperramon\/wp-json\/wp\/v2\/pages\/1602\/revisions\/8046"}],"up":[{"embeddable":true,"href":"https:\/\/agora.xtec.cat\/ies-dperramon\/wp-json\/wp\/v2\/pages\/62"}],"wp:attachment":[{"href":"https:\/\/agora.xtec.cat\/ies-dperramon\/wp-json\/wp\/v2\/media?parent=1602"}],"curies":[{"name":"wp","href":"https:\/\/api.w.org\/{rel}","templated":true}]}}

<table>
<tbody>
<tr>
<td colspan="2"><b>DIRECTOR: DANI RIBÓ ALMOYNER</b></td>
</tr>
<tr>
<td><img decoding="async" class="aligncenter size-large wp-image-7198" src="https://agora.xtec.cat/ies-dperramon/wp-content/uploads/usu947/2025/07/WhatsApp-Image-2025-07-14-at-12.16.25-1.jpeg" alt="" width="800" /></td>
<td>Soc biòleg de formació i professor de ciències de professió. Des de fa més de 15 anys em dedico a la docència a l&#8217;ESO i Batxillerat, on també he ocupat diferents càrrecs i en diferents instituts, dels que m&#8217;agradaria destacar el meu pas per l&#8217;Institut Eugeni Xammar, a l&#8217;Ametlla del Vallès, i l&#8217;Institut de Sant Pol de Mar, on vaig ocupar el càrrec de cap d&#8217;estudis adjunt.</td>
</tr>
<tr>
<td colspan="2"><b>CAP D’ESTUDIS: ANNA FERRER VENTURA</b></td>
</tr>
<tr>
<td><img decoding="async" class="aligncenter size-large wp-image-7196" src="https://agora.xtec.cat/ies-dperramon/wp-content/uploads/usu947/2025/07/AnnaFerrer-3.jpeg" alt="" width="500" /></td>
<td>Grau superior de música realitzat en el Conservatori Superior Municipal de Barcelona i perfeccionament en el Conservatoire De Musique De Gèneve. Ha tocat a diferents orquestres professionals d’Europa, i ha donat classes a diferents conservatoris i escoles Municipals de Música.&nbsp;</p>
<p>L’any 2016 comença a treballar en instituts públics: institut Bisbe Sivilla (Calella), Institut Font del Ferro (Palafolls) l’institut Marina (La Llagosta),institut Montmeló (de Montmeló). Institut Giola (Llinars del Vallès) i actualment a l’institut Domènec Perramon (d&#8217;Arenys de Munt).</td>
</tr>
<tr>
<td colspan="2"><b>SECRETARI: PERE MATAS GONZÁLEZ</b></td>
</tr>
<tr>
<td><img decoding="async" class="aligncenter size-large wp-image-7199" src="https://agora.xtec.cat/ies-dperramon/wp-content/uploads/usu947/2024/04/Pere-Matas_rt-1024x1015.jpg" sizes="(max-width: 1024px) 100vw, 1024px" srcset="https://agora.xtec.cat/ies-dperramon/wp-content/uploads/usu947/2024/04/Pere-Matas_rt-1024x1015.jpg 1024w, https://agora.xtec.cat/ies-dperramon/wp-content/uploads/usu947/2024/04/Pere-Matas_rt-300x297.jpg 300w, https://agora.xtec.cat/ies-dperramon/wp-content/uploads/usu947/2024/04/Pere-Matas_rt-150x150.jpg 150w, https://agora.xtec.cat/ies-dperramon/wp-content/uploads/usu947/2024/04/Pere-Matas_rt-768x761.jpg 768w, https://agora.xtec.cat/ies-dperramon/wp-content/uploads/usu947/2024/04/Pere-Matas_rt-1536x1522.jpg 1536w, https://agora.xtec.cat/ies-dperramon/wp-content/uploads/usu947/2024/04/Pere-Matas_rt-2048x2030.jpg 2048w" alt="" width="500" /></td>
<td>Llicenciat en Matemàtiques per la UB (2003) i Màster de Matemàtiques en productes financers per la UAB (2005). Té coneixements informàtics de programació en llenguatge C, visual basic i scratch.&nbsp;</p>
<p>Des del 2006 treballa per al Departament d’Educació. El curs 23-24 compta, amb més de 16 anys d’experiència docent. Des del 2019 treballa a l’institut Domènec Perramon. Al llarg de la seva trajectòria professional, ha exercit 6 anys la coordinació del batxillerat (dos d’ells al Domènec Perramon) i des del 2021 és el secretari de l’institut.</td>
</tr>
<tr>
<td colspan="2"><b>COORDINADOR PEDAGÒGIC: MÍRIAM FARELO GONZÁLEZ</b></td>
</tr>
<tr>
<td><img loading="lazy" decoding="async" class="aligncenter size-full wp-image-7473" src="https://agora.xtec.cat/ies-dperramon/wp-content/uploads/usu947/2024/10/MiriamFarelo-1.jpg" sizes="auto, (max-width: 512px) 100vw, 512px" srcset="https://agora.xtec.cat/ies-dperramon/wp-content/uploads/usu947/2024/10/MiriamFarelo-1.jpg 512w, https://agora.xtec.cat/ies-dperramon/wp-content/uploads/usu947/2024/10/MiriamFarelo-1-300x300.jpg 300w, https://agora.xtec.cat/ies-dperramon/wp-content/uploads/usu947/2024/10/MiriamFarelo-1-150x150.jpg 150w" alt="" width="512" height="512" /></td>
<td>Llicenciada en Filologia Catalana per la Universitat de Barcelona (2008). Disposa dels perfils professionals de &#8220;Metodologies amb enfocament globalitzat&#8221; i &#8220;Atenció a la diversitat dels alumnes&#8221;. Treballa per al Departament d&#8217;Educació des de l&#8217;any 2012. Per tant, el curs 24-25 compta amb 12 anys d&#8217;experiència docent.&nbsp;</p>
<p>Des de l&#8217;any 2017 treballa al Domènec Perramon i des del 2021 hi té la plaça fixa. Durant tot aquest temps ha desenvolupat alguns càrrecs com la coordinació de cicle (2n d&#8217;ESO) i ha estat formadora dins el claustre de la FIC (Formació Interna de Centre) de l&#8217;estratègia digital de centre.</td>
</tr>
</tbody>
</table>
<p><!--a=1--></p>
<p><!--a=1--></p>

<p>DIRECTOR: DANI RIBÓ ALMOYNER Soc biòleg de formació i professor de ciències de professió. Des de fa més de 15 anys em dedico a la docència a l&#8217;ESO i Batxillerat, on també he ocupat diferents càrrecs i en diferents instituts, dels que m&#8217;agradaria destacar el meu pas per l&#8217;Institut Eugeni Xammar, a l&#8217;Ametlla del Vallès, [&hellip;]</p>
