{"id":1600,"date":"2013-07-09T16:41:27","date_gmt":"2013-07-09T16:41:27","guid":{"rendered":"http:\/\/www.dperramon.cat\/?page_id=97"},"modified":"2013-07-09T16:41:27","modified_gmt":"2013-07-09T16:41:27","slug":"trets-didentitat","status":"publish","type":"page","link":"https:\/\/agora.xtec.cat\/ies-dperramon\/el-centre-2\/trets-didentitat\/","title":{"rendered":"Trets d&#8217;identitat"},"content":{"rendered":"<p align=\"justify\">L&#8217;INS Dom\u00e8nec Perramon \u00e9s un centre p\u00fablic on plantegem l&#8217;educaci\u00f3 com una tasca col\u00b7lectiva entre pares i mares, alumnes, professors i professores, que garanteixi una educaci\u00f3 integral.<\/p>\n<p align=\"justify\">Dintre de tota l&#8217;organitzaci\u00f3 hi voldr\u00edem destacar els seg\u00fcents aspectes:<\/p>\n<ul>\n<li><span style=\"font-size: 13px; line-height: 19px;\">El catal\u00e0 \u00e9s la llengua vehicular, per\u00f2 vetllem perqu\u00e8 tot l&#8217;alumnat assoleixi un domini satisfactori del castell\u00e0.<\/span><\/li>\n<li><span style=\"font-size: 13px; line-height: 19px;\">La primera llengua estrangera \u00e9s l&#8217;angl\u00e8s, per\u00f2 s&#8217;ofereix la possibilitat d&#8217;estudiar franc\u00e8s o alemany com a segona llengua estrangera.<\/span><\/li>\n<li><span style=\"font-size: 13px; line-height: 19px;\">Som un centre laic, per\u00f2 garantim la formaci\u00f3 religiosa per a l&#8217;alumnat que ho vulgui.<\/span><\/li>\n<li><span style=\"font-size: 13px; line-height: 19px;\">Oferim ESO i batxillerat ( modalitats cient\u00edfica, tecnol\u00f2gica i human\u00edstica).<\/span><\/li>\n<li><span style=\"font-size: 13px; line-height: 19px;\">Tenim un servei de pedagogia terap\u00e8utica per a l&#8217;alumnat en el propi centre.<\/span><\/li>\n<li><span style=\"font-size: 13px; line-height: 19px;\">Oferim assessorament psicopedag\u00f2gic (EAP de l&#8217;Alt Maresme).<\/span><\/li>\n<li><span style=\"font-size: 13px; line-height: 19px;\">L&#8217;AMPA ofereix i subvenciona diverses activitats extraescolars.<\/span><\/li>\n<\/ul>\n","protected":false},"excerpt":{"rendered":"<p>L&#8217;INS Dom\u00e8nec Perramon \u00e9s un centre p\u00fablic on plantegem l&#8217;educaci\u00f3 com una tasca col\u00b7lectiva entre pares i mares, alumnes, professors i professores, que garanteixi una educaci\u00f3 integral. Dintre de tota l&#8217;organitzaci\u00f3 hi voldr\u00edem destacar els seg\u00fcents aspectes: El catal\u00e0 \u00e9s la llengua vehicular, per\u00f2 vetllem perqu\u00e8 tot l&#8217;alumnat assoleixi un domini satisfactori del castell\u00e0. La [&hellip;]<\/p>\n","protected":false},"author":1,"featured_media":0,"parent":1580,"menu_order":0,"comment_status":"open","ping_status":"open","template":"","meta":{"_bbp_topic_count":0,"_bbp_reply_count":0,"_bbp_total_topic_count":0,"_bbp_total_reply_count":0,"_bbp_voice_count":0,"_bbp_anonymous_reply_count":0,"_bbp_topic_count_hidden":0,"_bbp_reply_count_hidden":0,"_bbp_forum_subforum_count":0,"site-sidebar-layout":"default","site-content-layout":"","ast-site-content-layout":"","site-content-style":"default","site-sidebar-style":"default","ast-global-header-display":"","ast-banner-title-visibility":"","ast-main-header-display":"","ast-hfb-above-header-display":"","ast-hfb-below-header-display":"","ast-hfb-mobile-header-display":"","site-post-title":"","ast-breadcrumbs-content":"","ast-featured-img":"","footer-sml-layout":"","theme-transparent-header-meta":"","adv-header-id-meta":"","stick-header-meta":"","header-above-stick-meta":"","header-main-stick-meta":"","header-below-stick-meta":"","astra-migrate-meta-layouts":"default","ast-page-background-enabled":"default","ast-page-background-meta":{"desktop":{"background-color":"var(--ast-global-color-4)","background-image":"","background-repeat":"repeat","background-position":"center center","background-size":"auto","background-attachment":"scroll","background-type":"","background-media":"","overlay-type":"","overlay-color":"","overlay-opacity":"","overlay-gradient":""},"tablet":{"background-color":"","background-image":"","background-repeat":"repeat","background-position":"center center","background-size":"auto","background-attachment":"scroll","background-type":"","background-media":"","overlay-type":"","overlay-color":"","overlay-opacity":"","overlay-gradient":""},"mobile":{"background-color":"","background-image":"","background-repeat":"repeat","background-position":"center center","background-size":"auto","background-attachment":"scroll","background-type":"","background-media":"","overlay-type":"","overlay-color":"","overlay-opacity":"","overlay-gradient":""}},"ast-content-background-meta":{"desktop":{"background-color":"var(--ast-global-color-5)","background-image":"","background-repeat":"repeat","background-position":"center center","background-size":"auto","background-attachment":"scroll","background-type":"","background-media":"","overlay-type":"","overlay-color":"","overlay-opacity":"","overlay-gradient":""},"tablet":{"background-color":"var(--ast-global-color-5)","background-image":"","background-repeat":"repeat","background-position":"center center","background-size":"auto","background-attachment":"scroll","background-type":"","background-media":"","overlay-type":"","overlay-color":"","overlay-opacity":"","overlay-gradient":""},"mobile":{"background-color":"var(--ast-global-color-5)","background-image":"","background-repeat":"repeat","background-position":"center center","background-size":"auto","background-attachment":"scroll","background-type":"","background-media":"","overlay-type":"","overlay-color":"","overlay-opacity":"","overlay-gradient":""}},"footnotes":""},"class_list":["post-1600","page","type-page","status-publish","hentry"],"post_mailing_queue_ids":[],"_links":{"self":[{"href":"https:\/\/agora.xtec.cat\/ies-dperramon\/wp-json\/wp\/v2\/pages\/1600","targetHints":{"allow":["GET"]}}],"collection":[{"href":"https:\/\/agora.xtec.cat\/ies-dperramon\/wp-json\/wp\/v2\/pages"}],"about":[{"href":"https:\/\/agora.xtec.cat\/ies-dperramon\/wp-json\/wp\/v2\/types\/page"}],"author":[{"embeddable":true,"href":"https:\/\/agora.xtec.cat\/ies-dperramon\/wp-json\/wp\/v2\/users\/1"}],"replies":[{"embeddable":true,"href":"https:\/\/agora.xtec.cat\/ies-dperramon\/wp-json\/wp\/v2\/comments?post=1600"}],"version-history":[{"count":0,"href":"https:\/\/agora.xtec.cat\/ies-dperramon\/wp-json\/wp\/v2\/pages\/1600\/revisions"}],"up":[{"embeddable":true,"href":"https:\/\/agora.xtec.cat\/ies-dperramon\/wp-json\/wp\/v2\/pages\/1580"}],"wp:attachment":[{"href":"https:\/\/agora.xtec.cat\/ies-dperramon\/wp-json\/wp\/v2\/media?parent=1600"}],"curies":[{"name":"wp","href":"https:\/\/api.w.org\/{rel}","templated":true}]}}

<p align="justify">L&#8217;INS Domènec Perramon és un centre públic on plantegem l&#8217;educació com una tasca col·lectiva entre pares i mares, alumnes, professors i professores, que garanteixi una educació integral.</p>
<p align="justify">Dintre de tota l&#8217;organització hi voldríem destacar els següents aspectes:</p>
<ul>
<li><span style="font-size: 13px; line-height: 19px;">El català és la llengua vehicular, però vetllem perquè tot l&#8217;alumnat assoleixi un domini satisfactori del castellà.</span></li>
<li><span style="font-size: 13px; line-height: 19px;">La primera llengua estrangera és l&#8217;anglès, però s&#8217;ofereix la possibilitat d&#8217;estudiar francès o alemany com a segona llengua estrangera.</span></li>
<li><span style="font-size: 13px; line-height: 19px;">Som un centre laic, però garantim la formació religiosa per a l&#8217;alumnat que ho vulgui.</span></li>
<li><span style="font-size: 13px; line-height: 19px;">Oferim ESO i batxillerat ( modalitats científica, tecnològica i humanística).</span></li>
<li><span style="font-size: 13px; line-height: 19px;">Tenim un servei de pedagogia terapèutica per a l&#8217;alumnat en el propi centre.</span></li>
<li><span style="font-size: 13px; line-height: 19px;">Oferim assessorament psicopedagògic (EAP de l&#8217;Alt Maresme).</span></li>
<li><span style="font-size: 13px; line-height: 19px;">L&#8217;AMPA ofereix i subvenciona diverses activitats extraescolars.</span></li>
</ul>

<p>L&#8217;INS Domènec Perramon és un centre públic on plantegem l&#8217;educació com una tasca col·lectiva entre pares i mares, alumnes, professors i professores, que garanteixi una educació integral. Dintre de tota l&#8217;organització hi voldríem destacar els següents aspectes: El català és la llengua vehicular, però vetllem perquè tot l&#8217;alumnat assoleixi un domini satisfactori del castellà. La [&hellip;]</p>
