{"id":1582,"date":"2013-07-09T11:17:49","date_gmt":"2013-07-09T11:17:49","guid":{"rendered":"http:\/\/www.dperramon.cat\/?page_id=54"},"modified":"2022-07-13T21:41:06","modified_gmt":"2022-07-13T19:41:06","slug":"historia","status":"publish","type":"page","link":"https:\/\/agora.xtec.cat\/ies-dperramon\/el-centre-2\/historia\/","title":{"rendered":"Hist\u00f2ria"},"content":{"rendered":"<h2>Els or\u00edgens<\/h2>\n<p>Al principi de la d\u00e8cada dels setanta estiuejava a Arenys de Munt el germ\u00e0 del ministre Villar Palas\u00ed, ministre d\u2019Educaci\u00f3 de l\u2019\u00e8poca de Franco, que va exercir el seu c\u00e0rrec des del 1968 fins al 1973 i va ser l\u2019impulsor de la Llei d\u2019Educaci\u00f3 de 1970. Aquest germ\u00e0 era molt amic del batlle de la vila, Pere Torrent. Sembla ser que per mediaci\u00f3 d\u2019aquesta amistat, l\u2019ajuntament va aconseguir la subvenci\u00f3 per fer el primer edifici de l\u2019actual institut, que es va acabar l\u2019any 1973. La primera idea va ser la de crear una extensi\u00f3 de BUP perqu\u00e8 Arenys tingu\u00e9s el seu propi institut, per\u00f2 aquesta idea no va poder portar-se a terme.<\/p>\n<p>&nbsp;<\/p>\n<h2>Escola nocturna<\/h2>\n<p>Des del 1973 fins al 1978 va funcionar com a escola nocturna en la qual s\u2019impartien mat\u00e8ries comunes i algunes espec\u00edfiques, com mec\u00e0nica, delineaci\u00f3 i admistratiu. Podem recordar com a mestres d\u2019aquella \u00e8poca en Claudi Domingo, en Llu\u00eds Armisen , l&#8217;Andreu Maj\u00f3, o en Toni Freixas. Malgrat tots els esfor\u00e7os, aquesta escola no era oficial, ja que no estava publicada en el BOE, aix\u00ed que aquests primers anys va funcionar per la bona voluntat dels qui hi van col\u00b7laborar. Se subvencionava a partir d&#8217;ajudes de l&#8217;ajuntament, i el MEC donava dos sous de mestre, que se\u2019ls repartien entre els qui hi treballaven.<\/p>\n<p>&nbsp;<\/p>\n<h2>Secci\u00f3 de Formaci\u00f3 Professional<\/h2>\n<p align=\"justify\">L&#8217;any 1978 es va publicar en el BOE com a \u201cSecci\u00f3 Estatal de Formaci\u00f3 Professional\u201d i depenia del Centre Nacional de Formaci\u00f3 Professional de Badalona. La inauguraci\u00f3 va ser l\u2019octubre d&#8217;aquell mateix any. Va comen\u00e7ar a funcionar amb tres professors: Joan Josep Gual, Assumpci\u00f3 Badosa i Benet Oriol. Es va comen\u00e7ar impartint dues especialitats d&#8217;FP: Electricitat i Mec\u00e0nica.<\/p>\n<div align=\"justify\">L\u2019any 1979 es va ampliar la plantilla a nou professors. En aquest any hi ha una altra novetat: a causa de l\u2019ampliaci\u00f3 del col\u00b7legi San Mart\u00ed, els alumnes de la segona etapa d\u2019EGB van ser traslladats a aquest edifici fins que es van acabar les obres. La FP quedava a la planta baixa, i els cursos de sis\u00e8, set\u00e8 i vuit\u00e8 estaven al pis de dalt. Dues professores que impartien classes durant aquell any s\u2019han tornar a retrobar: L\u2019Assumpci\u00f3 Badosa i la Mar\u00eda Maldonado. L\u2019edifici tenia una estructura molt diferent a la d\u2019avui, solament queden dues aules exactament iguals: la 2.4 i la 2.5, i tamb\u00e9 l\u2019aula petita que est\u00e0 al costat de la 2.4.<\/div>\n<div align=\"justify\"><\/div>\n<h2 align=\"justify\">REM i IES<\/h2>\n<p align=\"justify\">L\u2019any 1988 Arenys de Munt entra en el pla experimental de la reforma educativa, coneguda com la REM (Reforma d\u2019 Ensenyament Mitj\u00e0) i s\u2019inicia un nou per\u00edode en la hist\u00f2ria de l\u2019edifici. El nou claustre i la nova direcci\u00f3, formada per Isabel Duran, Nuria Noguera i Joan Josep Gual, va haver d\u2019afrontar els dos anys, de transici\u00f3 en la qual van conviure alumnes d&#8217;FP i de la reforma, la implantaci\u00f3 de la qual va ser progressiva. El primer any solament tenien primer i tercer de l\u2019ESO: a l\u2019any seg\u00fcent ja impartien els quatre cursos. Aquest primers temps van ser emocionants i durs, per\u00f2 molt gratificants ja que ens embarcaven en una tasca innovadora que requeria molt de la nostra creativitat i bona voluntat. A m\u00e9s, van comen\u00e7ar amb molt poc material, no hi havia llibres i les programacions que el departament ens oferia eren m\u00ednimes, aix\u00ed que a for\u00e7a de molt bona voluntat, en moltes hores de treball i algun curset que altre, ens en vam anar sortint. El 3 d\u2019octubre de 1990 va ser aprovada \u201cLa Llei Org\u00e0nica General del Sistema Educatiu\u201d, La LOGSE; a partir d\u2019aqu\u00ed les coses es van anar estabilitzant i les editorials van comen\u00e7ar a editar llibres. En comptes de REM ara vam passar a ser un IES. De l\u2019any 1988 encara queden tres \u201cprofes\u201d: l&#8217;Aurora, la Mariset i la Mar\u00eda.<\/p>\n<div align=\"justify\">En aquests primers anys i fins el 1994, van treballar solament amb l\u2019ESO, i per aquesta ra\u00f3 els alumnes que acabaven quart, anaven a cursar el batxillerat a l\u2019institut Tres Turons d\u2019Arenys de Mar. L\u2019any 1994 es va comen\u00e7ar amb la primera promoci\u00f3 d\u2019alumnes de batxillerat.<\/div>\n<div align=\"justify\"><\/div>\n<h2 align=\"justify\">Dom\u00e8nec Perramon<\/h2>\n<p align=\"justify\">L\u2019edifici s\u2019havia fet petit, per la qual cosa aquest mateix any es va comen\u00e7ar a fer la primera ampliaci\u00f3 de l\u2019institut. Va estar acabada un any despr\u00e9s i inaugurada l\u2019octubre del 1995 per l&#8217;aleshores President de la Generalitat, Jordi Pujol. No va ser fins el 1998, amb la pres\u00e8ncia de la v\u00eddua d&#8217;en Dom\u00e8nec Perramon, Brenda Hudson, que es va batejar l\u2019institut amb el nom actual (IES Dom\u00e8nec Perramon).<\/p>\n<p align=\"justify\">El poble d\u2019Arenys de Munt ha crescut i, per tant, s\u2019hagut de fer una altra ampliaci\u00f3. S \u2019han edificat, a m\u00e9s d\u2019aules noves, una cantina i el desitjat gimn\u00e0s\/sal\u00f3 d\u2019actes. L\u2019obra ha estat acabada i estrenada el setembre del 2007.<\/p>\n<p align=\"justify\">Els directors han estat: Joan Josep Gual, Isabel Duran, Angel Pous, Ferran Vallesp\u00ed, Paco Robles, Jordi Vila, Joan Rubies, Joan Manel Cruz, Miquel Manzano, Joan Duran i actualment Anna Ros.<\/p>\n","protected":false},"excerpt":{"rendered":"<p>Els or\u00edgens Al principi de la d\u00e8cada dels setanta estiuejava a Arenys de Munt el germ\u00e0 del ministre Villar Palas\u00ed, ministre d\u2019Educaci\u00f3 de l\u2019\u00e8poca de Franco, que va exercir el seu c\u00e0rrec des del 1968 fins al 1973 i va ser l\u2019impulsor de la Llei d\u2019Educaci\u00f3 de 1970. Aquest germ\u00e0 era molt amic del batlle [&hellip;]<\/p>\n","protected":false},"author":1,"featured_media":0,"parent":1580,"menu_order":1,"comment_status":"closed","ping_status":"closed","template":"","meta":{"_bbp_topic_count":0,"_bbp_reply_count":0,"_bbp_total_topic_count":0,"_bbp_total_reply_count":0,"_bbp_voice_count":0,"_bbp_anonymous_reply_count":0,"_bbp_topic_count_hidden":0,"_bbp_reply_count_hidden":0,"_bbp_forum_subforum_count":0,"site-sidebar-layout":"default","site-content-layout":"","ast-site-content-layout":"","site-content-style":"default","site-sidebar-style":"default","ast-global-header-display":"","ast-banner-title-visibility":"","ast-main-header-display":"","ast-hfb-above-header-display":"","ast-hfb-below-header-display":"","ast-hfb-mobile-header-display":"","site-post-title":"","ast-breadcrumbs-content":"","ast-featured-img":"","footer-sml-layout":"","theme-transparent-header-meta":"","adv-header-id-meta":"","stick-header-meta":"","header-above-stick-meta":"","header-main-stick-meta":"","header-below-stick-meta":"","astra-migrate-meta-layouts":"default","ast-page-background-enabled":"default","ast-page-background-meta":{"desktop":{"background-color":"var(--ast-global-color-4)","background-image":"","background-repeat":"repeat","background-position":"center center","background-size":"auto","background-attachment":"scroll","background-type":"","background-media":"","overlay-type":"","overlay-color":"","overlay-opacity":"","overlay-gradient":""},"tablet":{"background-color":"","background-image":"","background-repeat":"repeat","background-position":"center center","background-size":"auto","background-attachment":"scroll","background-type":"","background-media":"","overlay-type":"","overlay-color":"","overlay-opacity":"","overlay-gradient":""},"mobile":{"background-color":"","background-image":"","background-repeat":"repeat","background-position":"center center","background-size":"auto","background-attachment":"scroll","background-type":"","background-media":"","overlay-type":"","overlay-color":"","overlay-opacity":"","overlay-gradient":""}},"ast-content-background-meta":{"desktop":{"background-color":"var(--ast-global-color-5)","background-image":"","background-repeat":"repeat","background-position":"center center","background-size":"auto","background-attachment":"scroll","background-type":"","background-media":"","overlay-type":"","overlay-color":"","overlay-opacity":"","overlay-gradient":""},"tablet":{"background-color":"var(--ast-global-color-5)","background-image":"","background-repeat":"repeat","background-position":"center center","background-size":"auto","background-attachment":"scroll","background-type":"","background-media":"","overlay-type":"","overlay-color":"","overlay-opacity":"","overlay-gradient":""},"mobile":{"background-color":"var(--ast-global-color-5)","background-image":"","background-repeat":"repeat","background-position":"center center","background-size":"auto","background-attachment":"scroll","background-type":"","background-media":"","overlay-type":"","overlay-color":"","overlay-opacity":"","overlay-gradient":""}},"footnotes":""},"class_list":["post-1582","page","type-page","status-publish","hentry"],"post_mailing_queue_ids":[],"_links":{"self":[{"href":"https:\/\/agora.xtec.cat\/ies-dperramon\/wp-json\/wp\/v2\/pages\/1582","targetHints":{"allow":["GET"]}}],"collection":[{"href":"https:\/\/agora.xtec.cat\/ies-dperramon\/wp-json\/wp\/v2\/pages"}],"about":[{"href":"https:\/\/agora.xtec.cat\/ies-dperramon\/wp-json\/wp\/v2\/types\/page"}],"author":[{"embeddable":true,"href":"https:\/\/agora.xtec.cat\/ies-dperramon\/wp-json\/wp\/v2\/users\/1"}],"replies":[{"embeddable":true,"href":"https:\/\/agora.xtec.cat\/ies-dperramon\/wp-json\/wp\/v2\/comments?post=1582"}],"version-history":[{"count":1,"href":"https:\/\/agora.xtec.cat\/ies-dperramon\/wp-json\/wp\/v2\/pages\/1582\/revisions"}],"predecessor-version":[{"id":6178,"href":"https:\/\/agora.xtec.cat\/ies-dperramon\/wp-json\/wp\/v2\/pages\/1582\/revisions\/6178"}],"up":[{"embeddable":true,"href":"https:\/\/agora.xtec.cat\/ies-dperramon\/wp-json\/wp\/v2\/pages\/1580"}],"wp:attachment":[{"href":"https:\/\/agora.xtec.cat\/ies-dperramon\/wp-json\/wp\/v2\/media?parent=1582"}],"curies":[{"name":"wp","href":"https:\/\/api.w.org\/{rel}","templated":true}]}}

Història

<h2>Els orígens</h2>
<p>Al principi de la dècada dels setanta estiuejava a Arenys de Munt el germà del ministre Villar Palasí, ministre d’Educació de l’època de Franco, que va exercir el seu càrrec des del 1968 fins al 1973 i va ser l’impulsor de la Llei d’Educació de 1970. Aquest germà era molt amic del batlle de la vila, Pere Torrent. Sembla ser que per mediació d’aquesta amistat, l’ajuntament va aconseguir la subvenció per fer el primer edifici de l’actual institut, que es va acabar l’any 1973. La primera idea va ser la de crear una extensió de BUP perquè Arenys tingués el seu propi institut, però aquesta idea no va poder portar-se a terme.</p>
<p>&nbsp;</p>
<h2>Escola nocturna</h2>
<p>Des del 1973 fins al 1978 va funcionar com a escola nocturna en la qual s’impartien matèries comunes i algunes específiques, com mecànica, delineació i admistratiu. Podem recordar com a mestres d’aquella època en Claudi Domingo, en Lluís Armisen , l&#8217;Andreu Majó, o en Toni Freixas. Malgrat tots els esforços, aquesta escola no era oficial, ja que no estava publicada en el BOE, així que aquests primers anys va funcionar per la bona voluntat dels qui hi van col·laborar. Se subvencionava a partir d&#8217;ajudes de l&#8217;ajuntament, i el MEC donava dos sous de mestre, que se’ls repartien entre els qui hi treballaven.</p>
<p>&nbsp;</p>
<h2>Secció de Formació Professional</h2>
<p align="justify">L&#8217;any 1978 es va publicar en el BOE com a “Secció Estatal de Formació Professional” i depenia del Centre Nacional de Formació Professional de Badalona. La inauguració va ser l’octubre d&#8217;aquell mateix any. Va començar a funcionar amb tres professors: Joan Josep Gual, Assumpció Badosa i Benet Oriol. Es va començar impartint dues especialitats d&#8217;FP: Electricitat i Mecànica.</p>
<div align="justify">L’any 1979 es va ampliar la plantilla a nou professors. En aquest any hi ha una altra novetat: a causa de l’ampliació del col·legi San Martí, els alumnes de la segona etapa d’EGB van ser traslladats a aquest edifici fins que es van acabar les obres. La FP quedava a la planta baixa, i els cursos de sisè, setè i vuitè estaven al pis de dalt. Dues professores que impartien classes durant aquell any s’han tornar a retrobar: L’Assumpció Badosa i la María Maldonado. L’edifici tenia una estructura molt diferent a la d’avui, solament queden dues aules exactament iguals: la 2.4 i la 2.5, i també l’aula petita que està al costat de la 2.4.</div>
<div align="justify"></div>
<h2 align="justify">REM i IES</h2>
<p align="justify">L’any 1988 Arenys de Munt entra en el pla experimental de la reforma educativa, coneguda com la REM (Reforma d’ Ensenyament Mitjà) i s’inicia un nou període en la història de l’edifici. El nou claustre i la nova direcció, formada per Isabel Duran, Nuria Noguera i Joan Josep Gual, va haver d’afrontar els dos anys, de transició en la qual van conviure alumnes d&#8217;FP i de la reforma, la implantació de la qual va ser progressiva. El primer any solament tenien primer i tercer de l’ESO: a l’any següent ja impartien els quatre cursos. Aquest primers temps van ser emocionants i durs, però molt gratificants ja que ens embarcaven en una tasca innovadora que requeria molt de la nostra creativitat i bona voluntat. A més, van començar amb molt poc material, no hi havia llibres i les programacions que el departament ens oferia eren mínimes, així que a força de molt bona voluntat, en moltes hores de treball i algun curset que altre, ens en vam anar sortint. El 3 d’octubre de 1990 va ser aprovada “La Llei Orgànica General del Sistema Educatiu”, La LOGSE; a partir d’aquí les coses es van anar estabilitzant i les editorials van començar a editar llibres. En comptes de REM ara vam passar a ser un IES. De l’any 1988 encara queden tres “profes”: l&#8217;Aurora, la Mariset i la María.</p>
<div align="justify">En aquests primers anys i fins el 1994, van treballar solament amb l’ESO, i per aquesta raó els alumnes que acabaven quart, anaven a cursar el batxillerat a l’institut Tres Turons d’Arenys de Mar. L’any 1994 es va començar amb la primera promoció d’alumnes de batxillerat.</div>
<div align="justify"></div>
<h2 align="justify">Domènec Perramon</h2>
<p align="justify">L’edifici s’havia fet petit, per la qual cosa aquest mateix any es va començar a fer la primera ampliació de l’institut. Va estar acabada un any després i inaugurada l’octubre del 1995 per l&#8217;aleshores President de la Generalitat, Jordi Pujol. No va ser fins el 1998, amb la presència de la vídua d&#8217;en Domènec Perramon, Brenda Hudson, que es va batejar l’institut amb el nom actual (IES Domènec Perramon).</p>
<p align="justify">El poble d’Arenys de Munt ha crescut i, per tant, s’hagut de fer una altra ampliació. S ’han edificat, a més d’aules noves, una cantina i el desitjat gimnàs/saló d’actes. L’obra ha estat acabada i estrenada el setembre del 2007.</p>
<p align="justify">Els directors han estat: Joan Josep Gual, Isabel Duran, Angel Pous, Ferran Vallespí, Paco Robles, Jordi Vila, Joan Rubies, Joan Manel Cruz, Miquel Manzano, Joan Duran i actualment Anna Ros.</p>

<p>Els orígens Al principi de la dècada dels setanta estiuejava a Arenys de Munt el germà del ministre Villar Palasí, ministre d’Educació de l’època de Franco, que va exercir el seu càrrec des del 1968 fins al 1973 i va ser l’impulsor de la Llei d’Educació de 1970. Aquest germà era molt amic del batlle [&hellip;]</p>
