{"id":778,"date":"2020-12-10T12:55:11","date_gmt":"2020-12-10T11:55:11","guid":{"rendered":"https:\/\/agora.xtec.cat\/ies-castelldelquer-prats\/?page_id=778"},"modified":"2025-09-10T09:39:24","modified_gmt":"2025-09-10T07:39:24","slug":"blog-2n-eso","status":"publish","type":"page","link":"https:\/\/agora.xtec.cat\/ies-castelldelquer-prats\/estudis\/blog-2n-eso\/","title":{"rendered":"Informacions 2n ESO"},"content":{"rendered":"<h1>Reunions inici de curs<\/h1>\n<h6><span style=\"color: #ff0000;\"><strong>(adjuntarem aquesta informaci\u00f3 despr\u00e9s de la reuni\u00f3 amb les fam\u00edlies)<\/strong><\/span><\/h6>\n<p><span style=\"font-family: inherit; font-size: 2.75em; font-weight: bold;\">Horaris<\/span><\/p>\n","protected":false},"excerpt":{"rendered":"<p>Reunions inici de curs<br \/>\n(adjuntarem aquesta informaci\u00f3 despr\u00e9s de la reuni\u00f3 amb les fam\u00edlies)<br \/>\nHoraris<\/p>\n","protected":false},"author":1,"featured_media":0,"parent":195,"menu_order":0,"comment_status":"closed","ping_status":"closed","template":"","meta":{"_bbp_topic_count":0,"_bbp_reply_count":0,"_bbp_total_topic_count":0,"_bbp_total_reply_count":0,"_bbp_voice_count":0,"_bbp_anonymous_reply_count":0,"_bbp_topic_count_hidden":0,"_bbp_reply_count_hidden":0,"_bbp_forum_subforum_count":0,"footnotes":""},"class_list":["post-778","page","type-page","status-publish","hentry"],"post_mailing_queue_ids":[],"_links":{"self":[{"href":"https:\/\/agora.xtec.cat\/ies-castelldelquer-prats\/wp-json\/wp\/v2\/pages\/778","targetHints":{"allow":["GET"]}}],"collection":[{"href":"https:\/\/agora.xtec.cat\/ies-castelldelquer-prats\/wp-json\/wp\/v2\/pages"}],"about":[{"href":"https:\/\/agora.xtec.cat\/ies-castelldelquer-prats\/wp-json\/wp\/v2\/types\/page"}],"author":[{"embeddable":true,"href":"https:\/\/agora.xtec.cat\/ies-castelldelquer-prats\/wp-json\/wp\/v2\/users\/1"}],"replies":[{"embeddable":true,"href":"https:\/\/agora.xtec.cat\/ies-castelldelquer-prats\/wp-json\/wp\/v2\/comments?post=778"}],"version-history":[{"count":6,"href":"https:\/\/agora.xtec.cat\/ies-castelldelquer-prats\/wp-json\/wp\/v2\/pages\/778\/revisions"}],"predecessor-version":[{"id":5499,"href":"https:\/\/agora.xtec.cat\/ies-castelldelquer-prats\/wp-json\/wp\/v2\/pages\/778\/revisions\/5499"}],"up":[{"embeddable":true,"href":"https:\/\/agora.xtec.cat\/ies-castelldelquer-prats\/wp-json\/wp\/v2\/pages\/195"}],"wp:attachment":[{"href":"https:\/\/agora.xtec.cat\/ies-castelldelquer-prats\/wp-json\/wp\/v2\/media?parent=778"}],"curies":[{"name":"wp","href":"https:\/\/api.w.org\/{rel}","templated":true}]}}