{"id":57,"date":"2014-09-17T17:01:07","date_gmt":"2014-09-17T15:01:07","guid":{"rendered":"http:\/\/agora.xtec.cat\/ies-castelldelquer-prats\/?page_id=57"},"modified":"2025-09-17T11:53:34","modified_gmt":"2025-09-17T09:53:34","slug":"projecte-educatiu","status":"publish","type":"page","link":"https:\/\/agora.xtec.cat\/ies-castelldelquer-prats\/projecte-educatiu\/","title":{"rendered":"Organitzaci\u00f3"},"content":{"rendered":"<div id=\"sites-canvas-main\" class=\"sites-canvas-main\">\n<div id=\"sites-canvas-main-content\">\n<table class=\"sites-layout-name-one-column sites-layout-hbox\" cellspacing=\"0\">\n<tbody>\n<tr>\n<td class=\"sites-layout-tile sites-tile-name-content-1\"><span style=\"font-size: medium;\">A l&#8217;Institut Castell del Quer hi treballen actualment 37 professors i professores, dos administratius a mitja jornada i dues conserges. Totes aquestes persones s&#8217;organitzen en diversos \u00f2rgans de gesti\u00f3 i decisi\u00f3.<\/span><\/p>\n<h3><span style=\"font-size: large;\"><b>EQUIP DIRECTIU<\/b>\u00a0<\/span><\/h3>\n<p><span style=\"font-size: medium;\">L&#8217;<a href=\"https:\/\/agora.xtec.cat\/ies-castelldelquer-prats\/projecte-educatiu\/equip-directiu\/\">Equip directiu<\/a> est\u00e0 format per Ferran Ferrero que fa les funcions de director, el Quim Chaves que \u00e9s el cap d&#8217;estudis, N\u00faria Capdevila que ocupa al c\u00e0rrec de coordinadora pedag\u00f2gica i la Gl\u00f2ria Ambr\u00f3s que \u00e9s la secret\u00e0ria.<\/span><\/p>\n<h3><b><span style=\"font-size: large;\">CAPS DE DEPARTAMENT\u00a0<\/span><\/b><\/h3>\n<div><\/div>\n<p><span style=\"font-size: medium;\">A part de l&#8217;equip directiu, l&#8217;institut t\u00e9 un organigrama d&#8217;estructura matricial en el que hi ha un seguit de professors i professores que actuen de caps de departament per vetllar per la coordinaci\u00f3 dels diferents <a href=\"https:\/\/agora.xtec.cat\/ies-castelldelquer-prats\/departaments-didactics\/\">departaments did\u00e0ctics<\/a>, de manera que els continguts que s&#8217;imparteixin segueixin una seq\u00fc\u00e8ncia ordenada al llarg de l&#8217;etapa d&#8217;ESO i despr\u00e9s al Batxillerat, es comparteixin estrat\u00e8gies metodol\u00f2giques i experi\u00e8ncies did\u00e0ctiques entre professors del mateix \u00e0mbit, s&#8217;apliquin uns criteris d&#8217;avaluaci\u00f3 consensuats, es fomenti la cooperaci\u00f3 entre departaments \u00a0i es desenvolupin projectes interdisciplinars.\u00a0<\/span><\/p>\n<p><span style=\"font-size: medium;\">\u00a0<\/span><span style=\"font-size: medium;\">El curs 2023-2024 els caps de departament s\u00f3n:<\/span><\/p>\n<div>\n<table border=\"1\" cellspacing=\"0\">\n<tbody>\n<tr>\n<td><span style=\"font-size: medium;\">\u00a0<\/span><span style=\"color: #0b5394; font-size: large;\"><b>Departament \u00a0did\u00e0ctic\u00a0\u00a0<\/b><\/span><\/td>\n<td><span style=\"color: #0b5394; font-size: large;\"><b>\u00a0Cap de departament\u00a0\u00a0<\/b><\/span><\/td>\n<\/tr>\n<tr>\n<td>\u00a0Ci\u00e8ncies Naturals i tecnologia<\/td>\n<td>\u00a0Roger Casanovas<\/td>\n<\/tr>\n<tr>\n<td><span style=\"font-size: medium;\">\u00a0<\/span>Matem\u00e0tiques<\/td>\n<td><span style=\"font-size: medium;\">\u00a0<\/span>Ruth Salvador<\/td>\n<\/tr>\n<tr>\n<td>\u00a0Lleng\u00fces<\/td>\n<td><span style=\"font-size: medium;\">\u00a0<\/span>Ricard Torres<\/td>\n<\/tr>\n<tr>\n<td><span style=\"font-size: medium;\">\u00a0<\/span>Lleng\u00fces estrangeres<\/td>\n<td><span style=\"font-size: medium;\">\u00a0<\/span>Alba Busquet<\/td>\n<\/tr>\n<tr>\n<td><span style=\"font-size: medium;\">\u00a0<\/span>Ci\u00e8ncies socials<\/td>\n<td><span style=\"font-size: medium;\">\u00a0<\/span>Marc Pons<\/td>\n<\/tr>\n<tr>\n<td>\u00a0Expressions<\/td>\n<td>\u00a0Esther L\u00f3pez<\/td>\n<\/tr>\n<tr>\n<td>\u00a0Orientaci\u00f3<\/td>\n<td>\u00a0N\u00faria Capdevila<\/td>\n<\/tr>\n<\/tbody>\n<\/table>\n<\/div>\n<div><\/div>\n<h3><b><span style=\"font-size: large;\">COORDINADORS i TUTORS\u00a0<\/span><\/b><\/h3>\n<p style=\"text-align: justify;\"><span style=\"font-size: medium;\">A m\u00e9s dels caps de departament, altres professors vetllen per la bona organitzaci\u00f3 del centre. S\u00f3n els coordinadors, els tutors i enguany, com a novetat, els cotutors. Els coordinadors s&#8217;ocupen de programar les activitats que permetran fer una bona acci\u00f3 tutorial, acompanyen els tutors en aquesta acci\u00f3 pedag\u00f2gica i fan circular la informaci\u00f3 i les propostes des de l&#8217;equip directiu als equips docents.\u00a0<\/span><\/p>\n<p style=\"text-align: justify;\"><span style=\"font-size: medium;\">Els tutors s\u00f3n tamb\u00e9 professors que tenen assignat un grup classe i la tasca d&#8217;acompanyar l&#8217;alumnat d&#8217;aquest grup en el seu dia a dia a l&#8217;institut, comunicar a les fam\u00edlies l&#8217;evoluci\u00f3 del seu proc\u00e9s d&#8217;aprenentatge al llarg del curs i desenvolupar activitats de difusi\u00f3 de continguts transversals relacionats amb el Pla de la Salut, les relacions afectives, els trastorns alimentaris, etc.<\/span><\/p>\n<p style=\"text-align: justify;\"><span style=\"font-size: medium;\">Aquest curs per millorar aquesta tasca d&#8217;acompanyament i comunicaci\u00f3 amb les fam\u00edlies s&#8217;han assignat a diversos professors\/es el c\u00e0rrec de cotutors que formaran un equip amb els tutors d&#8217;aula.<\/span><\/p>\n<h3><b><span style=\"font-size: large;\">COORDINADORS\u00a0<\/span><\/b><b><span style=\"font-size: large;\">ESPEC\u00cdFICS<\/span><\/b><b><span style=\"font-size: large;\">\u00a0D&#8217;ACTIVITATS I PROJECTES<\/span><\/b><\/h3>\n<div><\/div>\n<p style=\"text-align: justify;\">L&#8217;institut tamb\u00e9 t\u00e9 algunes professores que s&#8217;ocupen de c\u00e0rrecs espec\u00edfics que es requereixen pel bon funcionament del Centre. \u00a0En\u00a0Carme Vall\u00a0\u00e9s el gestor de totes les transaccions i documents que es necessiten per organitzar les sortides curriculars de l&#8217;institut i tamb\u00e9 de prevenci\u00f3 de riscos. La\u00a0Maribel Gir\u00f3\u00a0s&#8217;ocupa d&#8217;impulsar l&#8217;\u00fas de la biblioteca i de tenir-la amb ordre perqu\u00e8 pugui fer la seva funci\u00f3 i la\u00a0Susana Ortega\u00a0\u00e9s l&#8217;encarregada de coordinar la resoluci\u00f3 de les incid\u00e8ncies inform\u00e0tiques i de vetllar pel bon funcionament dels equips inform\u00e0tics del centre. I\u00a0Ricard Torres\u00a0s&#8217;ocupa de la coordinaci\u00f3 LIC.<\/p>\n<h3><b><span style=\"font-size: large;\">PERSONAL D&#8217;ADMINISTRACI\u00d3 I SERVEIS\u00a0<\/span><\/b><\/h3>\n<p>El dia del dia del centre requereix de persones que desenvolupin tasques de suport a la tasca docent. En aquest \u00e0mbit l&#8217;institut Castell del Quer disposa d\u2019una administrativa, la Margarida Borrull Llombart, qui s\u2019ocupa de realitzar tots els tr\u00e0mits administratius relacionats amb la gesti\u00f3 acad\u00e8mica dels alumnes com ara la preinscripci\u00f3, la matr\u00edcula, les convalidacions, la creaci\u00f3 i\u00a0\u00a0actualitzaci\u00f3 dels expedients digitals de tots l\u2019alumnat, l\u2019emissi\u00f3 de certificats, la tramitaci\u00f3 i seguiment dels t\u00edtols oficials de la Generalitat de Catalunya, la tramitaci\u00f3 d\u2019ajuts i beques, la digitalitzaci\u00f3 de tota la documentaci\u00f3 generada pel centre, etc.<\/p>\n<p style=\"font-weight: 400;\">Podeu trobar-la a la Secretaria del centre tots els\u00a0<strong>matins de 8.30h a 14.30h<\/strong>\u00a0i tamb\u00e9 la\u00a0<strong>tarda de dilluns de 16.00h a 17:45h<\/strong>, o si ho preferiu podeu contactar directament mitjan\u00e7ant el seu correu directe a\u00a0 <a href=\"mailto:secretaria@castelldelquer.cat\">secretaria@castelldelquer.cat\u00a0<\/a><\/p>\n<p style=\"text-align: justify;\">Comencem el curs amb la <b>Lena Jare\u00f1o<\/b> i l&#8217;<b>Emma<\/b> <strong>Vila<\/strong>, conserges de l&#8217;Institut. Les conserges a m\u00e9s d&#8217;atendre a l&#8217;alumnat, s&#8217;encarreguen d&#8217;obrir i tancar el Centre, de vetllar perqu\u00e8 les aules estiguin a punt, de rebre els pares i mares que venen a entrevistar-se amb els tutors i qualsevol persona que entra a l&#8217;institut, organitzen el material fungible que es requereix per a la gesti\u00f3 del centre, \u00a0fan les fotoc\u00f2pies necess\u00e0ries perqu\u00e8 l&#8217;alumnat pugui disposar dels dossiers i ex\u00e0mens en cada moment, etc.<\/p>\n<p dir=\"ltr\">El servei de fotoc\u00f2pies de Consergeria no ser\u00e0 immediat. Els alumnes hauran d\u2019omplir un formulari i adjuntar-hi el llapis de mem\u00f2ria. Les c\u00f2pies es recolliran a l\u2019hora que s\u2019indiqui. Es recomana demanar les fotoc\u00f2pies amb un dia d\u2019antelaci\u00f3.<\/p>\n<div dir=\"ltr\">\n<div><\/div>\n<h3><span style=\"color: #3d85c6; font-size: x-large;\"><b>CONSELL ESCOLAR<\/b><\/span><\/h3>\n<div>\n<p style=\"text-align: justify;\">El funcionament de l&#8217;institut, sobretot la presa de decisions per a la seva gesti\u00f3 i organitzaci\u00f3, no nom\u00e9s dep\u00e8n del claustre de professors sin\u00f3 que tamb\u00e9 de la resta de comunitat educativa . Aix\u00ed, el Consell escolar \u00e9s l&#8217;\u00f2rgan de representaci\u00f3 de professors, personal de servei, pares i alumnes i est\u00e0 compost per:<\/p>\n<\/div>\n<h3><span style=\"color: #3d85c6; font-size: x-large;\"><b>Eleccions al Consell Escolar<\/b><\/span><\/h3>\n<div>\n<p>Cada dos anys se celebren eleccions per a la renovaci\u00f3 dels membres del Consell Escolar dels centres educatius de Catalunya. Enguany a l\u2019Institut Castell del Quer,\u00a0\u00a0cal renovar\u00a0\u00a03 membres del sector professorat, 1 del sector mares i pares, i 2 del sector alumnes.<\/p>\n<p>Corresponen al consell escolar les funcions seg\u00fcents:<\/p>\n<p>\u00b7\u00a0\u00a0\u00a0\u00a0\u00a0\u00a0\u00a0Participar en l&#8217;aprovaci\u00f3 del projecte educatiu i les seves modificacions.<\/p>\n<p>\u00b7\u00a0\u00a0\u00a0\u00a0\u00a0\u00a0\u00a0Participar en l&#8217;aprovaci\u00f3 de la programaci\u00f3 general anual, de les normes de funcionament i de la gesti\u00f3 econ\u00f2mica del centre.<\/p>\n<p>\u00b7\u00a0\u00a0\u00a0\u00a0\u00a0\u00a0\u00a0Avaluar l&#8217;aplicaci\u00f3 del projecte educatiu i de les seves modificacions aix\u00ed com de la resta de documents de gesti\u00f3 del centre.<\/p>\n<p>\u00b7\u00a0\u00a0\u00a0\u00a0\u00a0\u00a0\u00a0Aprovar les propostes d&#8217;acords de corresponsabilitat, convenis i altres acords de col\u00b7laboraci\u00f3 del centre amb entitats i institucions.<\/p>\n<p>\u00b7\u00a0\u00a0\u00a0\u00a0\u00a0\u00a0\u00a0Participar en el procediment de selecci\u00f3 i en la proposta de cessament del director o directora.<\/p>\n<p>\u00b7\u00a0\u00a0\u00a0\u00a0\u00a0\u00a0\u00a0Intervenir en la resoluci\u00f3 dels conflictes i, si escau, revisar les sancions als alumnes.<\/p>\n<p>\u00b7\u00a0\u00a0\u00a0\u00a0\u00a0\u00a0\u00a0Participar en les an\u00e0lisis i les avaluacions del funcionament general del centre i con\u00e8ixer l&#8217;evoluci\u00f3 del rendiment escolar.<\/p>\n<p>\u00b7\u00a0\u00a0\u00a0\u00a0\u00a0\u00a0\u00a0Qualsevol altre que li sigui atribu\u00efda per les normes legals o reglament\u00e0ries.<\/p>\n<\/div>\n<\/div>\n<\/td>\n<\/tr>\n<\/tbody>\n<\/table>\n<\/div>\n<\/div>\n","protected":false},"excerpt":{"rendered":"<p>A l&#8217;Institut Castell del Quer hi treballen actualment 37 professors i professores, dos administratius a mitja jornada i dues conserges. Totes aquestes persones s&#8217;organitzen en diversos \u00f2rgans de gesti\u00f3 i decisi\u00f3.<br \/>\nEQUIP DIRECTIU\u00a0<br \/>\nL&#8217;<a href=\"https:\/\/agora.xtec.cat\/ies-castelldelquer-prats\/projecte-educatiu\/equip-directiu\/\">Equip directiu<\/a> est\u00e0 format per Ferran Ferrero que fa les funcions de director,&hellip;  <a href=\"https:\/\/agora.xtec.cat\/ies-castelldelquer-prats\/projecte-educatiu\/\" title=\"Read Organitzaci\u00f3\">Llegeix m\u00e9s\u00bb<\/a><\/p>\n","protected":false},"author":1,"featured_media":0,"parent":0,"menu_order":0,"comment_status":"closed","ping_status":"closed","template":"","meta":{"_bbp_topic_count":0,"_bbp_reply_count":0,"_bbp_total_topic_count":0,"_bbp_total_reply_count":0,"_bbp_voice_count":0,"_bbp_anonymous_reply_count":0,"_bbp_topic_count_hidden":0,"_bbp_reply_count_hidden":0,"_bbp_forum_subforum_count":0,"footnotes":""},"class_list":["post-57","page","type-page","status-publish","hentry"],"post_mailing_queue_ids":[],"_links":{"self":[{"href":"https:\/\/agora.xtec.cat\/ies-castelldelquer-prats\/wp-json\/wp\/v2\/pages\/57","targetHints":{"allow":["GET"]}}],"collection":[{"href":"https:\/\/agora.xtec.cat\/ies-castelldelquer-prats\/wp-json\/wp\/v2\/pages"}],"about":[{"href":"https:\/\/agora.xtec.cat\/ies-castelldelquer-prats\/wp-json\/wp\/v2\/types\/page"}],"author":[{"embeddable":true,"href":"https:\/\/agora.xtec.cat\/ies-castelldelquer-prats\/wp-json\/wp\/v2\/users\/1"}],"replies":[{"embeddable":true,"href":"https:\/\/agora.xtec.cat\/ies-castelldelquer-prats\/wp-json\/wp\/v2\/comments?post=57"}],"version-history":[{"count":6,"href":"https:\/\/agora.xtec.cat\/ies-castelldelquer-prats\/wp-json\/wp\/v2\/pages\/57\/revisions"}],"predecessor-version":[{"id":5532,"href":"https:\/\/agora.xtec.cat\/ies-castelldelquer-prats\/wp-json\/wp\/v2\/pages\/57\/revisions\/5532"}],"wp:attachment":[{"href":"https:\/\/agora.xtec.cat\/ies-castelldelquer-prats\/wp-json\/wp\/v2\/media?parent=57"}],"curies":[{"name":"wp","href":"https:\/\/api.w.org\/{rel}","templated":true}]}}