{"id":3033,"date":"2022-08-01T09:59:35","date_gmt":"2022-08-01T07:59:35","guid":{"rendered":"https:\/\/agora.xtec.cat\/ies-castelldelquer-prats\/?page_id=3033"},"modified":"2024-05-03T09:00:29","modified_gmt":"2024-05-03T07:00:29","slug":"documentacio-basica","status":"publish","type":"page","link":"https:\/\/agora.xtec.cat\/ies-castelldelquer-prats\/estrategia-digital-de-centre\/cultura-digita\/documentacio-basica\/","title":{"rendered":"Pla d&#8217;acollida"},"content":{"rendered":"<p><span style=\"font-weight: 400;\">L\u2019acollida de la comunitat educativa, a l\u2019inici i a mig curs, \u00e9s un element clau per a la seva incorporaci\u00f3 en el centre. D\u2019altra banda, una bona acollida digital del professorat, de\u00a0 l\u2019alumnat de nova incorporaci\u00f3 en un centre i de les seves fam\u00edlies \u00e9s un aspecte que pot afavorir l\u2019equitat i la inclusi\u00f3. Aix\u00ed doncs, l\u2019acollida de nous membres de la comunitat educativa requereix atenci\u00f3, i per tant \u00e9s molt important donar a con\u00e8ixer el funcionament del centre i fer-los-en part\u00edcips.<\/span><\/p>\n<p><span style=\"font-weight: 400;\">En aquesta l\u00ednia, la Comissi\u00f3 d\u2019Estrat\u00e8gia Digital ha elaborat aquest Protocol d\u2019Acollida Digital del centre, que completa els documents de centre.<\/span><\/p>\n<p><a href=\"https:\/\/drive.google.com\/file\/d\/1C_cRp6QEariah2vWirxtZKAUO_2xM1zE\/view?usp=sharing\">PLA D&#8217;ACOLLIDA DIGITAL<\/a><\/p>\n","protected":false},"excerpt":{"rendered":"<p>L\u2019acollida de la comunitat educativa, a l\u2019inici i a mig curs, \u00e9s un element clau per a la seva incorporaci\u00f3 en el centre. D\u2019altra banda, una bona acollida digital del professorat, de\u00a0 l\u2019alumnat de nova incorporaci\u00f3 en un centre i de les seves fam\u00edlies \u00e9s&hellip;  <a href=\"https:\/\/agora.xtec.cat\/ies-castelldelquer-prats\/estrategia-digital-de-centre\/cultura-digita\/documentacio-basica\/\" title=\"Read Pla d&#8217;acollida\">Llegeix m\u00e9s\u00bb<\/a><\/p>\n","protected":false},"author":1,"featured_media":0,"parent":3016,"menu_order":1,"comment_status":"closed","ping_status":"closed","template":"page-templates\/side-menu.php","meta":{"_bbp_topic_count":0,"_bbp_reply_count":0,"_bbp_total_topic_count":0,"_bbp_total_reply_count":0,"_bbp_voice_count":0,"_bbp_anonymous_reply_count":0,"_bbp_topic_count_hidden":0,"_bbp_reply_count_hidden":0,"_bbp_forum_subforum_count":0,"footnotes":""},"class_list":["post-3033","page","type-page","status-publish","hentry"],"post_mailing_queue_ids":[],"_links":{"self":[{"href":"https:\/\/agora.xtec.cat\/ies-castelldelquer-prats\/wp-json\/wp\/v2\/pages\/3033","targetHints":{"allow":["GET"]}}],"collection":[{"href":"https:\/\/agora.xtec.cat\/ies-castelldelquer-prats\/wp-json\/wp\/v2\/pages"}],"about":[{"href":"https:\/\/agora.xtec.cat\/ies-castelldelquer-prats\/wp-json\/wp\/v2\/types\/page"}],"author":[{"embeddable":true,"href":"https:\/\/agora.xtec.cat\/ies-castelldelquer-prats\/wp-json\/wp\/v2\/users\/1"}],"replies":[{"embeddable":true,"href":"https:\/\/agora.xtec.cat\/ies-castelldelquer-prats\/wp-json\/wp\/v2\/comments?post=3033"}],"version-history":[{"count":3,"href":"https:\/\/agora.xtec.cat\/ies-castelldelquer-prats\/wp-json\/wp\/v2\/pages\/3033\/revisions"}],"predecessor-version":[{"id":4611,"href":"https:\/\/agora.xtec.cat\/ies-castelldelquer-prats\/wp-json\/wp\/v2\/pages\/3033\/revisions\/4611"}],"up":[{"embeddable":true,"href":"https:\/\/agora.xtec.cat\/ies-castelldelquer-prats\/wp-json\/wp\/v2\/pages\/3016"}],"wp:attachment":[{"href":"https:\/\/agora.xtec.cat\/ies-castelldelquer-prats\/wp-json\/wp\/v2\/media?parent=3033"}],"curies":[{"name":"wp","href":"https:\/\/api.w.org\/{rel}","templated":true}]}}

<p><span style="font-weight: 400;">L’acollida de la comunitat educativa, a l’inici i a mig curs, és un element clau per a la seva incorporació en el centre. D’altra banda, una bona acollida digital del professorat, de  l’alumnat de nova incorporació en un centre i de les seves famílies és un aspecte que pot afavorir l’equitat i la inclusió. Així doncs, l’acollida de nous membres de la comunitat educativa requereix atenció, i per tant és molt important donar a conèixer el funcionament del centre i fer-los-en partícips.</span></p>
<p><span style="font-weight: 400;">En aquesta línia, la Comissió d’Estratègia Digital ha elaborat aquest Protocol d’Acollida Digital del centre, que completa els documents de centre.</span></p>
<p><a href="https://drive.google.com/file/d/1C_cRp6QEariah2vWirxtZKAUO_2xM1zE/view?usp=sharing">PLA D&#8217;ACOLLIDA DIGITAL</a></p>

<p>L’acollida de la comunitat educativa, a l’inici i a mig curs, és un element clau per a la seva incorporació en el centre. D’altra banda, una bona acollida digital del professorat, de  l’alumnat de nova incorporació en un centre i de les seves famílies és&hellip;  <a href="https://agora.xtec.cat/ies-castelldelquer-prats/estrategia-digital-de-centre/cultura-digita/documentacio-basica/" title="Read Pla d&#8217;acollida">Llegeix més»</a></p>
