{"id":2606,"date":"2022-03-02T09:13:27","date_gmt":"2022-03-02T08:13:27","guid":{"rendered":"https:\/\/agora.xtec.cat\/ies-castelldelquer-prats\/?page_id=2606"},"modified":"2022-03-09T10:33:46","modified_gmt":"2022-03-09T09:33:46","slug":"el-llucanes","status":"publish","type":"page","link":"https:\/\/agora.xtec.cat\/ies-castelldelquer-prats\/linstitut\/el-llucanes\/","title":{"rendered":"El Llu\u00e7an\u00e8s"},"content":{"rendered":"<p><b><i><a href=\"https:\/\/agora.xtec.cat\/ies-castelldelquer-prats\/wp-content\/uploads\/usu2163\/2022\/03\/llucanes.jpg\"><img loading=\"lazy\" decoding=\"async\" class=\" wp-image-2607 alignright\" src=\"https:\/\/agora.xtec.cat\/ies-castelldelquer-prats\/wp-content\/uploads\/usu2163\/2022\/03\/llucanes.jpg\" alt=\"\" width=\"316\" height=\"364\" \/><\/a>Escrit pels alumnes de geografia i empresa de 2n de Batxillerat\u00a0 del curs 2020-2021<\/i><\/b><span style=\"font-weight: 400;\"> \/\/\u00a0 \u00a0<\/span><span style=\"font-weight: 400;\">El Llu\u00e7an\u00e8s est\u00e0 localitzat a la prov\u00edncia de Barcelona,\u00a0 concretament entre les comarques d\u2019Osona, el Bages i el Bergued\u00e0. \u00c9s un territori amb voluntat de ser una comarca, per\u00f2 mentre l\u2019ordenaci\u00f3 territorial no la reconeix com a tal, els seus municipis pertanyen a tres de les quatre lim\u00edtrofes- majorit\u00e0riament a Osona-.\u00a0 T\u00e9 un total de tretze municipis amb poc volum de poblaci\u00f3, nom\u00e9s 7703 habitants segons dades de l\u2019IDESCAT del 2020, que es reparteixen de forma desigual en una superf\u00edcie de 368 quil\u00f2metres quadrats, de manera que la densitat de poblaci\u00f3 \u00e9s de 21 habitants per quil\u00f2metre quadrat.\u00a0 <\/span><span style=\"font-weight: 400;\">Prats de Llu\u00e7an\u00e8s n\u2019\u00e9s la poblaci\u00f3 m\u00e9s gran amb un 30% de la poblaci\u00f3.\u00a0 \u00a0<\/span><span style=\"font-weight: 400;\">Com molts territoris de muntanya, s\u2019ha donat una important davallada demogr\u00e0fica en els \u00faltims 30 anys.\u00a0 Passant de 9.509 habitants el 1992 fins als 7.703 aquest 2020.\u00a0\u00a0<\/span><\/p>\n<h5><b><i>L\u2019economia<\/i><\/b><\/h5>\n<p><span style=\"font-weight: 400;\">Malgrat tenir una fisonomia rural \u00e9s un territori on predomina el sector terciari, com a la major part de les regions de Catalunya. \u00a0 El comer\u00e7 tot i que \u00e9s present en tots els municipis de la comarca, es concentra especialment a Prats de Llu\u00e7an\u00e8s. Aquest municipi, que \u00e9s el m\u00e9s poblat dels 13 que configuren la comarca, i que centralitza alguns serveis p\u00fablics com el centre d\u2019educaci\u00f3 secund\u00e0ria o l\u2019\u00e0rea b\u00e0sica de Salut, celebra a m\u00e9s un mercat setmanal cada diumenge generant un focus d\u2019atracci\u00f3 per a tots els Llu\u00e7anesos, que els comer\u00e7os de Prats aprofiten per obrir en horari de mat\u00ed. Sens dubte, aquesta \u00e9s una ra\u00f3 que explica perqu\u00e8 el municipi disposa d\u2019un bon teixit comercial. A banda del comer\u00e7, el turisme tamb\u00e9 juga un paper clau en el territori: turisme rural que actua de complement a l\u2019activitat agr\u00e0ria d\u2019un bon nombre de masos repartits pel territori i tamb\u00e9 turisme gastron\u00f2mic de cuina tradicional catalana servit en els m\u00e9s de 10 establiments de restauraci\u00f3 que t\u00e9 la comarca.<\/span><\/p>\n<p><span style=\"font-weight: 400;\">La ind\u00fastria, cada vegada hi \u00e9s menys present, ja que el territori ha patit una forta deslocalitzaci\u00f3, principalment del t\u00e8xtil; actualment, les poques empreses que queden estan relacionades amb l\u2019agroind\u00fastria, amb algunes excepcions al pol\u00edgon d\u2019Olost.\u00a0 L\u2019activitat ramadera t\u00e9 un pes important. Conviuen diversos sectors ramaders, per\u00f2 el que m\u00e9s predomina \u00e9s el\u00a0 porc\u00ed, que representa un 63% del bestiar que es cria en el territori; aquesta concentraci\u00f3 d\u2019explotacions porcines, condiciona tamb\u00e9 l\u2019agricultura del territori, que est\u00e0 destinada majorit\u00e0riament en la producci\u00f3 de pinsos i farratges pel bestiar.\u00a0 La poblaci\u00f3 activa permet contrastar amb dades aquesta radiografia econ\u00f2mica del Llu\u00e7an\u00e8s. El 2019, segons dades de l\u2019IDESCAT hi havia 3.728 persones, considerades poblaci\u00f3 activa, \u00e9s a dir 48,40%, dels habitants. Un 48% dones (1.776); i un 52% homes (1.952). \u00a0 Del total de poblaci\u00f3 activa, 2.432\u00a0 tenien feina, \u00e9s a dir, que la taxa d\u2019ocupaci\u00f3 -calculada dividint la poblaci\u00f3 ocupada per la poblaci\u00f3 activa- era del 65,23%.\u00a0 Per sectors, aquestes persones estaven ocupats un 49% pels serveis (1.185 persones); un 28% per la ind\u00fastria (675 persones); i el 12% per activitats del sector primari; la construcci\u00f3 nom\u00e9s representa un 11% (274 persones), perqu\u00e8 com arreu de Catalunya la crisi immobili\u00e0ria va suposar una forta sotragada pel sector.\u00a0<\/span><\/p>\n<p><b><i>El paisatge\u00a0<\/i><\/b><\/p>\n<p><span style=\"font-weight: 400;\"><a href=\"https:\/\/agora.xtec.cat\/ies-castelldelquer-prats\/wp-content\/uploads\/usu2163\/2022\/03\/paisatge.jpg\"><img loading=\"lazy\" decoding=\"async\" class=\"alignleft size-full wp-image-2608\" src=\"https:\/\/agora.xtec.cat\/ies-castelldelquer-prats\/wp-content\/uploads\/usu2163\/2022\/03\/paisatge.jpg\" alt=\"\" width=\"560\" height=\"273\" srcset=\"https:\/\/agora.xtec.cat\/ies-castelldelquer-prats\/wp-content\/uploads\/usu2163\/2022\/03\/paisatge.jpg 560w, https:\/\/agora.xtec.cat\/ies-castelldelquer-prats\/wp-content\/uploads\/usu2163\/2022\/03\/paisatge-300x146.jpg 300w\" sizes=\"auto, (max-width: 560px) 100vw, 560px\" \/><\/a>La seva ubicaci\u00f3 entre Prepirineu i la Depressi\u00f3 Central configura un paisatge divers i marcat per l\u2019activitat agr\u00edcola i ramadera. Orogr\u00e0ficament, el llu\u00e7an\u00e8s \u00e9s un altipl\u00e0 modelat per diverses rieres que el travessen de nord a sud i que han configurat un territori molt irregular. A les zones de m\u00e9s altitud hi ha un predomini d\u2019esp\u00e8cies de fulla caduca, principalment de roure, en canvi a les terres baixes, on s\u2019ha mantingut clapes de bosc enmig d\u2019un mosaic ple de camps conreats, petits nuclis urbans i retor\u00e7ades carreteres locals, s\u2019hi troben sobretot alzines.\u00a0<\/span><\/p>\n<p><span style=\"font-weight: 400;\">Aquest paisatge per\u00f2 presenta en l\u2019actualitat alguns riscos importants: l\u2019aparici\u00f3 de granges de gran dimensi\u00f3 estan generant un volum de purins que mal gestionats estan provocant una important contaminaci\u00f3 de les aig\u00fces fre\u00e0tiques (fonts) i dels s\u00f2ls. La proliferaci\u00f3 del turisme massiu en certs per\u00edodes est\u00e0 provocant un impacte preocupant en els ecosistemes de riera, amb un elevat valor natural.\u00a0<\/span><\/p>\n<h5><b><i>La hist\u00f2ria\u00a0<\/i><\/b><\/h5>\n<p><span style=\"font-weight: 400;\">El Llu\u00e7an\u00e8s rep el nom del Castell de Llu\u00e7\u00e0, document\u00e2t per primer com al 905. En aquesta \u00e8poca el Llu\u00e7an\u00e8s estava format per Llu\u00e7\u00e0, Prats de Llu\u00e7an\u00e8s, Sant Mart\u00ed d\u2019Albars, Sant Agust\u00ed del Llu\u00e7an\u00e8s, Perafita i Sant Boi. M\u00e9s tard s\u2019hi van unir Orist\u00e0, Sant Feliu Sasserra i Olost. El nucli del Llu\u00e7an\u00e8s es va formar amb Olost i Llu\u00e7\u00e0.<\/span><\/p>\n<p><span style=\"font-weight: 400;\">El 26 de juliol de l&#8217;any 2015 els habitants del Llu\u00e7an\u00e8s van votar en un proc\u00e9s de participaci\u00f3 ciutadana sobre la creaci\u00f3 de la comarca del Llu\u00e7an\u00e8s. La participaci\u00f3 va ser del 55,15%. Els resultats varen ser d&#8217;un 70,7% de vots a favor de formar una comarca pr\u00f2pia i un 26,35% en contra pel que fa al c\u00f2mput total, i per tant, llum verda per la creaci\u00f3 de la comarca. No obstant, 5 dels 13 pobles van decidir, en aquella votaci\u00f3 popular, que no volen formar part de la nova comarca, de manera que tenint en compte les condicions pre-establertes a la consulta i que es tracta de municipis a la frontera del domini, aquests n&#8217;han de ser exclosos. Avui en dia, encara no s\u2019ha reconegut aquest estatus administratiu i el territori continua formant part de tres comarques catalanes: Osona, Bages i Bergued\u00e0.<\/span><\/p>\n<h5><b><i>Les Fires\u00a0<\/i><\/b><\/h5>\n<p><span style=\"font-weight: 400;\"><a href=\"https:\/\/agora.xtec.cat\/ies-castelldelquer-prats\/wp-content\/uploads\/usu2163\/2022\/03\/Prats-Mercat-16-700x466-1.jpg\"><img loading=\"lazy\" decoding=\"async\" class=\"size-full wp-image-2610 alignright\" src=\"https:\/\/agora.xtec.cat\/ies-castelldelquer-prats\/wp-content\/uploads\/usu2163\/2022\/03\/Prats-Mercat-16-700x466-1.jpg\" alt=\"\" width=\"700\" height=\"466\" srcset=\"https:\/\/agora.xtec.cat\/ies-castelldelquer-prats\/wp-content\/uploads\/usu2163\/2022\/03\/Prats-Mercat-16-700x466-1.jpg 700w, https:\/\/agora.xtec.cat\/ies-castelldelquer-prats\/wp-content\/uploads\/usu2163\/2022\/03\/Prats-Mercat-16-700x466-1-300x200.jpg 300w\" sizes=\"auto, (max-width: 700px) 100vw, 700px\" \/><\/a>Les tradicions populars marquen l\u2019atractiu cultural del territori. La bruixeria, el bandolerisme, la transhum\u00e0ncia, l\u2019hist\u00f2ria\u2026 han fet del Llu\u00e7an\u00e8s el territori que \u00e9s avui dia. Cada poble del Llu\u00e7an\u00e8s t\u00e9 la seva hist\u00f2ria i les seves tradicions, que el fan un territori \u00fanic. El passat transhum\u00e0 del territori ha fet que avui dia es pugui gaudir de fires que posen en valor aquest patrimoni intangible, com la Fira de l\u2019Hostal del Vilar (Sant Agust\u00ed del Llu\u00e7an\u00e8s), la de la transhum\u00e0ncia (Santa Creu de Jutglar), la Candelera (Perafita) o de Sant Vicen\u00e7 (a Prats).\u00a0 En altres pobles s\u2019ha generat iniciatives tur\u00edstiques lligades a les llegendes locals com al Fira de les bruixes (Sant Feliu Sasserra) o la d\u2019en Perot Rocaguinarda (a Olost).\u00a0<\/span><\/p>\n<h5><b><i>Els productes de la terra<\/i><\/b><\/h5>\n<p><span style=\"font-weight: 400;\">La combinaci\u00f3 d\u2019aquest paisatge, economia i tradici\u00f3 ha donat lloc una gran diversitat de productes alimentaris de proximitat elaborats de manera\u00a0artesanal, tradicional i en algun cas ecol\u00f2gica.\u00a0 El Consorci del Llu\u00e7an\u00e8s, \u00e9s un ens p\u00fablic supramunicipal, que cataloga i impulsa i promociona tota aquesta destacable producci\u00f3 local i de qualitat: embotits i carns, xai i pollastre ecol\u00f2gic, formatges, t\u00f2fona o cervesa artesana. Aix\u00ed com tamb\u00e9 l\u2019associaci\u00f3 <\/span><b>Llu\u00e7an\u00e8s a Taula<\/b><span style=\"font-weight: 400;\">, tamb\u00e9 dedicada a l\u2019impuls del consum de proximitat.<\/span> <span style=\"font-weight: 400;\">\u00a0<\/span><\/p>\n<p>&nbsp;<\/p>\n","protected":false},"excerpt":{"rendered":"<p><a href=\"https:\/\/agora.xtec.cat\/ies-castelldelquer-prats\/wp-content\/uploads\/usu2163\/2022\/03\/llucanes.jpg\"><\/a>Escrit pels alumnes de geografia i empresa de 2n de Batxillerat\u00a0 del curs 2020-2021 \/\/\u00a0 \u00a0El Llu\u00e7an\u00e8s est\u00e0 localitzat a la prov\u00edncia de Barcelona,\u00a0 concretament entre les comarques d\u2019Osona, el Bages i el Bergued\u00e0. \u00c9s un territori amb voluntat de ser una comarca, per\u00f2&hellip;  <a href=\"https:\/\/agora.xtec.cat\/ies-castelldelquer-prats\/linstitut\/el-llucanes\/\" title=\"Read El Llu\u00e7an\u00e8s\">Llegeix m\u00e9s\u00bb<\/a><\/p>\n","protected":false},"author":1,"featured_media":0,"parent":19,"menu_order":3,"comment_status":"closed","ping_status":"closed","template":"page-templates\/side-menu.php","meta":{"_bbp_topic_count":0,"_bbp_reply_count":0,"_bbp_total_topic_count":0,"_bbp_total_reply_count":0,"_bbp_voice_count":0,"_bbp_anonymous_reply_count":0,"_bbp_topic_count_hidden":0,"_bbp_reply_count_hidden":0,"_bbp_forum_subforum_count":0,"footnotes":""},"class_list":["post-2606","page","type-page","status-publish","hentry"],"post_mailing_queue_ids":[],"_links":{"self":[{"href":"https:\/\/agora.xtec.cat\/ies-castelldelquer-prats\/wp-json\/wp\/v2\/pages\/2606","targetHints":{"allow":["GET"]}}],"collection":[{"href":"https:\/\/agora.xtec.cat\/ies-castelldelquer-prats\/wp-json\/wp\/v2\/pages"}],"about":[{"href":"https:\/\/agora.xtec.cat\/ies-castelldelquer-prats\/wp-json\/wp\/v2\/types\/page"}],"author":[{"embeddable":true,"href":"https:\/\/agora.xtec.cat\/ies-castelldelquer-prats\/wp-json\/wp\/v2\/users\/1"}],"replies":[{"embeddable":true,"href":"https:\/\/agora.xtec.cat\/ies-castelldelquer-prats\/wp-json\/wp\/v2\/comments?post=2606"}],"version-history":[{"count":2,"href":"https:\/\/agora.xtec.cat\/ies-castelldelquer-prats\/wp-json\/wp\/v2\/pages\/2606\/revisions"}],"predecessor-version":[{"id":2711,"href":"https:\/\/agora.xtec.cat\/ies-castelldelquer-prats\/wp-json\/wp\/v2\/pages\/2606\/revisions\/2711"}],"up":[{"embeddable":true,"href":"https:\/\/agora.xtec.cat\/ies-castelldelquer-prats\/wp-json\/wp\/v2\/pages\/19"}],"wp:attachment":[{"href":"https:\/\/agora.xtec.cat\/ies-castelldelquer-prats\/wp-json\/wp\/v2\/media?parent=2606"}],"curies":[{"name":"wp","href":"https:\/\/api.w.org\/{rel}","templated":true}]}}