{"id":1466,"date":"2025-03-24T09:00:51","date_gmt":"2025-03-24T08:00:51","guid":{"rendered":"https:\/\/agora.xtec.cat\/ies-castelldelquer-prats\/?page_id=1466"},"modified":"2026-04-17T11:37:46","modified_gmt":"2026-04-17T09:37:46","slug":"i-despres-de-leso-que","status":"publish","type":"page","link":"https:\/\/agora.xtec.cat\/ies-castelldelquer-prats\/i-despres-de-leso-que\/","title":{"rendered":"I despr\u00e9s de l&#8217;ESO, qu\u00e8?"},"content":{"rendered":"<p>En aquesta p\u00e0gina, t&#8217;enllacem tot de recursos per poder respondre a aquesta pregunta.<\/p>\n<p>A l&#8217;Institut per acompanyar en aquest proc\u00e9s, l&#8217;equip de tutoria de 4t d&#8217;ESO est\u00e0 dedicant diverses sessions de tutoria a incidir en l&#8217;autoconeixement i tamb\u00e9 en informar sobre les diverses opcions que s&#8217;ofereixen per continuar estudiant: Batxillerat, Cicles formatius de grau mitj\u00e0, programes de formaci\u00f3 i inserci\u00f3.<\/p>\n<table>\n<tbody>\n<tr>\n<td>Nou web del Departament d&#8217;Ensenyament<\/td>\n<td><a href=\"https:\/\/triaeducativa.gencat.cat\/ca\/inici\/\" target=\"_blank\" rel=\"noopener noreferrer\" data-saferedirecturl=\"https:\/\/www.google.com\/url?q=https:\/\/triaeducativa.gencat.cat\/ca\/inici\/&amp;source=gmail&amp;ust=1618568663705000&amp;usg=AFQjCNEla1qGEC1zzPqqefG8roX-2q1Xog\">triaeducativa.gencat.cat\u00a0<\/a><\/td>\n<\/tr>\n<tr>\n<td>Presentaci\u00f3 qu\u00e8 \u00e9s el Batxillerat?<\/td>\n<td><a href=\"https:\/\/view.genial.ly\/6421bea8440b340012da4792\/presentation-el-batxillerat\" target=\"_blank\" rel=\"noopener\"><img loading=\"lazy\" decoding=\"async\" class=\"alignnone wp-image-4506 size-large\" src=\"https:\/\/agora.xtec.cat\/ies-castelldelquer-prats\/wp-content\/uploads\/usu2163\/2024\/03\/presentacio-bat-1024x480.jpg\" alt=\"\" width=\"1024\" height=\"480\" srcset=\"https:\/\/agora.xtec.cat\/ies-castelldelquer-prats\/wp-content\/uploads\/usu2163\/2024\/03\/presentacio-bat-1024x480.jpg 1024w, https:\/\/agora.xtec.cat\/ies-castelldelquer-prats\/wp-content\/uploads\/usu2163\/2024\/03\/presentacio-bat-300x140.jpg 300w, https:\/\/agora.xtec.cat\/ies-castelldelquer-prats\/wp-content\/uploads\/usu2163\/2024\/03\/presentacio-bat-768x360.jpg 768w, https:\/\/agora.xtec.cat\/ies-castelldelquer-prats\/wp-content\/uploads\/usu2163\/2024\/03\/presentacio-bat-1536x719.jpg 1536w, https:\/\/agora.xtec.cat\/ies-castelldelquer-prats\/wp-content\/uploads\/usu2163\/2024\/03\/presentacio-bat.jpg 1907w\" sizes=\"auto, (max-width: 1024px) 100vw, 1024px\" \/><\/a><\/p>\n<p><a href=\"https:\/\/view.genial.ly\/6421bea8440b340012da4792\/presentation-el-batxillerat\" target=\"_blank\" rel=\"noopener\">https:\/\/view.genial.ly\/6421bea8440b340012da4792\/presentation-el-batxillerat\u00a0<\/a><\/td>\n<\/tr>\n<tr>\n<td>Presentaci\u00f3 Cicles formatius de grau mitj\u00e0<\/td>\n<td><iframe loading=\"lazy\" src=\"https:\/\/drive.google.com\/file\/d\/1wq87HcR8WX-XaWfo6mGtaVvxVX7QdJAA\/preview\" width=\"640\" height=\"480\"><\/iframe><\/td>\n<\/tr>\n<\/tbody>\n<\/table>\n<p>Altres enlla\u00e7os on podeu trobar informaci\u00f3<\/p>\n<table>\n<tbody>\n<tr>\n<td>C\u00e0psula. Orientaci\u00f3 acad\u00e8mica i professional d&#8217;Osona<\/td>\n<td><a href=\"https:\/\/osonajove.cat\/capsula\/\">https:\/\/osonajove.cat\/capsula\/<\/a><\/td>\n<\/tr>\n<tr>\n<td>Est\u00e0s deorientat\/da ? Educaweb<\/td>\n<td><a href=\"https:\/\/www.educaweb.cat\/continguts\/educatius\/\">https:\/\/www.educaweb.cat\/continguts\/educatius\/<\/a><\/td>\n<\/tr>\n<\/tbody>\n<\/table>\n","protected":false},"excerpt":{"rendered":"<p>En aquesta p\u00e0gina, t&#8217;enllacem tot de recursos per poder respondre a aquesta pregunta.<br \/>\nA l&#8217;Institut per acompanyar en aquest proc\u00e9s, l&#8217;equip de tutoria de 4t d&#8217;ESO est\u00e0 dedicant diverses sessions de tutoria a incidir en l&#8217;autoconeixement i tamb\u00e9 en informar sobre les diverses opcions que s&#8217;ofereixen&hellip;  <a href=\"https:\/\/agora.xtec.cat\/ies-castelldelquer-prats\/i-despres-de-leso-que\/\" title=\"Read I despr\u00e9s de l&#8217;ESO, qu\u00e8?\">Llegeix m\u00e9s\u00bb<\/a><\/p>\n","protected":false},"author":1,"featured_media":0,"parent":0,"menu_order":0,"comment_status":"closed","ping_status":"closed","template":"","meta":{"_bbp_topic_count":0,"_bbp_reply_count":0,"_bbp_total_topic_count":0,"_bbp_total_reply_count":0,"_bbp_voice_count":0,"_bbp_anonymous_reply_count":0,"_bbp_topic_count_hidden":0,"_bbp_reply_count_hidden":0,"_bbp_forum_subforum_count":0,"footnotes":""},"class_list":["post-1466","page","type-page","status-publish","hentry"],"post_mailing_queue_ids":[],"_links":{"self":[{"href":"https:\/\/agora.xtec.cat\/ies-castelldelquer-prats\/wp-json\/wp\/v2\/pages\/1466","targetHints":{"allow":["GET"]}}],"collection":[{"href":"https:\/\/agora.xtec.cat\/ies-castelldelquer-prats\/wp-json\/wp\/v2\/pages"}],"about":[{"href":"https:\/\/agora.xtec.cat\/ies-castelldelquer-prats\/wp-json\/wp\/v2\/types\/page"}],"author":[{"embeddable":true,"href":"https:\/\/agora.xtec.cat\/ies-castelldelquer-prats\/wp-json\/wp\/v2\/users\/1"}],"replies":[{"embeddable":true,"href":"https:\/\/agora.xtec.cat\/ies-castelldelquer-prats\/wp-json\/wp\/v2\/comments?post=1466"}],"version-history":[{"count":7,"href":"https:\/\/agora.xtec.cat\/ies-castelldelquer-prats\/wp-json\/wp\/v2\/pages\/1466\/revisions"}],"predecessor-version":[{"id":6394,"href":"https:\/\/agora.xtec.cat\/ies-castelldelquer-prats\/wp-json\/wp\/v2\/pages\/1466\/revisions\/6394"}],"wp:attachment":[{"href":"https:\/\/agora.xtec.cat\/ies-castelldelquer-prats\/wp-json\/wp\/v2\/media?parent=1466"}],"curies":[{"name":"wp","href":"https:\/\/api.w.org\/{rel}","templated":true}]}}