{"id":1228,"date":"2021-02-10T12:05:34","date_gmt":"2021-02-10T11:05:34","guid":{"rendered":"https:\/\/agora.xtec.cat\/ies-castelldelquer-prats\/?page_id=1228"},"modified":"2025-09-16T13:47:27","modified_gmt":"2025-09-16T11:47:27","slug":"pagaments","status":"publish","type":"page","link":"https:\/\/agora.xtec.cat\/ies-castelldelquer-prats\/secretaria\/pagaments\/","title":{"rendered":"Pagaments"},"content":{"rendered":"<ul>\n<li>Quota de material fungible (50\u20ac). \u00c9s paga a l&#8217;inici de cada curs i al moment de formalitzar les noves matr\u00edcules al centre.\n<ul>\n<li>Es pot fer a trav\u00e9s del TPV Escola<\/li>\n<li>Cal fer transfer\u00e8ncia banc\u00e0ria al n\u00famero de compte de l&#8217;Institut de CaixaBank i amb n\u00famero ES47 2100 0499 7702 0018 9484 indicant el nom de l&#8217;alumne\/a<\/li>\n<li>Guardeu-vos el comprovant, no caldr\u00e0 entregar-lo al centre i nom\u00e9s es reclamar\u00e0 en cas de confusi\u00f3.<\/li>\n<li>En efectiu passant per consergeria.<\/li>\n<\/ul>\n<\/li>\n<\/ul>\n","protected":false},"excerpt":{"rendered":"<ul>\n<li>Quota de material fungible (50\u20ac). \u00c9s paga a l&#8217;inici de cada curs i al moment de formalitzar les noves matr\u00edcules al centre.\n<ul>\n<li>Es pot fer a trav\u00e9s del TPV Escola<\/li>\n<li>Cal fer transfer\u00e8ncia banc\u00e0ria al n\u00famero de compte de l&#8217;Institut de CaixaBank i amb n\u00famero ES47 2100&hellip;  <a href=\"https:\/\/agora.xtec.cat\/ies-castelldelquer-prats\/secretaria\/pagaments\/\" title=\"Read Pagaments\">Llegeix m\u00e9s\u00bb<\/a><br \/>\n","protected":false},"author":3,"featured_media":0,"parent":81,"menu_order":5,"comment_status":"closed","ping_status":"closed","template":"page-templates\/side-menu.php","meta":{"_bbp_topic_count":0,"_bbp_reply_count":0,"_bbp_total_topic_count":0,"_bbp_total_reply_count":0,"_bbp_voice_count":0,"_bbp_anonymous_reply_count":0,"_bbp_topic_count_hidden":0,"_bbp_reply_count_hidden":0,"_bbp_forum_subforum_count":0,"footnotes":""},"class_list":["post-1228","page","type-page","status-publish","hentry"],"post_mailing_queue_ids":[],"_links":{"self":[{"href":"https:\/\/agora.xtec.cat\/ies-castelldelquer-prats\/wp-json\/wp\/v2\/pages\/1228","targetHints":{"allow":["GET"]}}],"collection":[{"href":"https:\/\/agora.xtec.cat\/ies-castelldelquer-prats\/wp-json\/wp\/v2\/pages"}],"about":[{"href":"https:\/\/agora.xtec.cat\/ies-castelldelquer-prats\/wp-json\/wp\/v2\/types\/page"}],"author":[{"embeddable":true,"href":"https:\/\/agora.xtec.cat\/ies-castelldelquer-prats\/wp-json\/wp\/v2\/users\/3"}],"replies":[{"embeddable":true,"href":"https:\/\/agora.xtec.cat\/ies-castelldelquer-prats\/wp-json\/wp\/v2\/comments?post=1228"}],"version-history":[{"count":5,"href":"https:\/\/agora.xtec.cat\/ies-castelldelquer-prats\/wp-json\/wp\/v2\/pages\/1228\/revisions"}],"predecessor-version":[{"id":5524,"href":"https:\/\/agora.xtec.cat\/ies-castelldelquer-prats\/wp-json\/wp\/v2\/pages\/1228\/revisions\/5524"}],"up":[{"embeddable":true,"href":"https:\/\/agora.xtec.cat\/ies-castelldelquer-prats\/wp-json\/wp\/v2\/pages\/81"}],"wp:attachment":[{"href":"https:\/\/agora.xtec.cat\/ies-castelldelquer-prats\/wp-json\/wp\/v2\/media?parent=1228"}],"curies":[{"name":"wp","href":"https:\/\/api.w.org\/{rel}","templated":true}]}}