{"id":872,"date":"2023-02-02T16:01:41","date_gmt":"2023-02-02T15:01:41","guid":{"rendered":"https:\/\/agora.xtec.cat\/ies-carles-vallbona\/?page_id=872"},"modified":"2023-02-12T23:04:11","modified_gmt":"2023-02-12T22:04:11","slug":"associacio-esportiva","status":"publish","type":"page","link":"https:\/\/agora.xtec.cat\/ies-carles-vallbona\/associacio-esportiva\/","title":{"rendered":"Associaci\u00f3 esportiva"},"content":{"rendered":"<h3><span style=\"color: #ff0000;\">Associaci\u00f3 esportiva<\/span><\/h3>\n<p>L\u2019Associaci\u00f3 Esportiva Carles Vallbona va ser creada al curs 1997\/98. El club fa anys que aposta fort a l\u2019hora de dedicar recursos i bons professionals a tots els equips de v\u00f2lei. En aquest espai podreu trobar tot all\u00f2 referent a l&#8217;Associaci\u00f3 Esportiva Carles Vallbona, a m\u00e9s de les fotografies que anirem penjant als articles.<\/p>\n<p>Tamb\u00e9 teniu la web:\u00a0<span style=\"color: #ff0000;\"><a style=\"color: #ff0000;\" href=\"http:\/\/www.aecarlesvallbona.cat\/\">www.aecarlesvallbona.cat<\/a><\/span><\/p>\n<p>Podria ser del vostre inter\u00e8s visitar els seg\u00fcents llocs en relaci\u00f3 a l&#8217;esport:<\/p>\n<ul>\n<li><span style=\"color: #000000;\"><a style=\"color: #000000;\" title=\"Consell Esportiu del Vall\u00e8s Oriental\" href=\"http:\/\/www.cevo.cat\/\">Consell Esportiu del Vall\u00e8s Oriental<\/a><\/span><\/li>\n<li><span style=\"color: #000000;\"><a style=\"color: #000000;\" title=\"Federaci\u00f3 Catalana de Voleibol\" href=\"http:\/\/www.fcvolei.cat\/\">Federaci\u00f3 Catalana de Voleibol<\/a><\/span><\/li>\n<\/ul>\n<p><img loading=\"lazy\" decoding=\"async\" class=\" wp-image-1310 aligncenter\" src=\"https:\/\/agora.xtec.cat\/ies-carles-vallbona\/wp-content\/uploads\/usu2364\/2023\/02\/esportiva.png\" alt=\"\" width=\"523\" height=\"194\" srcset=\"https:\/\/agora.xtec.cat\/ies-carles-vallbona\/wp-content\/uploads\/usu2364\/2023\/02\/esportiva.png 631w, https:\/\/agora.xtec.cat\/ies-carles-vallbona\/wp-content\/uploads\/usu2364\/2023\/02\/esportiva-300x111.png 300w\" sizes=\"auto, (max-width: 523px) 100vw, 523px\" \/><\/p>\n<table style=\"border-collapse: collapse; width: 100%;\">\n<tbody>\n<tr>\n<td style=\"width: 100%; text-align: left;\"><em>Em plau que el nostre Institut tingui clar aquell precepte ancestral d\u2019assolir una \u201cmens<\/em><em>sana in\u00a0 corpore sano\u201d i que es doni gran import\u00e0ncia a l\u2019educaci\u00f3 f\u00edsica i als esports. La <\/em><em>nostra Associaci\u00f3 Esportiva \u00e9s una magn\u00edfica expressi\u00f3 de la v\u00e0lua d\u2019un bon curr\u00edculum <\/em><em>de formaci\u00f3 f\u00edsica i tamb\u00e9 de l\u2019inter\u00e8s que tenen els alumnes a practicar els esports que <\/em><em>consideren m\u00e9s adients a llurs aptituds i desitjos. Aquesta AE, en els seus 10 anys <\/em><em>d\u2019exist\u00e8ncia, ha assolit uns \u00e8xits espectaculars en el m\u00f3n dels estudis secundaris de <\/em><em>Catalunya i, sens dubte, en el futur n\u2019assolir\u00e0 m\u00e9s encara. <\/em><em>La meva enhorabona a l\u2019AE Carles Vallbona, al cos extraordinari de docents i a tot <\/em><em>l\u2019alumnat. Estic molt cofoi que el meu nom estigui associat amb el vostre institut i la <\/em><em>vostra AE. Tant de bo que D\u00e9u em doni prous anys de vida per assaborir m\u00e9s i m\u00e9s <\/em><em>guardons de l\u2019institut, no sols en el terreny esportiu sin\u00f3 tamb\u00e9 en l\u2019intel\u00b7lectual i en <\/em><em>l\u2019espiritual. Totes les vostres fam\u00edlies, la nostra ben estimada ciutat de Granollers i <\/em><em>Catalunya en s\u00f3n i en seran les benefici\u00e0ries.<\/em><br \/>\n<strong><em>Dr. Carles Vallbona<\/em><\/strong><br \/>\n<strong><em>Soci honor\u00edfic AE Carles Vallbona<\/em><\/strong><\/td>\n<\/tr>\n<\/tbody>\n<\/table>\n<p>&nbsp;<\/p>\n<h5><span style=\"color: #ff0000;\"><strong>Projecte SCOUT<\/strong><\/span><\/h5>\n<div>\n<p style=\"text-align: justify;\"><strong>Sports clubs opening up to all girls participation\u00a0(SCOUT)<\/strong>\u00a0\u00e9s un projecte Erasmus + que t\u00e9 com a objectiu dissenyar, provar i avaluar un nou programa esportiu adre\u00e7at a noies d\u2019entre 8 i 12 anys en risc d\u2019exclusi\u00f3 social o en situaci\u00f3 de vulnerabilitat, que els faciliti acc\u00e9s i oportunitats de participar en activitats esportives organitzades i de continuar involucrades dins els clubs.<\/p>\n<p style=\"text-align: justify;\">SCOUT el lidera l\u2019Associaci\u00f3 Esportiva Carles Vallbona i compta amb la\u00a0participaci\u00f3 com a s\u00f2cia de la UVic-UCC, liderada per Gil Pla Campas, investigador del\u00a0grup de recerca en Educaci\u00f3 F\u00edsica\u00a0(GREF); de\u00a0la Scuola di Pallavolo Anderlini Societa Cooperativa Sociale Sportiva Dilettantistica, d\u2019It\u00e0lia; d\u2019Istres Provence Volley, de Fran\u00e7a, i de l\u2019ONG Athletes Inspire Children, d\u2019Alemanya. El programa pilot s\u2019implementar\u00e0 en els tres clubs esportius partners del projecte AE Carles Vallbona, Istres Provence Volley i SP Anferlini.<\/p>\n<\/div>\n<p><a href=\"https:\/\/agora.xtec.cat\/ies-carles-vallbona\/wp-content\/uploads\/usu2364\/2023\/01\/scout.png\"><img loading=\"lazy\" decoding=\"async\" class=\"size-full wp-image-738 aligncenter\" src=\"https:\/\/agora.xtec.cat\/ies-carles-vallbona\/wp-content\/uploads\/usu2364\/2023\/01\/scout.png\" alt=\"\" width=\"540\" height=\"155\" srcset=\"https:\/\/agora.xtec.cat\/ies-carles-vallbona\/wp-content\/uploads\/usu2364\/2023\/01\/scout.png 540w, https:\/\/agora.xtec.cat\/ies-carles-vallbona\/wp-content\/uploads\/usu2364\/2023\/01\/scout-300x86.png 300w\" sizes=\"auto, (max-width: 540px) 100vw, 540px\" \/><\/a><\/p>\n","protected":false},"excerpt":{"rendered":"<p>Associaci\u00f3 esportiva L\u2019Associaci\u00f3 Esportiva Carles Vallbona va ser creada al curs 1997\/98. El club fa anys que aposta fort a l\u2019hora de dedicar recursos i bons professionals a tots els equips de v\u00f2lei. En aquest espai podreu trobar tot all\u00f2 referent a l&#8217;Associaci\u00f3 Esportiva Carles Vallbona, a m\u00e9s de les fotografies que anirem penjant als [&hellip;]<\/p>\n","protected":false},"author":1,"featured_media":0,"parent":0,"menu_order":0,"comment_status":"closed","ping_status":"closed","template":"","meta":{"_bbp_topic_count":0,"_bbp_reply_count":0,"_bbp_total_topic_count":0,"_bbp_total_reply_count":0,"_bbp_voice_count":0,"_bbp_anonymous_reply_count":0,"_bbp_topic_count_hidden":0,"_bbp_reply_count_hidden":0,"_bbp_forum_subforum_count":0,"site-sidebar-layout":"default","site-content-layout":"","ast-site-content-layout":"","site-content-style":"default","site-sidebar-style":"default","ast-global-header-display":"","ast-banner-title-visibility":"","ast-main-header-display":"","ast-hfb-above-header-display":"","ast-hfb-below-header-display":"","ast-hfb-mobile-header-display":"","site-post-title":"","ast-breadcrumbs-content":"","ast-featured-img":"","footer-sml-layout":"","theme-transparent-header-meta":"","adv-header-id-meta":"","stick-header-meta":"","header-above-stick-meta":"","header-main-stick-meta":"","header-below-stick-meta":"","astra-migrate-meta-layouts":"default","ast-page-background-enabled":"default","ast-page-background-meta":{"desktop":{"background-color":"var(--ast-global-color-4)","background-image":"","background-repeat":"repeat","background-position":"center center","background-size":"auto","background-attachment":"scroll","background-type":"","background-media":"","overlay-type":"","overlay-color":"","overlay-opacity":"","overlay-gradient":""},"tablet":{"background-color":"","background-image":"","background-repeat":"repeat","background-position":"center center","background-size":"auto","background-attachment":"scroll","background-type":"","background-media":"","overlay-type":"","overlay-color":"","overlay-opacity":"","overlay-gradient":""},"mobile":{"background-color":"","background-image":"","background-repeat":"repeat","background-position":"center center","background-size":"auto","background-attachment":"scroll","background-type":"","background-media":"","overlay-type":"","overlay-color":"","overlay-opacity":"","overlay-gradient":""}},"ast-content-background-meta":{"desktop":{"background-color":"var(--ast-global-color-5)","background-image":"","background-repeat":"repeat","background-position":"center center","background-size":"auto","background-attachment":"scroll","background-type":"","background-media":"","overlay-type":"","overlay-color":"","overlay-opacity":"","overlay-gradient":""},"tablet":{"background-color":"var(--ast-global-color-5)","background-image":"","background-repeat":"repeat","background-position":"center center","background-size":"auto","background-attachment":"scroll","background-type":"","background-media":"","overlay-type":"","overlay-color":"","overlay-opacity":"","overlay-gradient":""},"mobile":{"background-color":"var(--ast-global-color-5)","background-image":"","background-repeat":"repeat","background-position":"center center","background-size":"auto","background-attachment":"scroll","background-type":"","background-media":"","overlay-type":"","overlay-color":"","overlay-opacity":"","overlay-gradient":""}},"footnotes":""},"class_list":["post-872","page","type-page","status-publish","hentry"],"post_mailing_queue_ids":[],"_links":{"self":[{"href":"https:\/\/agora.xtec.cat\/ies-carles-vallbona\/wp-json\/wp\/v2\/pages\/872","targetHints":{"allow":["GET"]}}],"collection":[{"href":"https:\/\/agora.xtec.cat\/ies-carles-vallbona\/wp-json\/wp\/v2\/pages"}],"about":[{"href":"https:\/\/agora.xtec.cat\/ies-carles-vallbona\/wp-json\/wp\/v2\/types\/page"}],"author":[{"embeddable":true,"href":"https:\/\/agora.xtec.cat\/ies-carles-vallbona\/wp-json\/wp\/v2\/users\/1"}],"replies":[{"embeddable":true,"href":"https:\/\/agora.xtec.cat\/ies-carles-vallbona\/wp-json\/wp\/v2\/comments?post=872"}],"version-history":[{"count":3,"href":"https:\/\/agora.xtec.cat\/ies-carles-vallbona\/wp-json\/wp\/v2\/pages\/872\/revisions"}],"predecessor-version":[{"id":1391,"href":"https:\/\/agora.xtec.cat\/ies-carles-vallbona\/wp-json\/wp\/v2\/pages\/872\/revisions\/1391"}],"wp:attachment":[{"href":"https:\/\/agora.xtec.cat\/ies-carles-vallbona\/wp-json\/wp\/v2\/media?parent=872"}],"curies":[{"name":"wp","href":"https:\/\/api.w.org\/{rel}","templated":true}]}}