{"id":667,"date":"2023-01-25T19:46:00","date_gmt":"2023-01-25T18:46:00","guid":{"rendered":"https:\/\/agora.xtec.cat\/ies-carles-vallbona\/?page_id=667"},"modified":"2023-12-08T14:52:05","modified_gmt":"2023-12-08T13:52:05","slug":"treball-de-recerca","status":"publish","type":"page","link":"https:\/\/agora.xtec.cat\/ies-carles-vallbona\/treball-de-recerca\/","title":{"rendered":"Treball de Recerca"},"content":{"rendered":"<table style=\"width: 100%; border-collapse: collapse; border-style: hidden;\">\n<tbody>\n<tr>\n<td style=\"width: 28.1924%;\"><a href=\"https:\/\/sites.google.com\/iescarlesvallbona.cat\/web-recerca\/presentaci%C3%B3\"><img loading=\"lazy\" decoding=\"async\" class=\"alignleft wp-image-1013\" src=\"https:\/\/agora.xtec.cat\/ies-carles-vallbona\/wp-content\/uploads\/usu2364\/2023\/02\/TR.png\" alt=\"\" width=\"301\" height=\"300\" srcset=\"https:\/\/agora.xtec.cat\/ies-carles-vallbona\/wp-content\/uploads\/usu2364\/2023\/02\/TR.png 573w, https:\/\/agora.xtec.cat\/ies-carles-vallbona\/wp-content\/uploads\/usu2364\/2023\/02\/TR-300x300.png 300w, https:\/\/agora.xtec.cat\/ies-carles-vallbona\/wp-content\/uploads\/usu2364\/2023\/02\/TR-150x150.png 150w\" sizes=\"auto, (max-width: 301px) 100vw, 301px\" \/><\/a><\/td>\n<td style=\"width: 71.8076%; border-style: hidden;\">\n<p style=\"text-align: justify;\">El\u00a0<strong>treball de recerca<\/strong>\u00a0\u00e9s un conjunt d&#8217;activitats estructurades i orientades a la investigaci\u00f3 que realitza tot l&#8217;alumnat de batxillerat amb l&#8217;orientaci\u00f3 i seguiment del professorat, per tal de consolidar la compet\u00e8ncia en recerca. Es pot emmarcar dins un \u00e0mbit disciplinari, o pot ser interdisciplinari o transversal.<\/p>\n<p style=\"text-align: justify;\">La dedicaci\u00f3 hor\u00e0ria de l&#8217;alumnat \u00e9s de 70 hores aproximadament i, de forma habitual, es realitza entre mitjans del primer curs i inicis del segon curs del batxillerat.<\/p>\n<p>L\u2019alumnat pot proposar el seu tema de recerca o pot escollir un dels proposats per cada departament. Cada alumne est\u00e0 tutoritzat de manera individual o per parelles per un docent del centre. El primer trimestre de 1r de batxillerat s&#8217;expliquen les eines i estrat\u00e8gies que poden fer servir per l&#8217;elaboraci\u00f3 del treball.<\/p>\n<p>Podeu trobar tota la informaci\u00f3 sobre el treball de recerca a la nostra p\u00e0gina web <a href=\"https:\/\/sites.google.com\/iescarlesvallbona.cat\/web-recerca\/presentaci%C3%B3\"><strong><span style=\"color: #ff0000;\">p\u00e0gina web del Treball de Recerca<\/span><\/strong><\/a><\/p>\n<p>&nbsp;<\/td>\n<\/tr>\n<\/tbody>\n<\/table>\n<p>&nbsp;<\/p>\n<p><strong>Dates d&#8217;entrega dels treballs de recerca 23-24<\/strong><\/p>\n<p dir=\"ltr\">Lliurament de l&#8217;INFORME DEFINITIU per revisi\u00f3\u00a0 \u00a0 \u00a0 \u00a0 \u00a0 \u00a0 \u00a0 \u00a0 \u00a0 \u00a0 \u00a0 \u00a0 \u00a0 \u00a0 \u00a0 \u00a0 \u00a0 \u00a0 \u00a0 \u00a0 \u00a0 \u00a0 \u00a0 \u00a0 \u00a0 3r TRIM &#8211; 1r BATX. &#8211; 28 ABRIL<\/p>\n<p dir=\"ltr\">Retorn de l&#8217;INFORME DEFINITIU i COMEN\u00c7AMENT del TR pr\u00f2piament dit \u00a0 \u00a0 \u00a0 3r TRIM &#8211; 1r BATX. &#8211; 5 MAIG<\/p>\n<p dir=\"ltr\">Entrega d&#8217;un ESBORRANY de la part te\u00f2rica i PRESENTACI\u00d3 de la part pr\u00e0ctica\/experimental \u00a0 \u00a0 \u00a0 3r TRIM &#8211; 1r BATX. &#8211; 23 JUNY<\/p>\n<p dir=\"ltr\">Devoluci\u00f3 o enviament de l&#8217;esborrany corregit (PART TE\u00d2RICA) \u00a0 \u00a0 \u00a0 \u00a0 \u00a0 \u00a0 \u00a0 \u00a0 \u00a0 \u00a0 \u00a0 \u00a0 3r TRIM &#8211; 1r BATX. &#8211; 30 JUNY<\/p>\n<p dir=\"ltr\">Desenvolupament de la part pr\u00e0ctica \u00a0 \u00a0 \u00a0 \u00a0 \u00a0 \u00a0 \u00a0 \u00a0 \u00a0 \u00a0 \u00a0 \u00a0 \u00a0 \u00a0 \u00a0 \u00a0 \u00a0 \u00a0 \u00a0 \u00a0 \u00a0 \u00a0 \u00a0 \u00a0 \u00a0 \u00a0 \u00a0 \u00a0 \u00a0 \u00a0 \u00a0 \u00a0 \u00a0 \u00a0 ESTIU<\/p>\n<p dir=\"ltr\">Entrega de l&#8217;ESBORRANY del TR per a la seva revisi\u00f3 \u00a0 \u00a0 \u00a0 \u00a0 \u00a0 \u00a0 \u00a0 \u00a0 \u00a0 \u00a0 \u00a0 \u00a0 \u00a0 \u00a0 \u00a0 \u00a0 \u00a0 \u00a0 \u00a0 \u00a0 1r TRIM &#8211; 2n BATX. &#8211;\u00a0 27 OCTUBRE<\/p>\n<p dir=\"ltr\">Lliurament de l\u2019ORIGINAL enquadernat del TR a oficines (per registre d&#8217;entrada)<br \/>\ni una c\u00f2pia digital (PDF) al correu del\/de la tutor\/a \u00a0 \u00a0 \u00a0 \u00a0 \u00a0 \u00a0 \u00a0 \u00a0 \u00a0 \u00a0 \u00a0 \u00a0 \u00a0 \u00a0 \u00a0 \u00a0 \u00a0 \u00a0 \u00a0 \u00a0 \u00a0 \u00a0 \u00a0 \u00a0 1r TRIM &#8211; 2n BATX. &#8211;\u00a0 4 DESEMBRE<\/p>\n<p>Presentaci\u00f3 EXPOSICI\u00d3 oral\u00a0 \u00a0 \u00a0 \u00a0 \u00a0 \u00a0 \u00a0 \u00a0 \u00a0 \u00a0 \u00a0 \u00a0 \u00a0 \u00a0 \u00a0 \u00a0 \u00a0 \u00a0 \u00a0 \u00a0 \u00a0 \u00a0 \u00a0 \u00a0 \u00a0 \u00a0 \u00a0 \u00a0 \u00a0 \u00a0 \u00a0 \u00a0 \u00a0 \u00a0 \u00a0 \u00a0 \u00a0 \u00a0 \u00a0 \u00a0 \u00a0 2n TRIM &#8211; 2n BATX. &#8211; 18\/19 DESEMBRE<br \/>\n&#8212;&#8212;&#8212;&#8212;&#8212;<br \/>\nRECUPERACI\u00d3 TREBALL DE RECERCA\u00a0 \u00a0 \u00a0 \u00a0 \u00a0 \u00a0 \u00a0 \u00a0 \u00a0 \u00a0 \u00a0 \u00a0 \u00a0 \u00a0 \u00a0 \u00a0 \u00a0 \u00a0 \u00a0 \u00a0 \u00a0 \u00a0 \u00a0 \u00a0 \u00a0 \u00a0 \u00a0 \u00a0 \u00a0 \u00a0 2n TRIM &#8211; 2n BATX. &#8211; ABRIL<\/p>\n<p>&nbsp;<\/p>\n<p><strong>Premis, certamens i concursos:<\/strong><\/p>\n<p>Es potencia la incorporaci\u00f3 a programes com &#8220;<i><b>Joves i Ci\u00e8ncia<\/b><\/i>&#8220;, &#8220;<b><i>Bojos per&#8230;<\/i><\/b>&#8220;, &#8220;<i><b>Programa ARG\u00d3<\/b><\/i>&#8220;, <strong>&#8220;J\u00f3venes Investigadores&#8221;, &#8220;Exporecerca&#8221;<\/strong> o &#8220;<b><i>Batx2Lab<\/i><\/b>&#8221; que aposten tamb\u00e9 per una excel\u00b7l\u00e8ncia en la metodologia cient\u00edfica.<\/p>\n<p>En aquest <a href=\"https:\/\/sites.google.com\/d\/1vqP5VtzIBW8Ik_DV9tlLZA9if06JW1Ls\/p\/1JMWEsVIb_ZpfEkbBvbxG21WltfdL3Ha3\/edit\"><span style=\"color: #ff0000;\">enlla\u00e7<\/span><\/a> hi trobareu recollides totes aquestes participacions i\/o reconeixements, en format de not\u00edcia, que el nostre alumnat ha tingut al llarg dels anys com a un petit homenatge de la feina ben feta.<\/p>\n<p>Alguns treballs premiats en generacions anteriors:<\/p>\n<table style=\"height: 128px; width: 100%; border-collapse: collapse; border-color: #000000; border-style: solid;\">\n<tbody>\n<tr style=\"height: 32px;\">\n<td style=\"width: 15.0083%; height: 32px;\">Karen Roiz<\/td>\n<td style=\"width: 51.6584%; height: 32px;\"><strong>Entre mussols, capes i municions: una fam\u00edlia, dos b\u00e0ndols&#8221;. La guerra civil a Bejes (Cantabria)<\/strong><\/td>\n<td style=\"width: 33.3333%; height: 32px;\">Tercer premi al Certamen de J\u00f3venes Investigadores 2020<\/td>\n<\/tr>\n<tr style=\"height: 32px;\">\n<td style=\"width: 15.0083%; height: 32px;\">J\u00falia Garcia<\/td>\n<td style=\"width: 51.6584%; height: 32px;\"><strong>Anatomia i fisiologia de l\u2019escoliosi: visi\u00f3 multidisciplinar d\u2019un cas real<\/strong><\/td>\n<td style=\"width: 33.3333%; height: 32px;\">Participaci\u00f3 a l&#8217;Exporecerca Jove 2022<\/td>\n<\/tr>\n<tr style=\"height: 32px;\">\n<td style=\"width: 15.0083%; height: 32px;\">Nerea Duran<\/td>\n<td style=\"width: 51.6584%; height: 32px;\"><strong>Matem\u00e0tiques i evoluci\u00f3 humana: an\u00e0lisi craneom\u00e9trico, maxil\u00b7lar i dental utilitzant GeoGebra<\/strong><\/td>\n<td style=\"width: 33.3333%; height: 32px;\">Menci\u00f3 d&#8217;honor Ciencia en Acci\u00f3n 2020<\/td>\n<\/tr>\n<tr style=\"height: 32px;\">\n<td style=\"width: 15.0083%; height: 32px;\">Carla Castells, Magali Sedano i Martina Rosique<\/td>\n<td style=\"width: 51.6584%; height: 32px;\"><strong>Antibi\u00f2tics naturals vs artificials: com actuen davant els microorganismes?<\/strong><\/td>\n<td style=\"width: 33.3333%; height: 32px;\">Menci\u00f3 d&#8217;honor Ciencia en Acci\u00f3n 2020<\/td>\n<\/tr>\n<\/tbody>\n<\/table>\n<p><em>Tutoritzats per Ivan Nadal.<\/em><\/p>\n<table style=\"width: 100%; border-collapse: collapse; border-style: hidden;\">\n<tbody>\n<tr>\n<td style=\"width: 33.3333%;\"><img loading=\"lazy\" decoding=\"async\" class=\"size-full wp-image-1116 aligncenter\" src=\"https:\/\/agora.xtec.cat\/ies-carles-vallbona\/wp-content\/uploads\/usu2364\/2023\/02\/karen.png\" alt=\"\" width=\"260\" height=\"192\" \/><\/td>\n<td style=\"width: 33.3333%;\"><img loading=\"lazy\" decoding=\"async\" class=\"wp-image-1118 aligncenter\" src=\"https:\/\/agora.xtec.cat\/ies-carles-vallbona\/wp-content\/uploads\/usu2364\/2023\/02\/julia-e1675886437697.jpg\" alt=\"\" width=\"208\" height=\"266\" srcset=\"https:\/\/agora.xtec.cat\/ies-carles-vallbona\/wp-content\/uploads\/usu2364\/2023\/02\/julia-e1675886437697.jpg 480w, https:\/\/agora.xtec.cat\/ies-carles-vallbona\/wp-content\/uploads\/usu2364\/2023\/02\/julia-e1675886437697-235x300.jpg 235w\" sizes=\"auto, (max-width: 208px) 100vw, 208px\" \/><\/td>\n<td style=\"width: 33.3333%;\"><img loading=\"lazy\" decoding=\"async\" class=\"wp-image-1117 aligncenter\" src=\"https:\/\/agora.xtec.cat\/ies-carles-vallbona\/wp-content\/uploads\/usu2364\/2023\/02\/treballsciencia204.jpg\" alt=\"\" width=\"261\" height=\"196\" srcset=\"https:\/\/agora.xtec.cat\/ies-carles-vallbona\/wp-content\/uploads\/usu2364\/2023\/02\/treballsciencia204.jpg 400w, https:\/\/agora.xtec.cat\/ies-carles-vallbona\/wp-content\/uploads\/usu2364\/2023\/02\/treballsciencia204-300x225.jpg 300w, https:\/\/agora.xtec.cat\/ies-carles-vallbona\/wp-content\/uploads\/usu2364\/2023\/02\/treballsciencia204-200x150.jpg 200w\" sizes=\"auto, (max-width: 261px) 100vw, 261px\" \/><\/td>\n<\/tr>\n<\/tbody>\n<\/table>\n<p>Treballs de recerca presentats en edicions anteriors tant d&#8217;alumnes d&#8217;ESO com de Batxillerat:<\/p>\n<ul>\n<li><b><i>Aig\u00fces embotellades: estudi de la seva composici\u00f3 qu\u00edmica i la seva relaci\u00f3 amb la geologia del\u00a0<\/i><\/b><b><i>terreny d\u2019origen. Creaci\u00f3 d\u2019una app per usuaris d\u2019aquestes aig\u00fces<\/i><\/b>\u00a0&#8211; Autores: Marina Navarro i Mara S\u00e1nchez. Curs: 2n ESO &#8211;\u00a0<b><a href=\"https:\/\/drive.google.com\/file\/d\/19hMBcfQr9qknBpZ5ed-nTCwT6fwQ88ar\/view?usp=sharing\" target=\"_blank\" rel=\"noopener\">V\u00cdDEO<\/a><\/b>\u00a0\/\u00a0<b><a href=\"https:\/\/drive.google.com\/file\/d\/1OGGnQLLcYaZ-ECySW5qf4vIcoLXALVaf\/view?usp=sharing\" target=\"_blank\" rel=\"noopener\">INFORME<\/a><\/b>.<\/li>\n<\/ul>\n<ul>\n<li><b><i>Disseny i creaci\u00f3 d\u2019una balan\u00e7a que funciona amb aigua<\/i><\/b>\u00a0&#8211;\u00a0Autores:\u00a0V\u00edctor Cerd\u00e1n, Aitor Castro i Gabriel Samper. Curs: 2n ESO &#8211;\u00a0<b><a href=\"https:\/\/drive.google.com\/file\/d\/1t7ey4pXTIRleQIe4wD9I80UBE7yDydC_\/view?usp=sharing\" target=\"_blank\" rel=\"noopener\">V\u00cdDEO<\/a><\/b>\u00a0\/\u00a0<b><a href=\"https:\/\/drive.google.com\/file\/d\/1CLFd-YbhLxohpDgvq3nqBUFsvbNO1dxT\/view?usp=sharing\" target=\"_blank\" rel=\"noopener\">INFORME<\/a><\/b>.<\/li>\n<\/ul>\n<ul>\n<li><b><i>Hi havia una vegada&#8230; una hist\u00f2ria enverinada:\u00a0<\/i><\/b><i><b>An\u00e0lisi del conte original de la\u00a0<\/b><b>Blancaneus<\/b><b>\u00a0i les seves adaptacions<\/b><\/i>\u00a0&#8211; Autor:\u00a0<b><i>Xavier Caballero. Curs: 2n Batxillerat &#8211;\u00a0V\u00cdDEO\u00a0\/\u00a0<a href=\"https:\/\/drive.google.com\/file\/d\/1tKYJmsLEe4JZ1hNK-hhGrBbiDd_8w-s_\/view?usp=sharing\" target=\"_blank\" rel=\"noopener\">INFORME<\/a>.\u00a0<\/i><\/b><\/li>\n<\/ul>\n<ul>\n<li><b><i>La ll\u00fadriga ha tornat! Estudi de l\u2019evoluci\u00f3 de les ll\u00fadrigues al riu Congost i del seu comportament en\u00a0<\/i><\/b><b><i>captiveri<\/i><\/b>\u00a0&#8211; Autor: Jordi Granero. Curs: 2n Batxillerat &#8211;\u00a0<b>V\u00cdDEO<\/b>\u00a0\/\u00a0<b><a href=\"https:\/\/drive.google.com\/file\/d\/1mRmGBvei6IWlTLLVq7riOpmy-iHH4hNq\/view?usp=sharing\" target=\"_blank\" rel=\"noopener\">INFORME<\/a><\/b>.<\/li>\n<\/ul>\n<ul>\n<li><b><i>Projecte PODI (Prehist\u00f2ria Oberta, Diversa i Inclusiva). L\u2019evoluci\u00f3 humana com a punt de partida per a\u00a0<\/i><\/b><b><i>con\u00e8ixer-se a un mateix i a la nostra societat<\/i><\/b>\u00a0&#8211; Autora: Nerea Duran. Curs: 2n Batxillerat &#8211;\u00a0<b><a href=\"https:\/\/drive.google.com\/file\/d\/19DOUCNLRLgCePkG_l5mRFLk3ylESbt8M\/view?usp=sharing\" target=\"_blank\" rel=\"noopener\">V\u00cdDEO<\/a>\u00a0<\/b>\/\u00a0<b><a href=\"https:\/\/drive.google.com\/file\/d\/10gBa22mtZWqseVy8hxCG4OrL0DKB6rSd\/view?usp=sharing\" target=\"_blank\" rel=\"noopener\">INFORME<\/a><\/b>.<\/li>\n<\/ul>\n<ul>\n<li><i><b>Estudi de la resist\u00e8ncia bacteriana envers els antibi\u00f2tics: an\u00e0lisi i comparaci\u00f3 de la resist\u00e8ncia bacteriana amb antibi\u00f2tics sint\u00e8tics i naturals<\/b><\/i>\u00a0&#8211; Autores: Carla Castells, Martina Rosique i Magali Sedano. Curs: 2n Batxillerat &#8211;\u00a0<a href=\"https:\/\/drive.google.com\/file\/d\/1a8c40Ouidoow32u9Ptl-tOzn9e7BNOE1\/view?usp=sharing\" target=\"_blank\" rel=\"noopener\">INFORME<\/a>\u00a0\/\u00a0<b><a href=\"https:\/\/drive.google.com\/file\/d\/1hy9Ew-GcezUPFMW0hIPdftbelYOBq9HA\/view?usp=sharing\" target=\"_blank\" rel=\"noopener\">PRESENTACI\u00d3<\/a><\/b>.<\/li>\n<\/ul>\n<ul>\n<li><b><i>El m\u00f3n del ciclisme de competici\u00f3: estudi i an\u00e0lisi de diferents par\u00e0metres relacionats amb el\/la ciclista<\/i><\/b>\u00a0&#8211; Autora: Sandra Artigas. Curs: 2n Batxillerat &#8211;\u00a0<b>INFORME\u00a0<\/b>\/\u00a0<b><a href=\"https:\/\/drive.google.com\/file\/d\/1Q3SjAUHfBiTVCDj4kz01mqUFkrXhqtiC\/view?usp=sharing\" target=\"_blank\" rel=\"noopener\">PRESENTACI\u00d3<\/a><\/b>.<\/li>\n<\/ul>\n<ul>\n<li><b><i>Alzheimer: estudi i an\u00e0lisi de diferents par\u00e0metres relacionats amb el cervell hum\u00e0 i\u00a0l&#8217;Alzheimer<\/i><\/b> &#8211; Autor: Marc Gordi. Curs: 2n Batxillerat &#8211; <b>INFORME\u00a0<\/b>\/\u00a0<b><a href=\"https:\/\/drive.google.com\/file\/d\/1nEw2vPbhFWfd9v-X-VyV1pC0wvDHyTx1\/view?usp=sharing\" target=\"_blank\" rel=\"noopener\">PRESENTACI\u00d3<\/a><\/b>.<\/li>\n<\/ul>\n<ul>\n<li><b><i>La depressi\u00f3 a trav\u00e9s de la pr\u00f2pia experi\u00e8ncia: s\u00f3c culpable? Per qu\u00e8 em sento aix\u00ed? Per qu\u00e8 jo? Realment el qu\u00e8 sento \u00e9s real?<\/i><\/b>\u00a0&#8211; Autora: Laia Arredondo. Curs: 2n Batxillerat &#8211;\u00a0<b>INFORME\u00a0<\/b>\/\u00a0<b><a href=\"https:\/\/drive.google.com\/file\/d\/1iR1Gp2wqTueu1DOeSQZjSjdM17rtyS4M\/view?usp=sharing\" target=\"_blank\" rel=\"noopener\">PRESENTACI\u00d3<\/a><\/b>.<\/li>\n<\/ul>\n<ul>\n<li><b><i>Un viatge per la ment de l&#8217;assass\u00ed: estudi i an\u00e0lisi dels diferents tipus d&#8217;assassins i els seus comportaments<\/i><\/b>\u00a0&#8211; Autora: Alicia Zambrano. Curs: 2n Batxillerat &#8211;\u00a0<b>INFORME\u00a0<\/b>\/\u00a0<b><a href=\"https:\/\/drive.google.com\/file\/d\/11TejI8uptPQpcamkk1t7-GNd4lwRg9tR\/view?usp=sharing\" target=\"_blank\" rel=\"noopener\">PRESENTACI\u00d3<\/a><\/b>.<\/li>\n<\/ul>\n","protected":false},"excerpt":{"rendered":"<p>El\u00a0treball de recerca\u00a0\u00e9s un conjunt d&#8217;activitats estructurades i orientades a la investigaci\u00f3 que realitza tot l&#8217;alumnat de batxillerat amb l&#8217;orientaci\u00f3 i seguiment del professorat, per tal de consolidar la compet\u00e8ncia en recerca. Es pot emmarcar dins un \u00e0mbit disciplinari, o pot ser interdisciplinari o transversal. La dedicaci\u00f3 hor\u00e0ria de l&#8217;alumnat \u00e9s de 70 hores aproximadament [&hellip;]<\/p>\n","protected":false},"author":1,"featured_media":0,"parent":0,"menu_order":0,"comment_status":"closed","ping_status":"closed","template":"","meta":{"_bbp_topic_count":0,"_bbp_reply_count":0,"_bbp_total_topic_count":0,"_bbp_total_reply_count":0,"_bbp_voice_count":0,"_bbp_anonymous_reply_count":0,"_bbp_topic_count_hidden":0,"_bbp_reply_count_hidden":0,"_bbp_forum_subforum_count":0,"site-sidebar-layout":"default","site-content-layout":"","ast-site-content-layout":"","site-content-style":"default","site-sidebar-style":"default","ast-global-header-display":"","ast-banner-title-visibility":"","ast-main-header-display":"","ast-hfb-above-header-display":"","ast-hfb-below-header-display":"","ast-hfb-mobile-header-display":"","site-post-title":"","ast-breadcrumbs-content":"","ast-featured-img":"","footer-sml-layout":"","theme-transparent-header-meta":"","adv-header-id-meta":"","stick-header-meta":"","header-above-stick-meta":"","header-main-stick-meta":"","header-below-stick-meta":"","astra-migrate-meta-layouts":"default","ast-page-background-enabled":"default","ast-page-background-meta":{"desktop":{"background-color":"var(--ast-global-color-4)","background-image":"","background-repeat":"repeat","background-position":"center center","background-size":"auto","background-attachment":"scroll","background-type":"","background-media":"","overlay-type":"","overlay-color":"","overlay-opacity":"","overlay-gradient":""},"tablet":{"background-color":"","background-image":"","background-repeat":"repeat","background-position":"center center","background-size":"auto","background-attachment":"scroll","background-type":"","background-media":"","overlay-type":"","overlay-color":"","overlay-opacity":"","overlay-gradient":""},"mobile":{"background-color":"","background-image":"","background-repeat":"repeat","background-position":"center center","background-size":"auto","background-attachment":"scroll","background-type":"","background-media":"","overlay-type":"","overlay-color":"","overlay-opacity":"","overlay-gradient":""}},"ast-content-background-meta":{"desktop":{"background-color":"var(--ast-global-color-5)","background-image":"","background-repeat":"repeat","background-position":"center center","background-size":"auto","background-attachment":"scroll","background-type":"","background-media":"","overlay-type":"","overlay-color":"","overlay-opacity":"","overlay-gradient":""},"tablet":{"background-color":"var(--ast-global-color-5)","background-image":"","background-repeat":"repeat","background-position":"center center","background-size":"auto","background-attachment":"scroll","background-type":"","background-media":"","overlay-type":"","overlay-color":"","overlay-opacity":"","overlay-gradient":""},"mobile":{"background-color":"var(--ast-global-color-5)","background-image":"","background-repeat":"repeat","background-position":"center center","background-size":"auto","background-attachment":"scroll","background-type":"","background-media":"","overlay-type":"","overlay-color":"","overlay-opacity":"","overlay-gradient":""}},"footnotes":""},"class_list":["post-667","page","type-page","status-publish","hentry"],"post_mailing_queue_ids":[],"_links":{"self":[{"href":"https:\/\/agora.xtec.cat\/ies-carles-vallbona\/wp-json\/wp\/v2\/pages\/667","targetHints":{"allow":["GET"]}}],"collection":[{"href":"https:\/\/agora.xtec.cat\/ies-carles-vallbona\/wp-json\/wp\/v2\/pages"}],"about":[{"href":"https:\/\/agora.xtec.cat\/ies-carles-vallbona\/wp-json\/wp\/v2\/types\/page"}],"author":[{"embeddable":true,"href":"https:\/\/agora.xtec.cat\/ies-carles-vallbona\/wp-json\/wp\/v2\/users\/1"}],"replies":[{"embeddable":true,"href":"https:\/\/agora.xtec.cat\/ies-carles-vallbona\/wp-json\/wp\/v2\/comments?post=667"}],"version-history":[{"count":6,"href":"https:\/\/agora.xtec.cat\/ies-carles-vallbona\/wp-json\/wp\/v2\/pages\/667\/revisions"}],"predecessor-version":[{"id":2888,"href":"https:\/\/agora.xtec.cat\/ies-carles-vallbona\/wp-json\/wp\/v2\/pages\/667\/revisions\/2888"}],"wp:attachment":[{"href":"https:\/\/agora.xtec.cat\/ies-carles-vallbona\/wp-json\/wp\/v2\/media?parent=667"}],"curies":[{"name":"wp","href":"https:\/\/api.w.org\/{rel}","templated":true}]}}