{"id":3098,"date":"2024-02-26T18:11:46","date_gmt":"2024-02-26T17:11:46","guid":{"rendered":"https:\/\/agora.xtec.cat\/ies-carles-vallbona\/?page_id=3098"},"modified":"2026-04-08T12:09:32","modified_gmt":"2026-04-08T10:09:32","slug":"preinscripcio-24-25-batxillerat","status":"publish","type":"page","link":"https:\/\/agora.xtec.cat\/ies-carles-vallbona\/preinscripcio-24-25-batxillerat\/","title":{"rendered":"Preinscripci\u00f3 26\/27 Batxillerat"},"content":{"rendered":"<h5>INFORMACI\u00d3 GENERAL:<\/h5>\n<p>Tota la informaci\u00f3 del proc\u00e9s de preinscripci\u00f3 i matr\u00edcula la trobareu a la p\u00e0gina web del <a href=\"https:\/\/preinscripcio.gencat.cat\/ca\/estudis\/batxillerat\/inici\/\"><span style=\"color: #ff0000;\">Departament d&#8217;Educaci\u00f3<\/span><\/a><\/p>\n<table style=\"width: 50.1367%; border-collapse: collapse; border-color: #000000; border-style: solid; height: 96px;\">\n<tbody>\n<tr style=\"height: 32px;\">\n<td style=\"width: 129.823%; background-color: #bd3131; border-style: solid; border-color: #000000; height: 32px;\" colspan=\"2\"><span style=\"color: #ffffff;\"><strong>Places vacants<\/strong><\/span><\/td>\n<\/tr>\n<tr style=\"height: 32px;\">\n<td style=\"width: 52.9472%; text-align: center; border-style: solid; border-color: #000000; height: 32px;\"><strong>1r BAT<\/strong><\/td>\n<td style=\"width: 76.8761%; text-align: center; border-style: solid; border-color: #000000; height: 32px;\"><strong>2n BAT<\/strong><\/td>\n<\/tr>\n<tr style=\"height: 32px;\">\n<td style=\"width: 52.9472%; text-align: center; border-style: solid; border-color: #000000; height: 32px;\">40<\/td>\n<td style=\"width: 76.8761%; text-align: center; border-style: solid; border-color: #000000; height: 32px;\">0<\/td>\n<\/tr>\n<\/tbody>\n<\/table>\n<table style=\"border-style: solid; width: 49.9313%; height: 412px;\">\n<tbody>\n<tr style=\"height: 33px;\">\n<td style=\"border-style: solid; border-color: #000000; background-color: #bd3131; width: 114.865%; height: 33px;\" colspan=\"2\"><span style=\"color: #ffffff;\"><strong>CALENDARI\u00a0<\/strong><\/span><\/td>\n<\/tr>\n<tr style=\"height: 33px;\">\n<td style=\"border-style: solid; border-color: #000000; width: 25.3378%; height: 33px;\"><strong>8 abril<\/strong><\/td>\n<td style=\"border-style: solid; border-color: #000000; width: 89.527%; height: 33px;\"><span style=\"color: #ff0000;\"><a style=\"color: #ff0000;\" href=\"https:\/\/agora.xtec.cat\/ies-carles-vallbona\/wp-content\/uploads\/usu2364\/2026\/04\/INFORME_OFERTA_OME_INFORME_OFERTA-1.pdf\"><strong><span style=\"text-decoration: underline;\">\u2705<\/span> <span style=\"text-decoration: underline;\">Oferta inicial de places<\/span><\/strong><\/a><\/span><\/td>\n<\/tr>\n<tr style=\"height: 33px;\">\n<td style=\"border-style: solid; border-color: #000000; width: 25.3378%; height: 33px;\"><strong>9 al 16 abril<\/strong><\/td>\n<td style=\"border-style: solid; border-color: #000000; width: 89.527%; height: 33px;\">\u00a0Presentaci\u00f3 de sol\u00b7licituds &#8211; preinscripci\u00f3<\/td>\n<\/tr>\n<tr style=\"height: 33px;\">\n<td style=\"border-style: solid; border-color: #000000; width: 25.3378%; height: 33px;\"><strong>fins el 17 abril<\/strong><\/td>\n<td style=\"border-style: solid; border-color: #000000; width: 89.527%; height: 33px;\">Presentaci\u00f3 de la documentaci\u00f3.<\/td>\n<\/tr>\n<tr style=\"height: 33px;\">\n<td style=\"border-style: solid; border-color: #000000; width: 25.3378%; height: 33px;\"><strong>14 maig<\/strong><\/td>\n<td style=\"border-style: solid; border-color: #000000; width: 89.527%; height: 33px;\">Llista de sol\u00b7licituds amb puntuaci\u00f3 provisional<\/td>\n<\/tr>\n<tr style=\"height: 33px;\">\n<td style=\"border-style: solid; border-color: #000000; width: 25.3378%; height: 33px;\"><strong>14 al 20 maig<\/strong><\/td>\n<td style=\"border-style: solid; border-color: #000000; width: 89.527%; height: 33px;\">Presentaci\u00f3 de reclamacions.<\/td>\n<\/tr>\n<tr style=\"height: 33px;\">\n<td style=\"border-style: solid; border-color: #000000; width: 25.3378%; height: 33px;\"><strong>26 maig<\/strong><\/td>\n<td style=\"border-style: solid; border-color: #000000; width: 89.527%; height: 33px;\"><span style=\"color: #000000;\">Llista de sol\u00b7licituds amb la puntuaci\u00f3 un cop resoltes les reclamacions<\/span><\/td>\n<\/tr>\n<tr style=\"height: 33px;\">\n<td style=\"border-style: solid; border-color: #000000; width: 25.3378%; height: 33px;\"><strong>26 maig<\/strong><\/td>\n<td style=\"border-style: solid; border-color: #000000; width: 89.527%; height: 33px;\">Sorteig per resoldre les sol\u00b7licituds de preinscripci\u00f3 empatades en punts.<\/td>\n<\/tr>\n<tr style=\"height: 33px;\">\n<td style=\"border-style: solid; border-color: #000000; width: 25.3378%; height: 33px;\"><strong>30 maig<\/strong><\/td>\n<td style=\"border-style: solid; border-color: #000000; width: 89.527%; height: 33px;\"><span style=\"color: #000000;\">Llista ordenada definitiva<\/span><\/td>\n<\/tr>\n<tr style=\"height: 33px;\">\n<td style=\"border-style: solid; border-color: #000000; width: 25.3378%; height: 33px;\"><strong>17 juny<\/strong><\/td>\n<td style=\"border-style: solid; border-color: #000000; width: 89.527%; height: 33px;\">Oferta final de places escolars<\/td>\n<\/tr>\n<tr style=\"height: 49px;\">\n<td style=\"border-style: solid; border-color: #000000; width: 25.3378%; height: 49px;\"><strong>17 juny<\/strong><\/td>\n<td style=\"border-style: solid; border-color: #000000; width: 89.527%; height: 49px;\">Llista d\u2019alumnes admesos<br \/>\nLlista d\u2019espera<br \/>\nLlista preinscrits<\/td>\n<\/tr>\n<tr style=\"height: 33px;\">\n<td style=\"border-style: solid; border-color: #000000; width: 25.3378%; height: 33px;\"><strong>18\u00a0 al 30 de juny<\/strong><\/td>\n<td style=\"border-style: solid; border-color: #000000; width: 89.527%; height: 33px;\">Matriculaci\u00f3 de Batxillerat<br \/>\n<span style=\"color: #ff0000;\"><strong>Rebreu un correu per formalitzar la matr\u00edcula online.<\/strong><\/span><\/td>\n<\/tr>\n<\/tbody>\n<\/table>\n","protected":false},"excerpt":{"rendered":"<p>INFORMACI\u00d3 GENERAL: Tota la informaci\u00f3 del proc\u00e9s de preinscripci\u00f3 i matr\u00edcula la trobareu a la p\u00e0gina web del Departament d&#8217;Educaci\u00f3 Places vacants 1r BAT 2n BAT 40 0 CALENDARI\u00a0 8 abril \u2705 Oferta inicial de places 9 al 16 abril \u00a0Presentaci\u00f3 de sol\u00b7licituds &#8211; preinscripci\u00f3 fins el 17 abril Presentaci\u00f3 de la documentaci\u00f3. 14 maig [&hellip;]<\/p>\n","protected":false},"author":1,"featured_media":0,"parent":0,"menu_order":0,"comment_status":"closed","ping_status":"closed","template":"","meta":{"_bbp_topic_count":0,"_bbp_reply_count":0,"_bbp_total_topic_count":0,"_bbp_total_reply_count":0,"_bbp_voice_count":0,"_bbp_anonymous_reply_count":0,"_bbp_topic_count_hidden":0,"_bbp_reply_count_hidden":0,"_bbp_forum_subforum_count":0,"site-sidebar-layout":"default","site-content-layout":"","ast-site-content-layout":"default","site-content-style":"default","site-sidebar-style":"default","ast-global-header-display":"","ast-banner-title-visibility":"","ast-main-header-display":"","ast-hfb-above-header-display":"","ast-hfb-below-header-display":"","ast-hfb-mobile-header-display":"","site-post-title":"","ast-breadcrumbs-content":"","ast-featured-img":"","footer-sml-layout":"","theme-transparent-header-meta":"","adv-header-id-meta":"","stick-header-meta":"","header-above-stick-meta":"","header-main-stick-meta":"","header-below-stick-meta":"","astra-migrate-meta-layouts":"set","ast-page-background-enabled":"default","ast-page-background-meta":{"desktop":{"background-color":"var(--ast-global-color-4)","background-image":"","background-repeat":"repeat","background-position":"center center","background-size":"auto","background-attachment":"scroll","background-type":"","background-media":"","overlay-type":"","overlay-color":"","overlay-opacity":"","overlay-gradient":""},"tablet":{"background-color":"","background-image":"","background-repeat":"repeat","background-position":"center center","background-size":"auto","background-attachment":"scroll","background-type":"","background-media":"","overlay-type":"","overlay-color":"","overlay-opacity":"","overlay-gradient":""},"mobile":{"background-color":"","background-image":"","background-repeat":"repeat","background-position":"center center","background-size":"auto","background-attachment":"scroll","background-type":"","background-media":"","overlay-type":"","overlay-color":"","overlay-opacity":"","overlay-gradient":""}},"ast-content-background-meta":{"desktop":{"background-color":"var(--ast-global-color-5)","background-image":"","background-repeat":"repeat","background-position":"center center","background-size":"auto","background-attachment":"scroll","background-type":"","background-media":"","overlay-type":"","overlay-color":"","overlay-opacity":"","overlay-gradient":""},"tablet":{"background-color":"var(--ast-global-color-5)","background-image":"","background-repeat":"repeat","background-position":"center center","background-size":"auto","background-attachment":"scroll","background-type":"","background-media":"","overlay-type":"","overlay-color":"","overlay-opacity":"","overlay-gradient":""},"mobile":{"background-color":"var(--ast-global-color-5)","background-image":"","background-repeat":"repeat","background-position":"center center","background-size":"auto","background-attachment":"scroll","background-type":"","background-media":"","overlay-type":"","overlay-color":"","overlay-opacity":"","overlay-gradient":""}},"footnotes":""},"class_list":["post-3098","page","type-page","status-publish","hentry"],"post_mailing_queue_ids":[],"_links":{"self":[{"href":"https:\/\/agora.xtec.cat\/ies-carles-vallbona\/wp-json\/wp\/v2\/pages\/3098","targetHints":{"allow":["GET"]}}],"collection":[{"href":"https:\/\/agora.xtec.cat\/ies-carles-vallbona\/wp-json\/wp\/v2\/pages"}],"about":[{"href":"https:\/\/agora.xtec.cat\/ies-carles-vallbona\/wp-json\/wp\/v2\/types\/page"}],"author":[{"embeddable":true,"href":"https:\/\/agora.xtec.cat\/ies-carles-vallbona\/wp-json\/wp\/v2\/users\/1"}],"replies":[{"embeddable":true,"href":"https:\/\/agora.xtec.cat\/ies-carles-vallbona\/wp-json\/wp\/v2\/comments?post=3098"}],"version-history":[{"count":6,"href":"https:\/\/agora.xtec.cat\/ies-carles-vallbona\/wp-json\/wp\/v2\/pages\/3098\/revisions"}],"predecessor-version":[{"id":6803,"href":"https:\/\/agora.xtec.cat\/ies-carles-vallbona\/wp-json\/wp\/v2\/pages\/3098\/revisions\/6803"}],"wp:attachment":[{"href":"https:\/\/agora.xtec.cat\/ies-carles-vallbona\/wp-json\/wp\/v2\/media?parent=3098"}],"curies":[{"name":"wp","href":"https:\/\/api.w.org\/{rel}","templated":true}]}}