{"id":19,"date":"2014-09-17T14:56:56","date_gmt":"2014-09-17T14:56:56","guid":{"rendered":"http:\/\/agora.xtec.cat\/ies-carles-vallbona\/?page_id=19"},"modified":"2026-03-25T16:20:58","modified_gmt":"2026-03-25T15:20:58","slug":"linstitut","status":"publish","type":"page","link":"https:\/\/agora.xtec.cat\/ies-carles-vallbona\/linstitut\/","title":{"rendered":"Sobre l&#8217;institut"},"content":{"rendered":"\n<div class=\"wp-block-getwid-banner has-animation-style2 has-text-animation-opacity-bottom\"><a href=\"#\" class=\"wp-block-getwid-banner__link\"><div class=\"wp-block-getwid-banner__wrapper\"><img loading=\"lazy\" decoding=\"async\" width=\"2560\" height=\"853\" src=\"https:\/\/agora.xtec.cat\/ies-carles-vallbona\/wp-content\/uploads\/usu2364\/2026\/03\/institut_vallbona_vaya_plano_v1-00272-copia-2-1-2-scaled.jpg\" alt=\"\" class=\"wp-block-getwid-banner__image wp-block-getwid-banner__source wp-image-6610\" srcset=\"https:\/\/agora.xtec.cat\/ies-carles-vallbona\/wp-content\/uploads\/usu2364\/2026\/03\/institut_vallbona_vaya_plano_v1-00272-copia-2-1-2-scaled.jpg 2560w, https:\/\/agora.xtec.cat\/ies-carles-vallbona\/wp-content\/uploads\/usu2364\/2026\/03\/institut_vallbona_vaya_plano_v1-00272-copia-2-1-2-300x100.jpg 300w, https:\/\/agora.xtec.cat\/ies-carles-vallbona\/wp-content\/uploads\/usu2364\/2026\/03\/institut_vallbona_vaya_plano_v1-00272-copia-2-1-2-1024x341.jpg 1024w, https:\/\/agora.xtec.cat\/ies-carles-vallbona\/wp-content\/uploads\/usu2364\/2026\/03\/institut_vallbona_vaya_plano_v1-00272-copia-2-1-2-768x256.jpg 768w, https:\/\/agora.xtec.cat\/ies-carles-vallbona\/wp-content\/uploads\/usu2364\/2026\/03\/institut_vallbona_vaya_plano_v1-00272-copia-2-1-2-1536x512.jpg 1536w, https:\/\/agora.xtec.cat\/ies-carles-vallbona\/wp-content\/uploads\/usu2364\/2026\/03\/institut_vallbona_vaya_plano_v1-00272-copia-2-1-2-2048x683.jpg 2048w\" sizes=\"auto, (max-width: 2560px) 100vw, 2560px\" \/><div class=\"wp-block-getwid-banner__caption\"><div class=\"wp-block-getwid-banner__caption-wrapper\"><span class=\"wp-block-getwid-banner__title\">Qui som<\/span><\/div><\/div><\/div><\/a><\/div>\n\n\n\n<div style=\"height:50px\" aria-hidden=\"true\" class=\"wp-block-spacer\"><\/div>\n\n\n\n<p>&nbsp;A l\u2019Institut Carles Vallbona treballem per oferir una formaci\u00f3 integral, de qualitat i orientada al futur del nostre alumnat. Som un centre p\u00fablic de Granollers que acompanya l&#8217;alumnat en diferents etapes educatives, des de l\u2019ESO i el Batxillerat fins a la Formaci\u00f3 Professional. <\/p>\n\n\n\n<div class=\"wp-block-getwid-button-group\"><div class=\"wp-block-getwid-button-group__wrapper has-alignment-center has-alignment-mobile-center has-direction-mobile-row\">\n<div class=\"wp-block-button\"><a class=\"wp-block-button__link wp-element-button\" href=\"https:\/\/agora.xtec.cat\/ies-carles-vallbona\/estudis\/\">Coneix l&#8217;oferta educativa d&#8217;ESO i BAT<\/a><\/div>\n\n\n\n<div class=\"wp-block-button\"><a class=\"wp-block-button__link wp-element-button\" href=\"https:\/\/agora.xtec.cat\/ies-carles-vallbona\/fp\/\">Coneix l&#8217;oferta educativa d&#8217;FP<\/a><\/div>\n<\/div><\/div>\n\n\n\n<div class=\"wp-block-media-text is-stacked-on-mobile\" style=\"grid-template-columns:30% auto\"><figure class=\"wp-block-media-text__media\"><img loading=\"lazy\" decoding=\"async\" width=\"558\" height=\"496\" src=\"https:\/\/agora.xtec.cat\/ies-carles-vallbona\/wp-content\/uploads\/usu2364\/2026\/03\/Captura-de-pantalla-2026-03-18-a-les-17.23.48.png\" alt=\"\" class=\"wp-image-6624 size-full\" srcset=\"https:\/\/agora.xtec.cat\/ies-carles-vallbona\/wp-content\/uploads\/usu2364\/2026\/03\/Captura-de-pantalla-2026-03-18-a-les-17.23.48.png 558w, https:\/\/agora.xtec.cat\/ies-carles-vallbona\/wp-content\/uploads\/usu2364\/2026\/03\/Captura-de-pantalla-2026-03-18-a-les-17.23.48-300x267.png 300w\" sizes=\"auto, (max-width: 558px) 100vw, 558px\" \/><\/figure><div class=\"wp-block-media-text__content\">\n<p>La missi\u00f3 del centre \u00e9s potenciar el creixement personal, social, acad\u00e8mic i professional de l\u2019alumnat que els permeti continuar amb la seva <strong>formaci\u00f3 al llarg de la vida<\/strong>, en un entorn de relacions interpersonals satisfact\u00f2ries entre tots els membres de la comunitat educativa per tal de crear un clima de treball participatiu i motivador.<\/p>\n<\/div><\/div>\n\n\n\n<div class=\"wp-block-media-text has-media-on-the-right is-stacked-on-mobile\" style=\"grid-template-columns:auto 30%\"><div class=\"wp-block-media-text__content\">\n<p>La visi\u00f3 de l\u2019Institut Carles Vallbona \u00e9s ser un centre de qualitat amb <strong>atenci\u00f3 preferent a la pr\u00e0ctica esportiva<\/strong>, destacant en metodologies de <strong>recerca<\/strong>, tecnol\u00f2giques i digitals, en activitats d\u2019aula i avaluaci\u00f3 competencials, en projectes d\u2019<strong>innovaci\u00f3<\/strong>, interessat en la cultura, obert a la col\u00b7laboraci\u00f3 i l\u2019<strong>intercanvi<\/strong> amb altres centres i altres pa\u00efsos i <strong>referent de la formaci\u00f3 professional integrada en la internacionalitzaci\u00f3 i serveis <\/strong>a les empreses.<\/p>\n<\/div><figure class=\"wp-block-media-text__media\"><img loading=\"lazy\" decoding=\"async\" width=\"486\" height=\"502\" src=\"https:\/\/agora.xtec.cat\/ies-carles-vallbona\/wp-content\/uploads\/usu2364\/2026\/03\/Captura-de-pantalla-2026-03-18-a-les-17.24.45.png\" alt=\"\" class=\"wp-image-6625 size-full\" srcset=\"https:\/\/agora.xtec.cat\/ies-carles-vallbona\/wp-content\/uploads\/usu2364\/2026\/03\/Captura-de-pantalla-2026-03-18-a-les-17.24.45.png 486w, https:\/\/agora.xtec.cat\/ies-carles-vallbona\/wp-content\/uploads\/usu2364\/2026\/03\/Captura-de-pantalla-2026-03-18-a-les-17.24.45-290x300.png 290w\" sizes=\"auto, (max-width: 486px) 100vw, 486px\" \/><\/figure><\/div>\n\n\n\n<div class=\"wp-block-media-text is-stacked-on-mobile\" style=\"grid-template-columns:29% auto\"><figure class=\"wp-block-media-text__media\"><img loading=\"lazy\" decoding=\"async\" width=\"566\" height=\"562\" src=\"https:\/\/agora.xtec.cat\/ies-carles-vallbona\/wp-content\/uploads\/usu2364\/2026\/03\/Captura-de-pantalla-2026-03-18-a-les-17.27.52.png\" alt=\"\" class=\"wp-image-6626 size-full\" srcset=\"https:\/\/agora.xtec.cat\/ies-carles-vallbona\/wp-content\/uploads\/usu2364\/2026\/03\/Captura-de-pantalla-2026-03-18-a-les-17.27.52.png 566w, https:\/\/agora.xtec.cat\/ies-carles-vallbona\/wp-content\/uploads\/usu2364\/2026\/03\/Captura-de-pantalla-2026-03-18-a-les-17.27.52-300x298.png 300w, https:\/\/agora.xtec.cat\/ies-carles-vallbona\/wp-content\/uploads\/usu2364\/2026\/03\/Captura-de-pantalla-2026-03-18-a-les-17.27.52-150x150.png 150w\" sizes=\"auto, (max-width: 566px) 100vw, 566px\" \/><\/figure><div class=\"wp-block-media-text__content\">\n<p class=\"has-text-align-center\"><strong>Pluralitat<br>Participaci\u00f3 democr\u00e0tica<br>Inclusi\u00f3 social<br>Igualtat d\u2019oportunitats<br>Respecte a la difer\u00e8ncia<br>Gesti\u00f3 positiva dels conflictes<br>Cultura de la pau<br>Respecte<br>Esperit cr\u00edtic<br>Esfor\u00e7<br>Responsabilitat<br>Autonomia<br>Treball en equip<\/strong><\/p>\n<\/div><\/div>\n\n\n\n<p><\/p>\n","protected":false},"excerpt":{"rendered":"<p>&nbsp;A l\u2019Institut Carles Vallbona treballem per oferir una formaci\u00f3 integral, de qualitat i orientada al futur del nostre alumnat. Som un centre p\u00fablic de Granollers que acompanya l&#8217;alumnat en diferents etapes educatives, des de l\u2019ESO i el Batxillerat fins a la Formaci\u00f3 Professional. La missi\u00f3 del centre \u00e9s potenciar el creixement personal, social, acad\u00e8mic i [&hellip;]<\/p>\n","protected":false},"author":1,"featured_media":0,"parent":0,"menu_order":0,"comment_status":"closed","ping_status":"closed","template":"","meta":{"_bbp_topic_count":0,"_bbp_reply_count":0,"_bbp_total_topic_count":0,"_bbp_total_reply_count":0,"_bbp_voice_count":0,"_bbp_anonymous_reply_count":0,"_bbp_topic_count_hidden":0,"_bbp_reply_count_hidden":0,"_bbp_forum_subforum_count":0,"site-sidebar-layout":"default","site-content-layout":"","ast-site-content-layout":"default","site-content-style":"default","site-sidebar-style":"default","ast-global-header-display":"","ast-banner-title-visibility":"","ast-main-header-display":"","ast-hfb-above-header-display":"","ast-hfb-below-header-display":"","ast-hfb-mobile-header-display":"","site-post-title":"","ast-breadcrumbs-content":"","ast-featured-img":"","footer-sml-layout":"","theme-transparent-header-meta":"","adv-header-id-meta":"","stick-header-meta":"","header-above-stick-meta":"","header-main-stick-meta":"","header-below-stick-meta":"","astra-migrate-meta-layouts":"set","ast-page-background-enabled":"default","ast-page-background-meta":{"desktop":{"background-color":"var(--ast-global-color-4)","background-image":"","background-repeat":"repeat","background-position":"center center","background-size":"auto","background-attachment":"scroll","background-type":"","background-media":"","overlay-type":"","overlay-color":"","overlay-opacity":"","overlay-gradient":""},"tablet":{"background-color":"","background-image":"","background-repeat":"repeat","background-position":"center center","background-size":"auto","background-attachment":"scroll","background-type":"","background-media":"","overlay-type":"","overlay-color":"","overlay-opacity":"","overlay-gradient":""},"mobile":{"background-color":"","background-image":"","background-repeat":"repeat","background-position":"center center","background-size":"auto","background-attachment":"scroll","background-type":"","background-media":"","overlay-type":"","overlay-color":"","overlay-opacity":"","overlay-gradient":""}},"ast-content-background-meta":{"desktop":{"background-color":"var(--ast-global-color-5)","background-image":"","background-repeat":"repeat","background-position":"center center","background-size":"auto","background-attachment":"scroll","background-type":"","background-media":"","overlay-type":"","overlay-color":"","overlay-opacity":"","overlay-gradient":""},"tablet":{"background-color":"var(--ast-global-color-5)","background-image":"","background-repeat":"repeat","background-position":"center center","background-size":"auto","background-attachment":"scroll","background-type":"","background-media":"","overlay-type":"","overlay-color":"","overlay-opacity":"","overlay-gradient":""},"mobile":{"background-color":"var(--ast-global-color-5)","background-image":"","background-repeat":"repeat","background-position":"center center","background-size":"auto","background-attachment":"scroll","background-type":"","background-media":"","overlay-type":"","overlay-color":"","overlay-opacity":"","overlay-gradient":""}},"footnotes":""},"class_list":["post-19","page","type-page","status-publish","hentry"],"post_mailing_queue_ids":[],"_links":{"self":[{"href":"https:\/\/agora.xtec.cat\/ies-carles-vallbona\/wp-json\/wp\/v2\/pages\/19","targetHints":{"allow":["GET"]}}],"collection":[{"href":"https:\/\/agora.xtec.cat\/ies-carles-vallbona\/wp-json\/wp\/v2\/pages"}],"about":[{"href":"https:\/\/agora.xtec.cat\/ies-carles-vallbona\/wp-json\/wp\/v2\/types\/page"}],"author":[{"embeddable":true,"href":"https:\/\/agora.xtec.cat\/ies-carles-vallbona\/wp-json\/wp\/v2\/users\/1"}],"replies":[{"embeddable":true,"href":"https:\/\/agora.xtec.cat\/ies-carles-vallbona\/wp-json\/wp\/v2\/comments?post=19"}],"version-history":[{"count":6,"href":"https:\/\/agora.xtec.cat\/ies-carles-vallbona\/wp-json\/wp\/v2\/pages\/19\/revisions"}],"predecessor-version":[{"id":6704,"href":"https:\/\/agora.xtec.cat\/ies-carles-vallbona\/wp-json\/wp\/v2\/pages\/19\/revisions\/6704"}],"wp:attachment":[{"href":"https:\/\/agora.xtec.cat\/ies-carles-vallbona\/wp-json\/wp\/v2\/media?parent=19"}],"curies":[{"name":"wp","href":"https:\/\/api.w.org\/{rel}","templated":true}]}}