{"id":39,"date":"2014-09-17T16:36:44","date_gmt":"2014-09-17T16:36:44","guid":{"rendered":"http:\/\/agora.xtec.cat\/ies-brugulat\/?page_id=39"},"modified":"2026-01-27T16:08:24","modified_gmt":"2026-01-27T15:08:24","slug":"objectius","status":"publish","type":"page","link":"https:\/\/agora.xtec.cat\/ies-brugulat\/linstitut\/objectius\/","title":{"rendered":"OBJECTIUS DEL PLA ANUAL"},"content":{"rendered":"\n<p><\/p>\n\n\n\n<div class=\"wp-block-getwid-toggle has-icon-left\">\n<div class=\"wp-block-getwid-toggle__row\"><div class=\"wp-block-getwid-toggle__header-wrapper\"><h5 class=\"wp-block-getwid-toggle__header\"><a href=\"#\"><span class=\"wp-block-getwid-toggle__header-title\">O1. MILLORAR ELS RESULTATS EDUCATIUS<\/span><span class=\"wp-block-getwid-toggle__icon is-active\"><i class=\"far fa-arrow-alt-circle-right\"><\/i><\/span><span class=\"wp-block-getwid-toggle__icon is-passive\"><i class=\"fas fa-arrow-alt-circle-down\"><\/i><\/span><\/a><\/h5><\/div><div class=\"wp-block-getwid-toggle__content-wrapper\"><div class=\"wp-block-getwid-toggle__content\">\n<p>1.1 Flexibilitzaci\u00f3 dels aprenentatges a l&#8217;ESO i desenvolupament de la metodologia DUA<\/p>\n\n\n\n<p>1.2 Millora de la compet\u00e8ncia lectora de l&#8217;alumnat a l&#8217;ESO<\/p>\n\n\n\n<p>1.3 Millora de la compet\u00e8ncia digital de l&#8217;alumnat<\/p>\n\n\n\n<p>1.4 Impuls de les lleng\u00fces estrangeres<\/p>\n\n\n\n<p>1.5 Potenciaci\u00f3 de les compet\u00e8ncies personals de l&#8217;alumnat a Cicles Formatius<\/p>\n<\/div><\/div><\/div>\n\n\n\n<div class=\"wp-block-getwid-toggle__row\"><div class=\"wp-block-getwid-toggle__header-wrapper\"><h5 class=\"wp-block-getwid-toggle__header\"><a href=\"#\"><span class=\"wp-block-getwid-toggle__header-title\">O2. MILLORAR LA COHESI\u00d3 SOCIAL<\/span><span class=\"wp-block-getwid-toggle__icon is-active\"><i class=\"far fa-arrow-alt-circle-right\"><\/i><\/span><span class=\"wp-block-getwid-toggle__icon is-passive\"><i class=\"fas fa-arrow-alt-circle-down\"><\/i><\/span><\/a><\/h5><\/div><div class=\"wp-block-getwid-toggle__content-wrapper\"><div class=\"wp-block-getwid-toggle__content\">\n<p>2.1 Millora de la participaci\u00f3 de l&#8217;alumnat<\/p>\n\n\n\n<p>2.2 Creaci\u00f3 d&#8217;un servei de mediaci\u00f3<\/p>\n\n\n\n<p>2.3 Planificaci\u00f3 estrat\u00e8gica coeducativa al centre<\/p>\n<\/div><\/div><\/div>\n\n\n\n<div class=\"wp-block-getwid-toggle__row\"><div class=\"wp-block-getwid-toggle__header-wrapper\"><h5 class=\"wp-block-getwid-toggle__header\"><a href=\"#\"><span class=\"wp-block-getwid-toggle__header-title\">O3. REDUIR L&#8217;ABANDONAMENT ESCOLAR<\/span><span class=\"wp-block-getwid-toggle__icon is-active\"><i class=\"far fa-arrow-alt-circle-right\"><\/i><\/span><span class=\"wp-block-getwid-toggle__icon is-passive\"><i class=\"fas fa-arrow-alt-circle-down\"><\/i><\/span><\/a><\/h5><\/div><div class=\"wp-block-getwid-toggle__content-wrapper\"><div class=\"wp-block-getwid-toggle__content\">\n<p>3.1 Acompanyament i orientaci\u00f3 a l&#8217;alumnat<\/p>\n\n\n\n<p>3.2 Millora del benestar emocional de l&#8217;alumnat<\/p>\n<\/div><\/div><\/div>\n\n\n\n<div class=\"wp-block-getwid-toggle__row\"><div class=\"wp-block-getwid-toggle__header-wrapper\"><h5 class=\"wp-block-getwid-toggle__header\"><a href=\"#\"><span class=\"wp-block-getwid-toggle__header-title\">O4. ESTABLIR L&#8217;INSTITUT JOSEP BRUGULAT COM A PUNT DE REFER\u00c8NCIA EN ELS \u00c0MBITS EDUCATIUS, CULTURAL, INDUSTRIAL I ASSOCIATIU DE LA CIUTAT I COMARCA, AIX\u00cd COM ENFORTIR LES RELACIONS AMB ELS DIVERSOS GRUPS D&#8217;INTER\u00c8S DEL TERRITORI PER FOMENTAR UNA COL\u00b7LABORACI\u00d3 INTEGRAL I M\u00daTUAMENT BENEFICIOSA<\/span><span class=\"wp-block-getwid-toggle__icon is-active\"><i class=\"far fa-arrow-alt-circle-right\"><\/i><\/span><span class=\"wp-block-getwid-toggle__icon is-passive\"><i class=\"fas fa-arrow-alt-circle-down\"><\/i><\/span><\/a><\/h5><\/div><div class=\"wp-block-getwid-toggle__content-wrapper\"><div class=\"wp-block-getwid-toggle__content\">\n<p>4.1 Ampliaci\u00f3 de les propostes de col\u00b7laboraci\u00f3 amb les entitats, empreses i associacions de la ciutat i la comarca<\/p>\n\n\n\n<p>4.2 Concreci\u00f3 de la comunicaci\u00f3 de centre<\/p>\n\n\n\n<p>4.3 Obertura d&#8217;espais del centre per a la realitzaci\u00f3 d&#8217;activitats a escala municipal<\/p>\n<\/div><\/div><\/div>\n\n\n\n<div class=\"wp-block-getwid-toggle__row\"><div class=\"wp-block-getwid-toggle__header-wrapper\"><h5 class=\"wp-block-getwid-toggle__header\"><a href=\"#\"><span class=\"wp-block-getwid-toggle__header-title\">O5. PROMOURE L&#8217;\u00daS RESPONSABLE DELS RECURSOS I CONTRIBUIR A LA CONSTRUCCI\u00d3 D&#8217;UN ENTORN ESCOLAR AMB UN ENFOCAMENT SOSTENIBLE.<\/span><span class=\"wp-block-getwid-toggle__icon is-active\"><i class=\"far fa-arrow-alt-circle-right\"><\/i><\/span><span class=\"wp-block-getwid-toggle__icon is-passive\"><i class=\"fas fa-arrow-alt-circle-down\"><\/i><\/span><\/a><\/h5><\/div><div class=\"wp-block-getwid-toggle__content-wrapper\"><div class=\"wp-block-getwid-toggle__content\">\n<p>5.1 Sistematitzaci\u00f3 i control en la implantaci\u00f3 de la norma ISO 14001<\/p>\n\n\n\n<p>5.2 Millora i adequaci\u00f3 de les infraestructures, serveis i equipaments de centre<\/p>\n<\/div><\/div><\/div>\n<\/div>\n\n\n\n<p><\/p>\n","protected":false},"excerpt":{"rendered":"","protected":false},"author":1,"featured_media":0,"parent":19,"menu_order":4,"comment_status":"closed","ping_status":"closed","template":"page-templates\/side-menu.php","meta":{"site-sidebar-layout":"default","site-content-layout":"","ast-site-content-layout":"default","site-content-style":"default","site-sidebar-style":"default","ast-global-header-display":"","ast-banner-title-visibility":"","ast-main-header-display":"","ast-hfb-above-header-display":"","ast-hfb-below-header-display":"","ast-hfb-mobile-header-display":"","site-post-title":"","ast-breadcrumbs-content":"","ast-featured-img":"","footer-sml-layout":"","theme-transparent-header-meta":"","adv-header-id-meta":"","stick-header-meta":"","header-above-stick-meta":"","header-main-stick-meta":"","header-below-stick-meta":"","astra-migrate-meta-layouts":"set","ast-page-background-enabled":"default","ast-page-background-meta":{"desktop":{"background-color":"var(--ast-global-color-4)","background-image":"","background-repeat":"repeat","background-position":"center center","background-size":"auto","background-attachment":"scroll","background-type":"","background-media":"","overlay-type":"","overlay-color":"","overlay-opacity":"","overlay-gradient":""},"tablet":{"background-color":"","background-image":"","background-repeat":"repeat","background-position":"center center","background-size":"auto","background-attachment":"scroll","background-type":"","background-media":"","overlay-type":"","overlay-color":"","overlay-opacity":"","overlay-gradient":""},"mobile":{"background-color":"","background-image":"","background-repeat":"repeat","background-position":"center center","background-size":"auto","background-attachment":"scroll","background-type":"","background-media":"","overlay-type":"","overlay-color":"","overlay-opacity":"","overlay-gradient":""}},"ast-content-background-meta":{"desktop":{"background-color":"var(--ast-global-color-5)","background-image":"","background-repeat":"repeat","background-position":"center center","background-size":"auto","background-attachment":"scroll","background-type":"","background-media":"","overlay-type":"","overlay-color":"","overlay-opacity":"","overlay-gradient":""},"tablet":{"background-color":"var(--ast-global-color-5)","background-image":"","background-repeat":"repeat","background-position":"center center","background-size":"auto","background-attachment":"scroll","background-type":"","background-media":"","overlay-type":"","overlay-color":"","overlay-opacity":"","overlay-gradient":""},"mobile":{"background-color":"var(--ast-global-color-5)","background-image":"","background-repeat":"repeat","background-position":"center center","background-size":"auto","background-attachment":"scroll","background-type":"","background-media":"","overlay-type":"","overlay-color":"","overlay-opacity":"","overlay-gradient":""}},"footnotes":""},"class_list":["post-39","page","type-page","status-publish","hentry"],"post_mailing_queue_ids":[],"_links":{"self":[{"href":"https:\/\/agora.xtec.cat\/ies-brugulat\/wp-json\/wp\/v2\/pages\/39","targetHints":{"allow":["GET"]}}],"collection":[{"href":"https:\/\/agora.xtec.cat\/ies-brugulat\/wp-json\/wp\/v2\/pages"}],"about":[{"href":"https:\/\/agora.xtec.cat\/ies-brugulat\/wp-json\/wp\/v2\/types\/page"}],"author":[{"embeddable":true,"href":"https:\/\/agora.xtec.cat\/ies-brugulat\/wp-json\/wp\/v2\/users\/1"}],"replies":[{"embeddable":true,"href":"https:\/\/agora.xtec.cat\/ies-brugulat\/wp-json\/wp\/v2\/comments?post=39"}],"version-history":[{"count":6,"href":"https:\/\/agora.xtec.cat\/ies-brugulat\/wp-json\/wp\/v2\/pages\/39\/revisions"}],"predecessor-version":[{"id":27461,"href":"https:\/\/agora.xtec.cat\/ies-brugulat\/wp-json\/wp\/v2\/pages\/39\/revisions\/27461"}],"up":[{"embeddable":true,"href":"https:\/\/agora.xtec.cat\/ies-brugulat\/wp-json\/wp\/v2\/pages\/19"}],"wp:attachment":[{"href":"https:\/\/agora.xtec.cat\/ies-brugulat\/wp-json\/wp\/v2\/media?parent=39"}],"curies":[{"name":"wp","href":"https:\/\/api.w.org\/{rel}","templated":true}]}}