{"id":15855,"date":"2020-07-15T14:25:07","date_gmt":"2020-07-15T12:25:07","guid":{"rendered":"https:\/\/agora.xtec.cat\/ies-brugulat\/?page_id=15855"},"modified":"2020-07-15T15:01:09","modified_gmt":"2020-07-15T13:01:09","slug":"inscripcio-certificats-cambridge-curs-20-21","status":"publish","type":"page","link":"https:\/\/agora.xtec.cat\/ies-brugulat\/inscripcio-certificats-cambridge-curs-20-21\/","title":{"rendered":"Inscripci\u00f3 certificats Cambridge"},"content":{"rendered":"<table style=\"height: 76px; width: 779px; border-color: transparent; background-color: transparent;\">\n<tbody>\n<tr style=\"height: 10px;\">\n<td style=\"height: 10px; width: 773px; border-color: transparent; background-color: transparent;\" colspan=\"3\">\n<h4>Termini d\u2019inscripci\u00f3 de l&#8217;1 al 7 de setembre de 2020<\/h4>\n<\/td>\n<\/tr>\n<tr style=\"height: 33px; border-color: transparent; background-color: transparent;\">\n<td style=\"height: 66px; width: 371.483px; border-color: transparent; background-color: transparent;\" rowspan=\"2\">\n<h5>Els certificats que es convoquen es refereixen a l\u2019obtenci\u00f3 dels seg\u00fcents nivells:<\/h5>\n<\/td>\n<td style=\"height: 33px; width: 54.0667px; border-color: transparent; background-color: transparent;\"><a href=\"https:\/\/www.cambridgeenglish.org\/es\/exams-and-tests\/preliminary-for-schools\/\" target=\"_blank\" rel=\"noopener noreferrer\"><img loading=\"lazy\" decoding=\"async\" class=\"alignnone size-medium wp-image-15173\" src=\"https:\/\/agora.xtec.cat\/ies-brugulat\/wp-content\/uploads\/usu85\/2020\/05\/interface-1-300x300.png\" alt=\"\" width=\"300\" height=\"300\" srcset=\"https:\/\/agora.xtec.cat\/ies-brugulat\/wp-content\/uploads\/usu85\/2020\/05\/interface-1-300x300.png 300w, https:\/\/agora.xtec.cat\/ies-brugulat\/wp-content\/uploads\/usu85\/2020\/05\/interface-1-150x150.png 150w, https:\/\/agora.xtec.cat\/ies-brugulat\/wp-content\/uploads\/usu85\/2020\/05\/interface-1.png 512w\" sizes=\"auto, (max-width: 300px) 100vw, 300px\" \/><\/a><\/td>\n<td style=\"height: 33px; width: 343.45px; border-color: transparent; background-color: transparent;\">\n<h4><a href=\"https:\/\/www.cambridgeenglish.org\/es\/exams-and-tests\/preliminary-for-schools\/\" target=\"_blank\" rel=\"noopener noreferrer\">Preliminary English Test (B1)<\/a><\/h4>\n<\/td>\n<\/tr>\n<tr style=\"height: 33px;\">\n<td style=\"height: 33px; width: 54.0667px; border-color: transparent; background-color: transparent;\"><a href=\"https:\/\/www.cambridgeenglish.org\/exams-and-tests\/first-for-schools\/\" target=\"_blank\" rel=\"noopener noreferrer\"><img loading=\"lazy\" decoding=\"async\" class=\"alignnone size-medium wp-image-15173\" src=\"https:\/\/agora.xtec.cat\/ies-brugulat\/wp-content\/uploads\/usu85\/2020\/05\/interface-1-300x300.png\" alt=\"\" width=\"300\" height=\"300\" srcset=\"https:\/\/agora.xtec.cat\/ies-brugulat\/wp-content\/uploads\/usu85\/2020\/05\/interface-1-300x300.png 300w, https:\/\/agora.xtec.cat\/ies-brugulat\/wp-content\/uploads\/usu85\/2020\/05\/interface-1-150x150.png 150w, https:\/\/agora.xtec.cat\/ies-brugulat\/wp-content\/uploads\/usu85\/2020\/05\/interface-1.png 512w\" sizes=\"auto, (max-width: 300px) 100vw, 300px\" \/><\/a><\/td>\n<td style=\"height: 33px; width: 343.45px; border-color: transparent; background-color: transparent;\">\n<h4><a href=\"https:\/\/www.cambridgeenglish.org\/exams-and-tests\/first-for-schools\/\" target=\"_blank\" rel=\"noopener noreferrer\">First Certificate in English (B2)<\/a><\/h4>\n<\/td>\n<\/tr>\n<\/tbody>\n<\/table>\n<h6 style=\"text-align: justify;\">Per tal de dura terme la inscripci\u00f3 us heu de presentar a la Secretaria del Centre i presentar els documents que s\u2019indiquen a la gu\u00eda de tr\u00e0mits juntament amb el DNI\/NIE o Passaport i el\u200b resguard de pagament. El termini d\u2019inscripci\u00f3 finalitza el 7 de setembre. \u00c9s molt important llegir tots els documents referents a la Guia de Tr\u00e0mits i el Reglament per a Candidats abans abans de formalitzar la inscripci\u00f3.<\/h6>\n<h6 style=\"text-align: justify;\">En el cas dels menors d\u2019edat, ha de ser el pare\/mare o tutor qui realitzi la inscripci\u00f3.<\/h6>\n<table style=\"width: 774px;\">\n<tbody>\n<tr>\n<td style=\"width: 768px; border-color: transparent; background-color: transparent;\" colspan=\"2\">\n<h5>Heu d\u2019omplir els seg\u00fcents formularis i llegir tota la informaci\u00f3:<\/h5>\n<\/td>\n<\/tr>\n<tr style=\"border-color: transparent; background-color: transparent;\">\n<td style=\"width: 53.0667px; border-color: transparent; background-color: transparent;\"><a href=\"https:\/\/drive.google.com\/file\/d\/0B5FsIknrvomBWlIyS29SUmVDZmx6OVdaMWFoSmtNMkhoVEJF\/view\" target=\"_blank\" rel=\"noopener noreferrer\"><img loading=\"lazy\" decoding=\"async\" class=\"alignnone size-medium wp-image-15164\" src=\"https:\/\/agora.xtec.cat\/ies-brugulat\/wp-content\/uploads\/usu85\/2020\/05\/edit-tools-300x300.png\" alt=\"\" width=\"300\" height=\"300\" srcset=\"https:\/\/agora.xtec.cat\/ies-brugulat\/wp-content\/uploads\/usu85\/2020\/05\/edit-tools-300x300.png 300w, https:\/\/agora.xtec.cat\/ies-brugulat\/wp-content\/uploads\/usu85\/2020\/05\/edit-tools-150x150.png 150w, https:\/\/agora.xtec.cat\/ies-brugulat\/wp-content\/uploads\/usu85\/2020\/05\/edit-tools.png 512w\" sizes=\"auto, (max-width: 300px) 100vw, 300px\" \/><\/a><\/td>\n<td style=\"width: 712.933px; border-color: transparent; background-color: transparent;\">\n<h4><a href=\"https:\/\/drive.google.com\/file\/d\/0B5FsIknrvomBWlIyS29SUmVDZmx6OVdaMWFoSmtNMkhoVEJF\/view\" target=\"_blank\" rel=\"noopener noreferrer\">Formulari d&#8217;inscripci\u00f3 per a menors d&#8217;edat<\/a><\/h4>\n<\/td>\n<\/tr>\n<tr style=\"border-color: transparent; background-color: transparent;\">\n<td style=\"width: 53.0667px; border-color: transparent; background-color: transparent;\"><a href=\"https:\/\/drive.google.com\/file\/d\/0B5FsIknrvomBNWRMeVMxQWJESFRxNzlfRHNOVFQxUzJkVUNN\/view\" target=\"_blank\" rel=\"noopener noreferrer\"><img loading=\"lazy\" decoding=\"async\" class=\"alignnone size-medium wp-image-15164\" src=\"https:\/\/agora.xtec.cat\/ies-brugulat\/wp-content\/uploads\/usu85\/2020\/05\/edit-tools-300x300.png\" alt=\"\" width=\"300\" height=\"300\" srcset=\"https:\/\/agora.xtec.cat\/ies-brugulat\/wp-content\/uploads\/usu85\/2020\/05\/edit-tools-300x300.png 300w, https:\/\/agora.xtec.cat\/ies-brugulat\/wp-content\/uploads\/usu85\/2020\/05\/edit-tools-150x150.png 150w, https:\/\/agora.xtec.cat\/ies-brugulat\/wp-content\/uploads\/usu85\/2020\/05\/edit-tools.png 512w\" sizes=\"auto, (max-width: 300px) 100vw, 300px\" \/><\/a><\/td>\n<td style=\"width: 712.933px; border-color: transparent; background-color: transparent;\">\n<h4><a href=\"https:\/\/drive.google.com\/file\/d\/0B5FsIknrvomBNWRMeVMxQWJESFRxNzlfRHNOVFQxUzJkVUNN\/view\" target=\"_blank\" rel=\"noopener noreferrer\">Formularis d&#8217;inscripci\u00f3 per a majors d&#8217;edat<\/a><\/h4>\n<\/td>\n<\/tr>\n<\/tbody>\n<\/table>\n<h6>Aix\u00ed mateix, heu de formalitzar el pagament de les taxes en el termini indicat amb els impresos corresponents a cada examen.<\/h6>\n<h6>Trobareu el n\u00famero de compte corrent en els documents adjunts<\/h6>\n<table style=\"width: 771px; border-color: transparent; background-color: transparent;\">\n<tbody>\n<tr style=\"border-color: transparent; background-color: transparent;\">\n<td style=\"width: 48.6333px; border-color: transparent; background-color: transparent;\"><a href=\"https:\/\/agora.xtec.cat\/ies-brugulat\/wp-content\/uploads\/usu85\/2020\/07\/CAMBRIDGE-EXAMS.pdf\" target=\"_blank\" rel=\"noopener noreferrer\"><img loading=\"lazy\" decoding=\"async\" class=\"alignnone size-medium wp-image-15157\" src=\"https:\/\/agora.xtec.cat\/ies-brugulat\/wp-content\/uploads\/usu85\/2020\/05\/tools-and-utensils-300x300.png\" alt=\"\" width=\"300\" height=\"300\" srcset=\"https:\/\/agora.xtec.cat\/ies-brugulat\/wp-content\/uploads\/usu85\/2020\/05\/tools-and-utensils-300x300.png 300w, https:\/\/agora.xtec.cat\/ies-brugulat\/wp-content\/uploads\/usu85\/2020\/05\/tools-and-utensils-150x150.png 150w, https:\/\/agora.xtec.cat\/ies-brugulat\/wp-content\/uploads\/usu85\/2020\/05\/tools-and-utensils.png 512w\" sizes=\"auto, (max-width: 300px) 100vw, 300px\" \/><\/a><\/td>\n<td style=\"width: 714.367px; border-color: transparent; background-color: transparent;\">\n<h4><a href=\"https:\/\/agora.xtec.cat\/ies-brugulat\/wp-content\/uploads\/usu85\/2020\/07\/CAMBRIDGE-EXAMS.pdf\" target=\"_blank\" rel=\"noopener noreferrer\">Impr\u00e8s de pagament<\/a><\/h4>\n<\/td>\n<\/tr>\n<\/tbody>\n<\/table>\n<table style=\"width: 773px; border-color: transparent; background-color: transparent;\">\n<tbody>\n<tr>\n<td style=\"width: 767px; border-color: transparent; background-color: transparent;\" colspan=\"2\">\n<h5>Trobareu m\u00e9s informaci\u00f3 descarregant els seg\u00fcents documents.<\/h5>\n<\/td>\n<\/tr>\n<tr style=\"border-color: transparent; background-color: transparent;\">\n<td style=\"width: 52.5667px; border-color: transparent; background-color: transparent;\"><a href=\"https:\/\/drive.google.com\/file\/d\/0B5FsIknrvomBVFJfOExCbHNFVXVwU2Q1VVRUeVlqZ1RqU1Vz\/view\" target=\"_blank\" rel=\"noopener noreferrer\"><img loading=\"lazy\" decoding=\"async\" class=\"alignnone size-medium wp-image-15167\" src=\"https:\/\/agora.xtec.cat\/ies-brugulat\/wp-content\/uploads\/usu85\/2020\/05\/shapes-300x300.png\" alt=\"\" width=\"300\" height=\"300\" srcset=\"https:\/\/agora.xtec.cat\/ies-brugulat\/wp-content\/uploads\/usu85\/2020\/05\/shapes-300x300.png 300w, https:\/\/agora.xtec.cat\/ies-brugulat\/wp-content\/uploads\/usu85\/2020\/05\/shapes-150x150.png 150w, https:\/\/agora.xtec.cat\/ies-brugulat\/wp-content\/uploads\/usu85\/2020\/05\/shapes.png 512w\" sizes=\"auto, (max-width: 300px) 100vw, 300px\" \/><\/a><\/td>\n<td style=\"width: 712.433px; border-color: transparent; background-color: transparent;\">\n<h4><a href=\"https:\/\/drive.google.com\/file\/d\/0B5FsIknrvomBVFJfOExCbHNFVXVwU2Q1VVRUeVlqZ1RqU1Vz\/view\" target=\"_blank\" rel=\"noopener noreferrer\">Guia de tr\u00e0mits<\/a><\/h4>\n<\/td>\n<\/tr>\n<tr>\n<td style=\"width: 52.5667px; border-color: transparent; background-color: transparent;\"><a href=\"https:\/\/drive.google.com\/file\/d\/0B5FsIknrvomBcGlfb1FMVUh2WkR2WWx3UWMxX24tbFR1YVYw\/view\" target=\"_blank\" rel=\"noopener noreferrer\"><img loading=\"lazy\" decoding=\"async\" class=\"alignnone size-medium wp-image-15167\" src=\"https:\/\/agora.xtec.cat\/ies-brugulat\/wp-content\/uploads\/usu85\/2020\/05\/shapes-300x300.png\" alt=\"\" width=\"300\" height=\"300\" srcset=\"https:\/\/agora.xtec.cat\/ies-brugulat\/wp-content\/uploads\/usu85\/2020\/05\/shapes-300x300.png 300w, https:\/\/agora.xtec.cat\/ies-brugulat\/wp-content\/uploads\/usu85\/2020\/05\/shapes-150x150.png 150w, https:\/\/agora.xtec.cat\/ies-brugulat\/wp-content\/uploads\/usu85\/2020\/05\/shapes.png 512w\" sizes=\"auto, (max-width: 300px) 100vw, 300px\" \/><\/a><\/td>\n<td style=\"width: 712.433px; border-color: transparent; background-color: transparent;\">\n<h4><a href=\"https:\/\/drive.google.com\/file\/d\/0B5FsIknrvomBcGlfb1FMVUh2WkR2WWx3UWMxX24tbFR1YVYw\/view\" target=\"_blank\" rel=\"noopener noreferrer\">Summary Regulations\/Reglament per a candidats (Angl\u00e8s i Catal\u00e0)<\/a><\/h4>\n<\/td>\n<\/tr>\n<\/tbody>\n<\/table>\n<h6>Enguany l\u2019examen es dur\u00e0 a terme a l\u2019INS PLA DE L\u2019ESTANY el dissabte 17 d&#8217;octubre de 2020 durant el mat\u00ed.<\/h6>\n<h6>Per qualsevol informaci\u00f3 o aclariment us podeu adre\u00e7ar a Rosa Ribas, Cap de Departament de LL.Estrangeres.<\/h6>\n<p>&nbsp;<\/p>\n","protected":false},"excerpt":{"rendered":"<p>Termini d\u2019inscripci\u00f3 de l&#8217;1 al 7 de setembre de 2020 Els certificats que es convoquen es refereixen a l\u2019obtenci\u00f3 dels seg\u00fcents nivells: Preliminary English Test (B1) First Certificate in English (B2) Per tal de dura terme la inscripci\u00f3 us heu de presentar a la Secretaria del Centre i presentar els documents que s\u2019indiquen a la [&hellip;]<\/p>\n","protected":false},"author":4,"featured_media":0,"parent":0,"menu_order":0,"comment_status":"closed","ping_status":"closed","template":"","meta":{"site-sidebar-layout":"default","site-content-layout":"","ast-site-content-layout":"","site-content-style":"default","site-sidebar-style":"default","ast-global-header-display":"","ast-banner-title-visibility":"","ast-main-header-display":"","ast-hfb-above-header-display":"","ast-hfb-below-header-display":"","ast-hfb-mobile-header-display":"","site-post-title":"","ast-breadcrumbs-content":"","ast-featured-img":"","footer-sml-layout":"","theme-transparent-header-meta":"","adv-header-id-meta":"","stick-header-meta":"","header-above-stick-meta":"","header-main-stick-meta":"","header-below-stick-meta":"","astra-migrate-meta-layouts":"default","ast-page-background-enabled":"default","ast-page-background-meta":{"desktop":{"background-color":"var(--ast-global-color-4)","background-image":"","background-repeat":"repeat","background-position":"center center","background-size":"auto","background-attachment":"scroll","background-type":"","background-media":"","overlay-type":"","overlay-color":"","overlay-opacity":"","overlay-gradient":""},"tablet":{"background-color":"","background-image":"","background-repeat":"repeat","background-position":"center center","background-size":"auto","background-attachment":"scroll","background-type":"","background-media":"","overlay-type":"","overlay-color":"","overlay-opacity":"","overlay-gradient":""},"mobile":{"background-color":"","background-image":"","background-repeat":"repeat","background-position":"center center","background-size":"auto","background-attachment":"scroll","background-type":"","background-media":"","overlay-type":"","overlay-color":"","overlay-opacity":"","overlay-gradient":""}},"ast-content-background-meta":{"desktop":{"background-color":"var(--ast-global-color-5)","background-image":"","background-repeat":"repeat","background-position":"center center","background-size":"auto","background-attachment":"scroll","background-type":"","background-media":"","overlay-type":"","overlay-color":"","overlay-opacity":"","overlay-gradient":""},"tablet":{"background-color":"var(--ast-global-color-5)","background-image":"","background-repeat":"repeat","background-position":"center center","background-size":"auto","background-attachment":"scroll","background-type":"","background-media":"","overlay-type":"","overlay-color":"","overlay-opacity":"","overlay-gradient":""},"mobile":{"background-color":"var(--ast-global-color-5)","background-image":"","background-repeat":"repeat","background-position":"center center","background-size":"auto","background-attachment":"scroll","background-type":"","background-media":"","overlay-type":"","overlay-color":"","overlay-opacity":"","overlay-gradient":""}},"footnotes":""},"class_list":["post-15855","page","type-page","status-publish","hentry"],"post_mailing_queue_ids":[],"_links":{"self":[{"href":"https:\/\/agora.xtec.cat\/ies-brugulat\/wp-json\/wp\/v2\/pages\/15855","targetHints":{"allow":["GET"]}}],"collection":[{"href":"https:\/\/agora.xtec.cat\/ies-brugulat\/wp-json\/wp\/v2\/pages"}],"about":[{"href":"https:\/\/agora.xtec.cat\/ies-brugulat\/wp-json\/wp\/v2\/types\/page"}],"author":[{"embeddable":true,"href":"https:\/\/agora.xtec.cat\/ies-brugulat\/wp-json\/wp\/v2\/users\/4"}],"replies":[{"embeddable":true,"href":"https:\/\/agora.xtec.cat\/ies-brugulat\/wp-json\/wp\/v2\/comments?post=15855"}],"version-history":[{"count":4,"href":"https:\/\/agora.xtec.cat\/ies-brugulat\/wp-json\/wp\/v2\/pages\/15855\/revisions"}],"predecessor-version":[{"id":15869,"href":"https:\/\/agora.xtec.cat\/ies-brugulat\/wp-json\/wp\/v2\/pages\/15855\/revisions\/15869"}],"wp:attachment":[{"href":"https:\/\/agora.xtec.cat\/ies-brugulat\/wp-json\/wp\/v2\/media?parent=15855"}],"curies":[{"name":"wp","href":"https:\/\/api.w.org\/{rel}","templated":true}]}}