{"id":808,"date":"2016-11-27T19:08:50","date_gmt":"2016-11-27T18:08:50","guid":{"rendered":"http:\/\/agora.xtec.cat\/ies-bisbe-berenguer\/?page_id=808"},"modified":"2026-03-04T13:47:01","modified_gmt":"2026-03-04T12:47:01","slug":"titol-eso","status":"publish","type":"page","link":"https:\/\/agora.xtec.cat\/ies-bisbe-berenguer\/projecte-educatiu\/titol-eso\/","title":{"rendered":"T\u00edtol GESO"},"content":{"rendered":"<h4 style=\"text-align: center;\"><span style=\"color: #000000;\">PROVES D&#8217;OBTENCI\u00d3 DEL T\u00cdTOL D&#8217;ESO PER A EX-ALUMNES<\/span><\/h4>\n<p>&nbsp;<\/p>\n<p><span style=\"text-decoration: underline;\"><b>Graduat en educaci\u00f3 secund\u00e0ria obligat\u00f2ria (alumnes que no l&#8217;han obtingut en finalitzar l&#8217;etapa)<\/b><\/span><\/p>\n<p><span style=\"font-weight: 400;\">\u200bCom cada any el Departament d&#8217;Educaci\u00f3 convoca les proves per a l&#8217;obtenci\u00f3 del t\u00edtol de graduat en educaci\u00f3 secund\u00e0ria obligat\u00f2ria, per als alumnes que no l&#8217;hagin obtingut en finalitzar l&#8217;etapa.<\/span><\/p>\n<p><span style=\"font-weight: 400;\">Tota la informaci\u00f3 relacionada amb el proc\u00e9s es pot consultar a la p\u00e0gina web:<\/span><\/p>\n<p><a href=\"https:\/\/educacio.gencat.cat\/ca\/serveis-tramits\/proves\/proves-lliures-obtencio-titols\/obtencio-titol-eso\/\" target=\"_blank\" rel=\"noopener\">https:\/\/educacio.gencat.cat\/ca\/serveis-tramits\/proves\/proves-lliures-obtencio-titols\/obtencio-titol-eso\/<\/a><\/p>\n<p><span style=\"font-weight: 400;\">La <\/span><b>sol\u00b7licitud<\/b><span style=\"font-weight: 400;\"> per fer les proves s\u2019ha de presentar entre \u200b<\/span><b>el 2 i el 13 de febrer<\/b> <b>de 202\u200b6<\/b><span style=\"font-weight: 400;\">\u00a0a la secretaria del centre per correu electr\u00f2nic (<\/span><span style=\"font-weight: 400;\">secretaria@bisbeberenguer.cat<\/span><span style=\"font-weight: 400;\">).<\/span><\/p>\n<p><span style=\"font-weight: 400;\">En cas de necessitar m\u00e9s informaci\u00f3 o dubtes sobre el proc\u00e9s us podeu posar en contacte amb el centre via telef\u00f2nica (93 421 17 11).<\/span><\/p>\n<p><span style=\"font-weight: 400;\">Els continguts i els criteris d&#8217;avaluaci\u00f3 m\u00ednim exigibles per a la superaci\u00f3 de cadascuna de les mat\u00e8ries es pot consultar en aquesta p\u00e0gina:<\/span><\/p>\n<p><b>El calendari de les proves \u00e9s el seg\u00fcent:<\/b><\/p>\n<ul>\n<li style=\"font-weight: 400;\" aria-level=\"1\"><b>Dijous 5 de mar\u00e7 de 2026:<\/b>\n<ul>\n<li style=\"font-weight: 400;\" aria-level=\"2\"><span style=\"font-weight: 400;\">16.00h a 17.00h: Proves de Socials, Castell\u00e0 i Educaci\u00f3 Visual i Pl\u00e0stica.<\/span><\/li>\n<li style=\"font-weight: 400;\" aria-level=\"2\"><span style=\"font-weight: 400;\">17.00h a 18.00\u202fh: Proves d&#8217;Angl\u00e8s i Educaci\u00f3 F\u00edsica.<\/span><\/li>\n<\/ul>\n<\/li>\n<\/ul>\n<ul>\n<li style=\"font-weight: 400;\" aria-level=\"1\"><b>Dijous 12 de mar\u00e7 de 2026:<\/b>\n<ul>\n<li style=\"font-weight: 400;\" aria-level=\"2\"><span style=\"font-weight: 400;\">16.00h a 17.00h: Prova de Matem\u00e0tiques i Naturals.<\/span><\/li>\n<li style=\"font-weight: 400;\" aria-level=\"2\"><span style=\"font-weight: 400;\">17.00h a 18.00h: Proves de Catal\u00e0 i Tecnologia.<\/span><\/li>\n<\/ul>\n<\/li>\n<\/ul>\n<h4>Continguts m\u00ednim de les mat\u00e8ries<\/h4>\n<table style=\"border-collapse: collapse; width: 100%; height: 424px;\">\n<tbody>\n<tr style=\"height: 53px;\">\n<td style=\"width: 50%; height: 53px;\"><a href=\"https:\/\/drive.google.com\/open?id=0BwWcFcLKAos-a1JLU2tta0tLQ0E\" target=\"_blank\" rel=\"noopener noreferrer\">Llengua Catalana<\/a><\/td>\n<td style=\"width: 50%; height: 53px;\"><a href=\"https:\/\/drive.google.com\/open?id=0BwWcFcLKAos-RnhteUoxcTE3WjQ\" target=\"_blank\" rel=\"noopener noreferrer\">Llengua Castellana<\/a><\/td>\n<\/tr>\n<tr style=\"height: 53px;\">\n<td style=\"width: 50%; height: 53px;\"><a href=\"https:\/\/drive.google.com\/open?id=0BwWcFcLKAos-TVpGZk1jb0dhSGM\" target=\"_blank\" rel=\"noopener noreferrer\">Llengua Estrangera<\/a><\/td>\n<td style=\"width: 50%; height: 53px;\"><a href=\"https:\/\/drive.google.com\/open?id=1x_j-diFiOZ4vofdq4pKhcbYEL9TIjBGt\" target=\"_blank\" rel=\"noopener noreferrer\">Matem\u00e0tiques<\/a><\/td>\n<\/tr>\n<tr style=\"height: 53px;\">\n<td style=\"width: 50%; height: 53px;\"><a href=\"https:\/\/drive.google.com\/open?id=0BwWcFcLKAos-cUowSnFjVXB0V3M\" target=\"_blank\" rel=\"noopener noreferrer\">Ci\u00e8ncies Socials<\/a><\/td>\n<td style=\"width: 50%; height: 53px;\"><a href=\"https:\/\/drive.google.com\/open?id=0BwWcFcLKAos-VlVXMS1zejI0VHc\" target=\"_blank\" rel=\"noopener noreferrer\">Ed. F\u00edsica<\/a><\/td>\n<\/tr>\n<tr style=\"height: 53px;\">\n<td style=\"width: 50%; height: 53px;\"><a href=\"https:\/\/drive.google.com\/open?id=1pjvI-F1YS6UNBCSk03MlEfJizPnSc1Uu\" target=\"_blank\" rel=\"noopener noreferrer\">Cultura i Valors \u00c8tics<\/a><\/td>\n<td style=\"width: 50%; height: 53px;\"><a href=\"https:\/\/drive.google.com\/open?id=0BwWcFcLKAos-VEs2MkNzVncwQUk\" target=\"_blank\" rel=\"noopener noreferrer\">F\u00edsica i Qu\u00edmica<\/a><\/td>\n<\/tr>\n<tr style=\"height: 53px;\">\n<td style=\"width: 50%; height: 53px;\"><a href=\"https:\/\/drive.google.com\/open?id=0BwWcFcLKAos-b1JZUWt5V01fWDg\" target=\"_blank\" rel=\"noopener noreferrer\">Biologia i Geologia<\/a><\/td>\n<td style=\"width: 50%; height: 53px;\"><a href=\"https:\/\/drive.google.com\/open?id=1DkfK1bTsm0zx81DU8lQJlA3gblTuH9hT\" target=\"_blank\" rel=\"noopener noreferrer\">Cultura Cient\u00edfica<\/a><\/td>\n<\/tr>\n<tr style=\"height: 53px;\">\n<td style=\"width: 50%; height: 53px;\"><a href=\"https:\/\/drive.google.com\/open?id=0BwWcFcLKAos-X2tmVG9wNVc2REk\" target=\"_blank\" rel=\"noopener noreferrer\">Tecnologia<\/a><\/td>\n<td style=\"width: 50%; height: 53px;\"><a href=\"https:\/\/drive.google.com\/open?id=0BwWcFcLKAos-eVBwb1NxVGFFR3M\" target=\"_blank\" rel=\"noopener noreferrer\">Economia<\/a><\/td>\n<\/tr>\n<tr style=\"height: 53px;\">\n<td style=\"width: 50%; height: 53px;\"><a href=\"https:\/\/drive.google.com\/open?id=0BwWcFcLKAos-TmN4X1JqY3FWQVk\" target=\"_blank\" rel=\"noopener noreferrer\">Llat\u00ed<\/a><\/td>\n<td style=\"width: 50%; height: 53px;\"><a href=\"https:\/\/drive.google.com\/open?id=1XCgFnr1Zbw8exRUmSQvD-FuNNLFbmeZI\" target=\"_blank\" rel=\"noopener\">Franc\u00e8s<\/a><\/td>\n<\/tr>\n<tr style=\"height: 53px;\">\n<td style=\"width: 50%; height: 53px;\"><a href=\"https:\/\/drive.google.com\/open?id=0BwWcFcLKAos-VmFYdHI5ZGlrUEU\" target=\"_blank\" rel=\"noopener noreferrer\">Ed. Visual i Pl\u00e0stica<\/a><\/td>\n<td style=\"width: 50%; height: 53px;\"><a href=\"https:\/\/drive.google.com\/open?id=0BwWcFcLKAos-Z3RuVnp5RnUwOUE\" target=\"_blank\" rel=\"noopener noreferrer\">Religi\u00f3<\/a><\/td>\n<\/tr>\n<\/tbody>\n<\/table>\n<p style=\"padding-left: 60px;\">\n","protected":false},"excerpt":{"rendered":"<p>PROVES D&#8217;OBTENCI\u00d3 DEL T\u00cdTOL D&#8217;ESO PER A EX-ALUMNES &nbsp; Graduat en educaci\u00f3 secund\u00e0ria obligat\u00f2ria (alumnes que no l&#8217;han obtingut en finalitzar l&#8217;etapa) \u200bCom cada any el Departament d&#8217;Educaci\u00f3 convoca les proves per a l&#8217;obtenci\u00f3 del t\u00edtol de graduat en educaci\u00f3 secund\u00e0ria obligat\u00f2ria, per als alumnes que no l&#8217;hagin obtingut en finalitzar l&#8217;etapa. Tota la informaci\u00f3 [&hellip;]<\/p>\n","protected":false},"author":4,"featured_media":0,"parent":57,"menu_order":3,"comment_status":"closed","ping_status":"closed","template":"","meta":{"_bbp_topic_count":0,"_bbp_reply_count":0,"_bbp_total_topic_count":0,"_bbp_total_reply_count":0,"_bbp_voice_count":0,"_bbp_anonymous_reply_count":0,"_bbp_topic_count_hidden":0,"_bbp_reply_count_hidden":0,"_bbp_forum_subforum_count":0,"site-sidebar-layout":"default","site-content-layout":"","ast-site-content-layout":"default","site-content-style":"default","site-sidebar-style":"default","ast-global-header-display":"","ast-banner-title-visibility":"","ast-main-header-display":"","ast-hfb-above-header-display":"","ast-hfb-below-header-display":"","ast-hfb-mobile-header-display":"","site-post-title":"disabled","ast-breadcrumbs-content":"","ast-featured-img":"","footer-sml-layout":"","theme-transparent-header-meta":"default","adv-header-id-meta":"","stick-header-meta":"","header-above-stick-meta":"","header-main-stick-meta":"","header-below-stick-meta":"","astra-migrate-meta-layouts":"set","ast-page-background-enabled":"default","ast-page-background-meta":{"desktop":{"background-color":"var(--ast-global-color-4)","background-image":"","background-repeat":"repeat","background-position":"center center","background-size":"auto","background-attachment":"scroll","background-type":"","background-media":"","overlay-type":"","overlay-color":"","overlay-opacity":"","overlay-gradient":""},"tablet":{"background-color":"","background-image":"","background-repeat":"repeat","background-position":"center center","background-size":"auto","background-attachment":"scroll","background-type":"","background-media":"","overlay-type":"","overlay-color":"","overlay-opacity":"","overlay-gradient":""},"mobile":{"background-color":"","background-image":"","background-repeat":"repeat","background-position":"center center","background-size":"auto","background-attachment":"scroll","background-type":"","background-media":"","overlay-type":"","overlay-color":"","overlay-opacity":"","overlay-gradient":""}},"ast-content-background-meta":{"desktop":{"background-color":"var(--ast-global-color-5)","background-image":"","background-repeat":"repeat","background-position":"center center","background-size":"auto","background-attachment":"scroll","background-type":"","background-media":"","overlay-type":"","overlay-color":"","overlay-opacity":"","overlay-gradient":""},"tablet":{"background-color":"var(--ast-global-color-5)","background-image":"","background-repeat":"repeat","background-position":"center center","background-size":"auto","background-attachment":"scroll","background-type":"","background-media":"","overlay-type":"","overlay-color":"","overlay-opacity":"","overlay-gradient":""},"mobile":{"background-color":"var(--ast-global-color-5)","background-image":"","background-repeat":"repeat","background-position":"center center","background-size":"auto","background-attachment":"scroll","background-type":"","background-media":"","overlay-type":"","overlay-color":"","overlay-opacity":"","overlay-gradient":""}},"footnotes":""},"class_list":["post-808","page","type-page","status-publish","hentry"],"post_mailing_queue_ids":[],"_links":{"self":[{"href":"https:\/\/agora.xtec.cat\/ies-bisbe-berenguer\/wp-json\/wp\/v2\/pages\/808","targetHints":{"allow":["GET"]}}],"collection":[{"href":"https:\/\/agora.xtec.cat\/ies-bisbe-berenguer\/wp-json\/wp\/v2\/pages"}],"about":[{"href":"https:\/\/agora.xtec.cat\/ies-bisbe-berenguer\/wp-json\/wp\/v2\/types\/page"}],"author":[{"embeddable":true,"href":"https:\/\/agora.xtec.cat\/ies-bisbe-berenguer\/wp-json\/wp\/v2\/users\/4"}],"replies":[{"embeddable":true,"href":"https:\/\/agora.xtec.cat\/ies-bisbe-berenguer\/wp-json\/wp\/v2\/comments?post=808"}],"version-history":[{"count":8,"href":"https:\/\/agora.xtec.cat\/ies-bisbe-berenguer\/wp-json\/wp\/v2\/pages\/808\/revisions"}],"predecessor-version":[{"id":11285,"href":"https:\/\/agora.xtec.cat\/ies-bisbe-berenguer\/wp-json\/wp\/v2\/pages\/808\/revisions\/11285"}],"up":[{"embeddable":true,"href":"https:\/\/agora.xtec.cat\/ies-bisbe-berenguer\/wp-json\/wp\/v2\/pages\/57"}],"wp:attachment":[{"href":"https:\/\/agora.xtec.cat\/ies-bisbe-berenguer\/wp-json\/wp\/v2\/media?parent=808"}],"curies":[{"name":"wp","href":"https:\/\/api.w.org\/{rel}","templated":true}]}}