{"id":7885,"date":"2024-09-05T13:41:58","date_gmt":"2024-09-05T11:41:58","guid":{"rendered":"https:\/\/agora.xtec.cat\/ies-barcelona-congres\/?page_id=7885"},"modified":"2025-11-17T09:17:17","modified_gmt":"2025-11-17T08:17:17","slug":"extraescolars","status":"publish","type":"page","link":"https:\/\/agora.xtec.cat\/ies-barcelona-congres\/extraescolars\/","title":{"rendered":"Extraescolars"},"content":{"rendered":"<h4 class=\"CjVfdc CJIdie\"><strong><span class=\"C9DxTc \">Associaci\u00f3 Esportiva Sant Andreu<\/span><\/strong><\/h4>\n<p dir=\"ltr\" role=\"presentation\"><strong>Futbol<\/strong> (dilluns i dimarts de 16.40 h\u00a0 a 17.40 h)<\/p>\n<p dir=\"ltr\" role=\"presentation\"><strong>V\u00f2lei<\/strong> (dimarts i dijous de 16.15 h a 17.15 h)<\/p>\n<p dir=\"ltr\" role=\"presentation\">Inici a l\u2019octubre.<\/p>\n<hr \/>\n<div class=\"oKdM2c ZZyype Kzv0Me\">\n<div id=\"h.13ab3d804cfcdada_29\" class=\"hJDwNd-AhqUyc-OwsYgb Ft7HRd-AhqUyc-OwsYgb jXK9ad D2fZ2 zu5uec OjCsFc dmUFtb\">\n<div class=\"jXK9ad-SmKAyb\">\n<div class=\"tyJCtd mGzaTb Depvyb baZpAe\">\n<h4 class=\"CjVfdc CJIdie\"><strong><span class=\"C9DxTc \">SESE &#8211; Esport en Marxa (B\u00e0squet)<\/span><\/strong><\/h4>\n<p dir=\"ltr\" role=\"presentation\">Dimarts i dijous de 17.15\u202fh a 18.15 h<\/p>\n<p dir=\"ltr\">SESE: c\/ Joan Alcover 6, 08031 Barcelona. Inici a l\u2019octubre.<\/p>\n<hr \/>\n<h4 class=\"CjVfdc CJIdie\"><strong><span class=\"C9DxTc \">C\u00f2mic\/Manga &#8211; Arts visuals (Extra Extra &#8211; Pla de Barris)<\/span><\/strong><\/h4>\n<\/div>\n<p>Dimarts de 16.15 a 17.30 h<\/p>\n<p><strong>Activitat gratu\u00efta amb inscripci\u00f3 pr\u00e8via a l&#8217;institut (data l\u00edmit 28\/09).<\/strong><\/p>\n<p>Inici a l\u2019octubre.<\/p>\n<p>Aquesta activitat \u00e9s priorit\u00e0ria per alumnat de 1r i 2n d\u2019ESO.<\/p>\n<hr \/>\n<h4><strong>\u00c8XIT (refor\u00e7)<\/strong><\/h4>\n<p>dilluns i dimecres de 16 a 17.30 h<\/p>\n<hr \/>\n<h4><strong>Speak up <\/strong><strong>(refor\u00e7 d&#8217;angl\u00e8s)<\/strong><\/h4>\n<p>dilluns i dimecres de 16 a 17.30 h<\/p>\n<hr \/>\n<h4><strong>Refor\u00e7 Prometeus Batx<\/strong><\/h4>\n<p>dimarts i dijous de 15:30 a 18.30 h<\/p>\n<\/div>\n<\/div>\n<\/div>\n<hr \/>\n<div class=\"oKdM2c ZZyype\">\n<div id=\"h.13ab3d804cfcdada_31\" class=\"hJDwNd-AhqUyc-OwsYgb Ft7HRd-AhqUyc-OwsYgb jXK9ad D2fZ2 zu5uec wHaque g5GTcb\">\n<h4 class=\"jXK9ad-SmKAyb\"><strong>Informaci\u00f3 Beques: tis@congres.cat<\/strong><\/h4>\n<hr \/>\n<p>&nbsp;<\/p>\n<\/div>\n<\/div>\n","protected":false},"excerpt":{"rendered":"<p>Associaci\u00f3 Esportiva Sant Andreu<br \/>\nFutbol (dilluns i dimarts de 16.40 h\u00a0 a 17.40 h)<br \/>\nV\u00f2lei (dimarts i dijous de 16.15 h a 17.15 h)<br \/>\nInici a l\u2019octubre.<\/p>\n<p>SESE &#8211; Esport en Marxa (B\u00e0squet)<br \/>\nDimarts i dijous de 17.15\u202fh a 18.15 h<br \/>\nSESE: c\/ Joan Alcover 6, 08031 Barcelona. Inici a l\u2019octubre.<\/p>\n<p>C\u00f2mic\/Manga&hellip;  <a href=\"https:\/\/agora.xtec.cat\/ies-barcelona-congres\/extraescolars\/\" title=\"Read Extraescolars\">Llegeix m\u00e9s\u00bb<\/a><\/p>\n","protected":false},"author":1,"featured_media":0,"parent":0,"menu_order":0,"comment_status":"closed","ping_status":"closed","template":"","meta":{"_bbp_topic_count":0,"_bbp_reply_count":0,"_bbp_total_topic_count":0,"_bbp_total_reply_count":0,"_bbp_voice_count":0,"_bbp_anonymous_reply_count":0,"_bbp_topic_count_hidden":0,"_bbp_reply_count_hidden":0,"_bbp_forum_subforum_count":0,"footnotes":""},"class_list":["post-7885","page","type-page","status-publish","hentry"],"post_mailing_queue_ids":[],"_links":{"self":[{"href":"https:\/\/agora.xtec.cat\/ies-barcelona-congres\/wp-json\/wp\/v2\/pages\/7885","targetHints":{"allow":["GET"]}}],"collection":[{"href":"https:\/\/agora.xtec.cat\/ies-barcelona-congres\/wp-json\/wp\/v2\/pages"}],"about":[{"href":"https:\/\/agora.xtec.cat\/ies-barcelona-congres\/wp-json\/wp\/v2\/types\/page"}],"author":[{"embeddable":true,"href":"https:\/\/agora.xtec.cat\/ies-barcelona-congres\/wp-json\/wp\/v2\/users\/1"}],"replies":[{"embeddable":true,"href":"https:\/\/agora.xtec.cat\/ies-barcelona-congres\/wp-json\/wp\/v2\/comments?post=7885"}],"version-history":[{"count":6,"href":"https:\/\/agora.xtec.cat\/ies-barcelona-congres\/wp-json\/wp\/v2\/pages\/7885\/revisions"}],"predecessor-version":[{"id":9318,"href":"https:\/\/agora.xtec.cat\/ies-barcelona-congres\/wp-json\/wp\/v2\/pages\/7885\/revisions\/9318"}],"wp:attachment":[{"href":"https:\/\/agora.xtec.cat\/ies-barcelona-congres\/wp-json\/wp\/v2\/media?parent=7885"}],"curies":[{"name":"wp","href":"https:\/\/api.w.org\/{rel}","templated":true}]}}