{"id":57,"date":"2014-09-17T17:01:07","date_gmt":"2014-09-17T17:01:07","guid":{"rendered":"http:\/\/agora.xtec.cat\/ies-baldiri\/?page_id=57"},"modified":"2026-02-04T23:24:56","modified_gmt":"2026-02-04T22:24:56","slug":"projecte-educatiu","status":"publish","type":"page","link":"https:\/\/agora.xtec.cat\/ies-baldiri\/estrategia-digital-de-centre\/cultura-digital-de-centre\/documentacio-basica\/projecte-educatiu\/","title":{"rendered":"Projecte educatiu i ling\u00fc\u00edstic"},"content":{"rendered":"<p>En aquesta secci\u00f3 podeu descarregar el projecte educatiu i el projecte ling\u00fc\u00edstic del centre.<\/p>\n<p><a href=\"https:\/\/agora.xtec.cat\/ies-baldiri\/wp-content\/uploads\/usu896\/2026\/02\/PEC-Institut-Baldiri-Guilera-gener-2026.pdf\">PEC-Institut-Baldiri-Guilera gener 2026<\/a><\/p>\n<p><a href=\"https:\/\/agora.xtec.cat\/ies-baldiri\/wp-content\/uploads\/usu896\/2023\/07\/Projecte-linguistic-Institut-Baldiri-Guilera.pdf\">Projecte ling\u00fc\u00edstic Institut Baldiri Guilera<\/a><\/p>\n","protected":false},"excerpt":{"rendered":"<p>En aquesta secci\u00f3 podeu descarregar el projecte educatiu i el projecte ling\u00fc\u00edstic del centre.<br \/>\n<a href=\"https:\/\/agora.xtec.cat\/ies-baldiri\/wp-content\/uploads\/usu896\/2026\/02\/PEC-Institut-Baldiri-Guilera-gener-2026.pdf\">PEC-Institut-Baldiri-Guilera gener 2026<\/a><br \/>\n<a href=\"https:\/\/agora.xtec.cat\/ies-baldiri\/wp-content\/uploads\/usu896\/2023\/07\/Projecte-linguistic-Institut-Baldiri-Guilera.pdf\">Projecte ling\u00fc\u00edstic Institut Baldiri Guilera<\/a><\/p>\n","protected":false},"author":1,"featured_media":0,"parent":2583,"menu_order":0,"comment_status":"closed","ping_status":"closed","template":"page-templates\/side-menu.php","meta":{"_bbp_topic_count":0,"_bbp_reply_count":0,"_bbp_total_topic_count":0,"_bbp_total_reply_count":0,"_bbp_voice_count":0,"_bbp_anonymous_reply_count":0,"_bbp_topic_count_hidden":0,"_bbp_reply_count_hidden":0,"_bbp_forum_subforum_count":0,"footnotes":""},"class_list":["post-57","page","type-page","status-publish","hentry"],"post_mailing_queue_ids":[],"_links":{"self":[{"href":"https:\/\/agora.xtec.cat\/ies-baldiri\/wp-json\/wp\/v2\/pages\/57","targetHints":{"allow":["GET"]}}],"collection":[{"href":"https:\/\/agora.xtec.cat\/ies-baldiri\/wp-json\/wp\/v2\/pages"}],"about":[{"href":"https:\/\/agora.xtec.cat\/ies-baldiri\/wp-json\/wp\/v2\/types\/page"}],"author":[{"embeddable":true,"href":"https:\/\/agora.xtec.cat\/ies-baldiri\/wp-json\/wp\/v2\/users\/1"}],"replies":[{"embeddable":true,"href":"https:\/\/agora.xtec.cat\/ies-baldiri\/wp-json\/wp\/v2\/comments?post=57"}],"version-history":[{"count":4,"href":"https:\/\/agora.xtec.cat\/ies-baldiri\/wp-json\/wp\/v2\/pages\/57\/revisions"}],"predecessor-version":[{"id":3917,"href":"https:\/\/agora.xtec.cat\/ies-baldiri\/wp-json\/wp\/v2\/pages\/57\/revisions\/3917"}],"up":[{"embeddable":true,"href":"https:\/\/agora.xtec.cat\/ies-baldiri\/wp-json\/wp\/v2\/pages\/2583"}],"wp:attachment":[{"href":"https:\/\/agora.xtec.cat\/ies-baldiri\/wp-json\/wp\/v2\/media?parent=57"}],"curies":[{"name":"wp","href":"https:\/\/api.w.org\/{rel}","templated":true}]}}

Projecte educatiu i lingüístic

<p>En aquesta secció podeu descarregar el projecte educatiu i el projecte lingüístic del centre.</p>
<p><a href="https://agora.xtec.cat/ies-baldiri/wp-content/uploads/usu896/2026/02/PEC-Institut-Baldiri-Guilera-gener-2026.pdf">PEC-Institut-Baldiri-Guilera gener 2026</a></p>
<p><a href="https://agora.xtec.cat/ies-baldiri/wp-content/uploads/usu896/2023/07/Projecte-linguistic-Institut-Baldiri-Guilera.pdf">Projecte lingüístic Institut Baldiri Guilera</a></p>

<p>En aquesta secció podeu descarregar el projecte educatiu i el projecte lingüístic del centre.<br />
<a href="https://agora.xtec.cat/ies-baldiri/wp-content/uploads/usu896/2026/02/PEC-Institut-Baldiri-Guilera-gener-2026.pdf">PEC-Institut-Baldiri-Guilera gener 2026</a><br />
<a href="https://agora.xtec.cat/ies-baldiri/wp-content/uploads/usu896/2023/07/Projecte-linguistic-Institut-Baldiri-Guilera.pdf">Projecte lingüístic Institut Baldiri Guilera</a></p>
