{"id":43,"date":"2014-09-17T16:45:07","date_gmt":"2014-09-17T16:45:07","guid":{"rendered":"http:\/\/agora.xtec.cat\/ies-baldiri\/?page_id=43"},"modified":"2026-02-17T14:46:04","modified_gmt":"2026-02-17T13:46:04","slug":"https-agora-xtec-cat-ies-baldiri-resultat-de-les-eleccions-al-consell-escolar","status":"publish","type":"page","link":"https:\/\/agora.xtec.cat\/ies-baldiri\/linstitut\/https-agora-xtec-cat-ies-baldiri-resultat-de-les-eleccions-al-consell-escolar\/","title":{"rendered":"Consell escolar"},"content":{"rendered":"<p><strong><span style=\"color: #993366;\">REPRESENTANTS DE LA JUNTA DIRECTIVA<\/span><\/strong><\/p>\n<p>Rosa Maria Delgado Leyva &#8211; Directora<\/p>\n<p>Diana Romero Morales &#8211; Cap d\u2019Estudis<\/p>\n<p>Ester Cipri\u00e1n Chisvert &#8211; Secret\u00e0ria<\/p>\n<p><strong><span style=\"color: #993366;\">REPRESENTANT AJUNTAMENT<\/span><\/strong><\/p>\n<p><span class=\"il\">Ux\u00eda<\/span>\u00a0Gonz\u00e1lez Valc\u00e1rcel<\/p>\n<p><strong><span style=\"color: #993366;\">REPRESENTANTS SECTOR PROFESSORAT<\/span><\/strong><\/p>\n<p style=\"text-align: left;\">Maria Asunci\u00f3n P\u00e9rez Sala<\/p>\n<p style=\"text-align: left;\">Al\u00edcia Garc\u00eda Falc\u00f3<\/p>\n<p style=\"text-align: left;\">Mariola Grande Miguel<\/p>\n<p style=\"text-align: left;\">Marta Hern\u00e1ndez Mateu<\/p>\n<p style=\"text-align: left;\">Olga Miguel Miralpeix<\/p>\n<p style=\"text-align: left;\">Marina Pujol Past\u00f3<\/p>\n<p style=\"text-align: left;\">\u00c1ngela Plaza P\u00e9rez<\/p>\n<p style=\"text-align: left;\">Maria Gavald\u00e0 Miracle<\/p>\n<p><strong><span style=\"color: #993366;\">REPRESENTANTS SECTOR ALUMNAT<\/span><\/strong><\/p>\n<p>Nathalia Lisbeth Porras Contreras<\/p>\n<p>Aitor Trigo Cruz<\/p>\n<p>Daniel Peregrina Aregall<\/p>\n<p>Roc\u00edo Blanco Garc\u00eda<\/p>\n<p><strong><span style=\"color: #993366;\">REPRESENTANTS SECTOR PARES I MARES<\/span><\/strong><\/p>\n<p>J\u00falia Garc\u00eda Mart\u00ednez<\/p>\n<p>Estefan\u00eda Mart\u00ednez Mart\u00ednez<\/p>\n<p>L\u00eddia Mu\u00f1oz Lozano (presidenta AFA)<\/p>\n<p>Manuel Armesto Paredes<\/p>\n<p><strong><span style=\"color: #993366;\">REPRESENTANT PERSONAL D\u2019ADMINISTRACI\u00d3 I SERVEIS<\/span><\/strong><\/p>\n<p>Aleida Garc\u00eda Mart\u00edn (secret\u00e0ria administrativa)<\/p>\n","protected":false},"excerpt":{"rendered":"<p>REPRESENTANTS DE LA JUNTA DIRECTIVA<br \/>\nRosa Maria Delgado Leyva &#8211; Directora<br \/>\nDiana Romero Morales &#8211; Cap d\u2019Estudis<br \/>\nEster Cipri\u00e1n Chisvert &#8211; Secret\u00e0ria<br \/>\nREPRESENTANT AJUNTAMENT<br \/>\nUx\u00eda\u00a0Gonz\u00e1lez Valc\u00e1rcel<br \/>\nREPRESENTANTS SECTOR PROFESSORAT<br \/>\nMaria Asunci\u00f3n P\u00e9rez Sala<br \/>\nAl\u00edcia Garc\u00eda Falc\u00f3<br \/>\nMariola Grande Miguel<br \/>\nMarta Hern\u00e1ndez Mateu<br \/>\nOlga Miguel Miralpeix<br \/>\nMarina Pujol Past\u00f3<br \/>\n\u00c1ngela Plaza P\u00e9rez<br \/>\nMaria Gavald\u00e0 Miracle<br \/>\nREPRESENTANTS SECTOR ALUMNAT<br \/>\nNathalia Lisbeth Porras Contreras<br \/>\nAitor&hellip;  <a href=\"https:\/\/agora.xtec.cat\/ies-baldiri\/linstitut\/https-agora-xtec-cat-ies-baldiri-resultat-de-les-eleccions-al-consell-escolar\/\" title=\"Read Consell escolar\">Llegeix m\u00e9s\u00bb<\/a><\/p>\n","protected":false},"author":1,"featured_media":0,"parent":19,"menu_order":40,"comment_status":"closed","ping_status":"closed","template":"page-templates\/side-menu.php","meta":{"_bbp_topic_count":0,"_bbp_reply_count":0,"_bbp_total_topic_count":0,"_bbp_total_reply_count":0,"_bbp_voice_count":0,"_bbp_anonymous_reply_count":0,"_bbp_topic_count_hidden":0,"_bbp_reply_count_hidden":0,"_bbp_forum_subforum_count":0,"footnotes":""},"class_list":["post-43","page","type-page","status-publish","hentry"],"post_mailing_queue_ids":[],"_links":{"self":[{"href":"https:\/\/agora.xtec.cat\/ies-baldiri\/wp-json\/wp\/v2\/pages\/43","targetHints":{"allow":["GET"]}}],"collection":[{"href":"https:\/\/agora.xtec.cat\/ies-baldiri\/wp-json\/wp\/v2\/pages"}],"about":[{"href":"https:\/\/agora.xtec.cat\/ies-baldiri\/wp-json\/wp\/v2\/types\/page"}],"author":[{"embeddable":true,"href":"https:\/\/agora.xtec.cat\/ies-baldiri\/wp-json\/wp\/v2\/users\/1"}],"replies":[{"embeddable":true,"href":"https:\/\/agora.xtec.cat\/ies-baldiri\/wp-json\/wp\/v2\/comments?post=43"}],"version-history":[{"count":6,"href":"https:\/\/agora.xtec.cat\/ies-baldiri\/wp-json\/wp\/v2\/pages\/43\/revisions"}],"predecessor-version":[{"id":3945,"href":"https:\/\/agora.xtec.cat\/ies-baldiri\/wp-json\/wp\/v2\/pages\/43\/revisions\/3945"}],"up":[{"embeddable":true,"href":"https:\/\/agora.xtec.cat\/ies-baldiri\/wp-json\/wp\/v2\/pages\/19"}],"wp:attachment":[{"href":"https:\/\/agora.xtec.cat\/ies-baldiri\/wp-json\/wp\/v2\/media?parent=43"}],"curies":[{"name":"wp","href":"https:\/\/api.w.org\/{rel}","templated":true}]}}