{"id":2669,"date":"2023-07-11T10:42:02","date_gmt":"2023-07-11T08:42:02","guid":{"rendered":"https:\/\/agora.xtec.cat\/ies-baldiri\/?page_id=2669"},"modified":"2023-07-11T10:55:43","modified_gmt":"2023-07-11T08:55:43","slug":"objectius","status":"publish","type":"page","link":"https:\/\/agora.xtec.cat\/ies-baldiri\/estrategia-digital-de-centre\/documentacio-estrategia-digital\/objectius\/","title":{"rendered":"Objectius"},"content":{"rendered":"<p>Per a cadascun dels blocs de treball s\u2019estableix un objectiu de l\u2019EDC:<\/p>\n<ul>\n<li style=\"list-style-type: none;\">\n<ul>\n<li aria-level=\"1\"><b>Bloc B<\/b><b>: COL\u00b7LABORACI\u00d3 I XARXES<\/b><b><br \/>\n<\/b><b><i>Objectiu 1: Millorar la col\u00b7laboraci\u00f3 entre els docents, la comissi\u00f3 d&#8217;EDC, l&#8217;Equip Directiu i agents externs per a fomentar la innovaci\u00f3 i la millora continua en la pr\u00e0ctica educativa.<\/i><\/b><\/li>\n<li aria-level=\"1\"><b>Bloc D<\/b><b>: DESENVOLUPAMENT PERSONAL CONTINU<\/b><b><br \/>\n<\/b><b><i>Objectiu 2. Millorar la formaci\u00f3 dels docents en avaluaci\u00f3 competencials amb eines digitals.<\/i><\/b><b><i><\/p>\n<p><\/i><\/b><\/li>\n<li aria-level=\"1\"><b>Bloc G<\/b><b>: PR\u00c0CTIQUES D\u2019AVALUACI\u00d3<\/b><b><br \/>\n<\/b><b><i>Objectiu 3. Implementar i integrar adequadament les tecnologies digitals en les pr\u00e0ctiques d&#8217;avaluaci\u00f3 del centre per millorar la qualitat de l&#8217;avaluaci\u00f3 i el feedback als alumnes.<\/i><\/b><b><i><\/p>\n<p><\/i><\/b><\/li>\n<\/ul>\n<\/li>\n<\/ul>\n<ul>\n<li aria-level=\"1\"><b>Bloc H<\/b><b>: COMPET\u00c8NCIES DIGITALS DE L&#8217;ALUMNAT<\/b><b><br \/>\n<\/b><b><i>Objectiu 4. Actualitzar el desplegament complet de la compet\u00e8ncia digital de l\u2019alumnat.<\/i><\/b><\/li>\n<\/ul>\n<p>A m\u00e9s, la comissi\u00f3 decideix afegir un cinqu\u00e8 objectiu relacionat amb la documentaci\u00f3 de centre:<\/p>\n<p><b><i>Objectiu 5. Actualitzar la documentaci\u00f3 de centre relacionada amb l&#8217;EDC.<\/i><\/b><\/p>\n","protected":false},"excerpt":{"rendered":"<p>Per a cadascun dels blocs de treball s\u2019estableix un objectiu de l\u2019EDC:<\/p>\n<ul>\n<li style=\"list-style-type: none;\">\n<ul>\n<li aria-level=\"1\">Bloc B: COL\u00b7LABORACI\u00d3 I XARXES<br \/>\nObjectiu 1: Millorar la col\u00b7laboraci\u00f3 entre els docents, la comissi\u00f3 d&#8217;EDC, l&#8217;Equip Directiu i agents externs per a fomentar la innovaci\u00f3 i la millora continua en la&hellip;  <a href=\"https:\/\/agora.xtec.cat\/ies-baldiri\/estrategia-digital-de-centre\/documentacio-estrategia-digital\/objectius\/\" title=\"Read Objectius\">Llegeix m\u00e9s\u00bb<\/a><\/p>\n","protected":false},"author":1,"featured_media":0,"parent":2656,"menu_order":0,"comment_status":"closed","ping_status":"closed","template":"","meta":{"_bbp_topic_count":0,"_bbp_reply_count":0,"_bbp_total_topic_count":0,"_bbp_total_reply_count":0,"_bbp_voice_count":0,"_bbp_anonymous_reply_count":0,"_bbp_topic_count_hidden":0,"_bbp_reply_count_hidden":0,"_bbp_forum_subforum_count":0,"footnotes":""},"class_list":["post-2669","page","type-page","status-publish","hentry"],"post_mailing_queue_ids":[],"_links":{"self":[{"href":"https:\/\/agora.xtec.cat\/ies-baldiri\/wp-json\/wp\/v2\/pages\/2669","targetHints":{"allow":["GET"]}}],"collection":[{"href":"https:\/\/agora.xtec.cat\/ies-baldiri\/wp-json\/wp\/v2\/pages"}],"about":[{"href":"https:\/\/agora.xtec.cat\/ies-baldiri\/wp-json\/wp\/v2\/types\/page"}],"author":[{"embeddable":true,"href":"https:\/\/agora.xtec.cat\/ies-baldiri\/wp-json\/wp\/v2\/users\/1"}],"replies":[{"embeddable":true,"href":"https:\/\/agora.xtec.cat\/ies-baldiri\/wp-json\/wp\/v2\/comments?post=2669"}],"version-history":[{"count":2,"href":"https:\/\/agora.xtec.cat\/ies-baldiri\/wp-json\/wp\/v2\/pages\/2669\/revisions"}],"predecessor-version":[{"id":2679,"href":"https:\/\/agora.xtec.cat\/ies-baldiri\/wp-json\/wp\/v2\/pages\/2669\/revisions\/2679"}],"up":[{"embeddable":true,"href":"https:\/\/agora.xtec.cat\/ies-baldiri\/wp-json\/wp\/v2\/pages\/2656"}],"wp:attachment":[{"href":"https:\/\/agora.xtec.cat\/ies-baldiri\/wp-json\/wp\/v2\/media?parent=2669"}],"curies":[{"name":"wp","href":"https:\/\/api.w.org\/{rel}","templated":true}]}}

<p>Per a cadascun dels blocs de treball s’estableix un objectiu de l’EDC:</p>
<ul>
<li style="list-style-type: none;">
<ul>
<li aria-level="1"><b>Bloc B</b><b>: COL·LABORACIÓ I XARXES</b><b><br />
</b><b><i>Objectiu 1: Millorar la col·laboració entre els docents, la comissió d&#8217;EDC, l&#8217;Equip Directiu i agents externs per a fomentar la innovació i la millora continua en la pràctica educativa.</i></b></li>
<li aria-level="1"><b>Bloc D</b><b>: DESENVOLUPAMENT PERSONAL CONTINU</b><b><br />
</b><b><i>Objectiu 2. Millorar la formació dels docents en avaluació competencials amb eines digitals.</i></b><b><i></p>
<p></i></b></li>
<li aria-level="1"><b>Bloc G</b><b>: PRÀCTIQUES D’AVALUACIÓ</b><b><br />
</b><b><i>Objectiu 3. Implementar i integrar adequadament les tecnologies digitals en les pràctiques d&#8217;avaluació del centre per millorar la qualitat de l&#8217;avaluació i el feedback als alumnes.</i></b><b><i></p>
<p></i></b></li>
</ul>
</li>
</ul>
<ul>
<li aria-level="1"><b>Bloc H</b><b>: COMPETÈNCIES DIGITALS DE L&#8217;ALUMNAT</b><b><br />
</b><b><i>Objectiu 4. Actualitzar el desplegament complet de la competència digital de l’alumnat.</i></b></li>
</ul>
<p>A més, la comissió decideix afegir un cinquè objectiu relacionat amb la documentació de centre:</p>
<p><b><i>Objectiu 5. Actualitzar la documentació de centre relacionada amb l&#8217;EDC.</i></b></p>

<p>Per a cadascun dels blocs de treball s’estableix un objectiu de l’EDC:</p>
<ul>
<li style="list-style-type: none;">
<ul>
<li aria-level="1">Bloc B: COL·LABORACIÓ I XARXES<br />
Objectiu 1: Millorar la col·laboració entre els docents, la comissió d&#8217;EDC, l&#8217;Equip Directiu i agents externs per a fomentar la innovació i la millora continua en la&hellip;  <a href="https://agora.xtec.cat/ies-baldiri/estrategia-digital-de-centre/documentacio-estrategia-digital/objectius/" title="Read Objectius">Llegeix més»</a></p>
