{"id":2665,"date":"2023-07-11T10:41:31","date_gmt":"2023-07-11T08:41:31","guid":{"rendered":"https:\/\/agora.xtec.cat\/ies-baldiri\/?page_id=2665"},"modified":"2023-07-11T11:53:06","modified_gmt":"2023-07-11T09:53:06","slug":"introduccio","status":"publish","type":"page","link":"https:\/\/agora.xtec.cat\/ies-baldiri\/estrategia-digital-de-centre\/documentacio-estrategia-digital\/introduccio\/","title":{"rendered":"Introducci\u00f3"},"content":{"rendered":"<h2>L\u2019estrat\u00e8gia digital de centre (EDC)<\/h2>\n<p>L\u2019estrat\u00e8gia digital de centre (EDC) \u00e9s un document que defineix i concreta les l\u00ednies d\u2019actuaci\u00f3 del centre que fan possible que docents, alumnat i centre assoleixin la compet\u00e8ncia digital. Ha de tenir com a referent el Pla d\u2019educaci\u00f3 digital de Catalunya (PEDC), on s\u2019indica la necessitat d\u2019assolir la fita d\u2019una societat digitalment competent, fent \u00e8mfasi en l\u2019equitat i tenint en compte l\u2019evoluci\u00f3 del context social i tecnol\u00f2gic.<\/p>\n<p>Per aconseguir aquesta compet\u00e8ncia digital, l\u2019EDC compr\u00e8n tots els \u00e0mbits del centre: organitzatius, metodol\u00f2gics, curriculars i comunicatius, els quals s\u2019han de veure necess\u00e0riament implicats i, si escau, transformats, des d\u2019una perspectiva d\u2019innovaci\u00f3 i de millora cont\u00ednua.<\/p>\n<h2>Context: Dades b\u00e0siques del centre<\/h2>\n<p>L\u2019institut Baldiri Guilera \u00e9s un centre p\u00fablic d\u2019ensenyament secundari, que dep\u00e8n de la Conselleria d\u2019Educaci\u00f3 de la Generalitat de Catalunya i que est\u00e0 situat al Prat de Llobregat. Va ser el primer centre d\u2019educaci\u00f3 secund\u00e0ria del Prat i en els seus 54 anys d\u2019hist\u00f2ria, ha preparat nombroses generacions de pratencs i pratenques per accedir a la universitat, als cicles formatius o al m\u00f3n laboral.<\/p>\n<p>Actualment, s\u2019hi imparteixen classes d\u2019ESO (quatre l\u00ednies) i Batxillerat (tres l\u00ednies) en les modalitats d\u2019Arts Esc\u00e8niques, Ci\u00e8ncies i Tecnologia i Humanitats i Ci\u00e8ncies Socials.<\/p>\n<p>La dotaci\u00f3 docent \u00e9s de 66 professors m\u00e9s 6 persones de PAS.<\/p>\n","protected":false},"excerpt":{"rendered":"<p>L\u2019estrat\u00e8gia digital de centre (EDC)<br \/>\nL\u2019estrat\u00e8gia digital de centre (EDC) \u00e9s un document que defineix i concreta les l\u00ednies d\u2019actuaci\u00f3 del centre que fan possible que docents, alumnat i centre assoleixin la compet\u00e8ncia digital. Ha de tenir com a referent el Pla d\u2019educaci\u00f3 digital de Catalunya&hellip;  <a href=\"https:\/\/agora.xtec.cat\/ies-baldiri\/estrategia-digital-de-centre\/documentacio-estrategia-digital\/introduccio\/\" title=\"Read Introducci\u00f3\">Llegeix m\u00e9s\u00bb<\/a><\/p>\n","protected":false},"author":1,"featured_media":0,"parent":2656,"menu_order":0,"comment_status":"closed","ping_status":"closed","template":"","meta":{"_bbp_topic_count":0,"_bbp_reply_count":0,"_bbp_total_topic_count":0,"_bbp_total_reply_count":0,"_bbp_voice_count":0,"_bbp_anonymous_reply_count":0,"_bbp_topic_count_hidden":0,"_bbp_reply_count_hidden":0,"_bbp_forum_subforum_count":0,"footnotes":""},"class_list":["post-2665","page","type-page","status-publish","hentry"],"post_mailing_queue_ids":[],"_links":{"self":[{"href":"https:\/\/agora.xtec.cat\/ies-baldiri\/wp-json\/wp\/v2\/pages\/2665","targetHints":{"allow":["GET"]}}],"collection":[{"href":"https:\/\/agora.xtec.cat\/ies-baldiri\/wp-json\/wp\/v2\/pages"}],"about":[{"href":"https:\/\/agora.xtec.cat\/ies-baldiri\/wp-json\/wp\/v2\/types\/page"}],"author":[{"embeddable":true,"href":"https:\/\/agora.xtec.cat\/ies-baldiri\/wp-json\/wp\/v2\/users\/1"}],"replies":[{"embeddable":true,"href":"https:\/\/agora.xtec.cat\/ies-baldiri\/wp-json\/wp\/v2\/comments?post=2665"}],"version-history":[{"count":4,"href":"https:\/\/agora.xtec.cat\/ies-baldiri\/wp-json\/wp\/v2\/pages\/2665\/revisions"}],"predecessor-version":[{"id":2694,"href":"https:\/\/agora.xtec.cat\/ies-baldiri\/wp-json\/wp\/v2\/pages\/2665\/revisions\/2694"}],"up":[{"embeddable":true,"href":"https:\/\/agora.xtec.cat\/ies-baldiri\/wp-json\/wp\/v2\/pages\/2656"}],"wp:attachment":[{"href":"https:\/\/agora.xtec.cat\/ies-baldiri\/wp-json\/wp\/v2\/media?parent=2665"}],"curies":[{"name":"wp","href":"https:\/\/api.w.org\/{rel}","templated":true}]}}

Introducció

<h2>L’estratègia digital de centre (EDC)</h2>
<p>L’estratègia digital de centre (EDC) és un document que defineix i concreta les línies d’actuació del centre que fan possible que docents, alumnat i centre assoleixin la competència digital. Ha de tenir com a referent el Pla d’educació digital de Catalunya (PEDC), on s’indica la necessitat d’assolir la fita d’una societat digitalment competent, fent èmfasi en l’equitat i tenint en compte l’evolució del context social i tecnològic.</p>
<p>Per aconseguir aquesta competència digital, l’EDC comprèn tots els àmbits del centre: organitzatius, metodològics, curriculars i comunicatius, els quals s’han de veure necessàriament implicats i, si escau, transformats, des d’una perspectiva d’innovació i de millora contínua.</p>
<h2>Context: Dades bàsiques del centre</h2>
<p>L’institut Baldiri Guilera és un centre públic d’ensenyament secundari, que depèn de la Conselleria d’Educació de la Generalitat de Catalunya i que està situat al Prat de Llobregat. Va ser el primer centre d’educació secundària del Prat i en els seus 54 anys d’història, ha preparat nombroses generacions de pratencs i pratenques per accedir a la universitat, als cicles formatius o al món laboral.</p>
<p>Actualment, s’hi imparteixen classes d’ESO (quatre línies) i Batxillerat (tres línies) en les modalitats d’Arts Escèniques, Ciències i Tecnologia i Humanitats i Ciències Socials.</p>
<p>La dotació docent és de 66 professors més 6 persones de PAS.</p>

<p>L’estratègia digital de centre (EDC)<br />
L’estratègia digital de centre (EDC) és un document que defineix i concreta les línies d’actuació del centre que fan possible que docents, alumnat i centre assoleixin la competència digital. Ha de tenir com a referent el Pla d’educació digital de Catalunya&hellip;  <a href="https://agora.xtec.cat/ies-baldiri/estrategia-digital-de-centre/documentacio-estrategia-digital/introduccio/" title="Read Introducció">Llegeix més»</a></p>
